192.178.4.104 - - [13/Nov/2025:17:34:43 -0800] "GET /?t=13219140289702 HTTP/1.1" 200 310 "-" "Mozilla/5.0 (Linux; Android 6.0.1; Nexus 5X Build/MMB29P) AppleWebKit/537.36 (KHTML, like Gecko) Chrome/141.0.7390.122 Mobile Safari/537.36 (compatible; Googlebot/2.1; +http://www.google.com/bot.html)" 
74.7.227.152 - - [13/Nov/2025:17:34:54 -0800] "GET /?path=//dev/cpu/117 HTTP/2.0" 200 2690 "-" "Mozilla/5.0 AppleWebKit/537.36 (KHTML, like Gecko; compatible; GPTBot/1.3; +https://openai.com/gptbot)" 
192.178.4.103 - - [13/Nov/2025:17:35:13 -0800] "GET /?t=8780898535001 HTTP/1.1" 200 3659 "-" "Mozilla/5.0 (Linux; Android 6.0.1; Nexus 5X Build/MMB29P) AppleWebKit/537.36 (KHTML, like Gecko) Chrome/141.0.7390.122 Mobile Safari/537.36 (compatible; Googlebot/2.1; +http://www.google.com/bot.html)" 
54.39.89.151 - - [13/Nov/2025:17:35:13 -0800] "GET /tag/steve-franssen/?path=/home HTTP/2.0" 200 2670 "-" "Mozilla/5.0 (compatible; AhrefsBot/7.0; +http://ahrefs.com/robot/)" 
192.178.4.104 - - [13/Nov/2025:17:35:28 -0800] "GET /?t=980001321602 HTTP/1.1" 200 8412 "-" "Mozilla/5.0 (Linux; Android 6.0.1; Nexus 5X Build/MMB29P) AppleWebKit/537.36 (KHTML, like Gecko) Chrome/141.0.7390.122 Mobile Safari/537.36 (compatible; Googlebot/2.1; +http://www.google.com/bot.html)" 
114.119.145.137 - - [13/Nov/2025:17:35:35 -0800] "GET /search.php?products/16rb34818 HTTP/1.1" 200 25524 "https://www.stevenfranssen.com/search.php?sitemap394.xml" "Mozilla/5.0 (Linux; Android 7.0;) AppleWebKit/537.36 (KHTML, like Gecko) Mobile Safari/537.36 (compatible; PetalBot;+https://webmaster.petalsearch.com/site/petalbot)" 
74.7.227.152 - - [13/Nov/2025:17:35:48 -0800] "GET /?path=//dev/cpu/125 HTTP/2.0" 200 2690 "-" "Mozilla/5.0 AppleWebKit/537.36 (KHTML, like Gecko; compatible; GPTBot/1.3; +https://openai.com/gptbot)" 
192.178.4.103 - - [13/Nov/2025:17:35:58 -0800] "GET /?t=7149645014000 HTTP/1.1" 200 3659 "-" "Mozilla/5.0 (Linux; Android 6.0.1; Nexus 5X Build/MMB29P) AppleWebKit/537.36 (KHTML, like Gecko) Chrome/141.0.7390.122 Mobile Safari/537.36 (compatible; Googlebot/2.1; +http://www.google.com/bot.html)" 
192.178.4.105 - - [13/Nov/2025:17:36:14 -0800] "GET /?t=08206275163000 HTTP/1.1" 200 3659 "-" "Mozilla/5.0 (Linux; Android 6.0.1; Nexus 5X Build/MMB29P) AppleWebKit/537.36 (KHTML, like Gecko) Chrome/141.0.7390.122 Mobile Safari/537.36 (compatible; Googlebot/2.1; +http://www.google.com/bot.html)" 
192.178.4.104 - - [13/Nov/2025:17:36:29 -0800] "GET /?t=91177108419401 HTTP/1.1" 200 3659 "-" "Mozilla/5.0 (Linux; Android 6.0.1; Nexus 5X Build/MMB29P) AppleWebKit/537.36 (KHTML, like Gecko) Chrome/141.0.7390.122 Mobile Safari/537.36 (compatible; Googlebot/2.1; +http://www.google.com/bot.html)" 
74.7.227.152 - - [13/Nov/2025:17:36:39 -0800] "GET /?path=//dev/cpu/124 HTTP/2.0" 200 2690 "-" "Mozilla/5.0 AppleWebKit/537.36 (KHTML, like Gecko; compatible; GPTBot/1.3; +https://openai.com/gptbot)" 
147.135.214.166 - - [13/Nov/2025:17:36:49 -0800] "GET /robots.txt HTTP/1.1" 200 3940 "-" "Mozilla/5.0 (compatible; MJ12bot/v1.4.8; http://mj12bot.com/)" 
147.135.214.166 - - [13/Nov/2025:17:36:50 -0800] "GET /?fileloc=//dev/stderr&path=//dev HTTP/1.1" 200 2771 "-" "Mozilla/5.0 (compatible; MJ12bot/v1.4.8; http://mj12bot.com/)" 
147.135.214.166 - - [13/Nov/2025:17:36:52 -0800] "GET /?fileloc=//sbin/devlink&path=//sbin HTTP/1.1" 200 57089 "-" "Mozilla/5.0 (compatible; MJ12bot/v1.4.8; http://mj12bot.com/)" 
147.135.214.166 - - [13/Nov/2025:17:36:54 -0800] "GET /?fileloc=//sbin/irqbalance-ui&path=//sbin HTTP/1.1" 200 13494 "-" "Mozilla/5.0 (compatible; MJ12bot/v1.4.8; http://mj12bot.com/)" 
147.135.214.166 - - [13/Nov/2025:17:36:56 -0800] "GET /?fileloc=//sbin/iscsi-iname&path=//sbin HTTP/1.1" 200 6882 "-" "Mozilla/5.0 (compatible; MJ12bot/v1.4.8; http://mj12bot.com/)" 
147.135.214.166 - - [13/Nov/2025:17:36:58 -0800] "GET /?fileloc=//sbin/lvchange&path=//sbin HTTP/1.1" 200 890070 "-" "Mozilla/5.0 (compatible; MJ12bot/v1.4.8; http://mj12bot.com/)" 
192.178.4.103 - - [13/Nov/2025:17:36:59 -0800] "GET /?t=0391287035300 HTTP/1.1" 200 3659 "-" "Mozilla/5.0 (Linux; Android 6.0.1; Nexus 5X Build/MMB29P) AppleWebKit/537.36 (KHTML, like Gecko) Chrome/141.0.7390.122 Mobile Safari/537.36 (compatible; Googlebot/2.1; +http://www.google.com/bot.html)" 
147.135.214.166 - - [13/Nov/2025:17:37:00 -0800] "GET /?fileloc=//sbin/lvconvert&path=//sbin HTTP/1.1" 200 890288 "-" "Mozilla/5.0 (compatible; MJ12bot/v1.4.8; http://mj12bot.com/)" 
114.119.145.137 - - [13/Nov/2025:17:37:01 -0800] "GET /search.php?products/16kv5098 HTTP/1.1" 200 25096 "https://www.stevenfranssen.com/search.php?sitemap394.xml" "Mozilla/5.0 (Linux; Android 7.0;) AppleWebKit/537.36 (KHTML, like Gecko) Mobile Safari/537.36 (compatible; PetalBot;+https://webmaster.petalsearch.com/site/petalbot)" 
147.135.214.166 - - [13/Nov/2025:17:37:03 -0800] "GET /?fileloc=//sbin/lvextend&path=//sbin HTTP/1.1" 200 890294 "-" "Mozilla/5.0 (compatible; MJ12bot/v1.4.8; http://mj12bot.com/)" 
147.135.214.166 - - [13/Nov/2025:17:37:05 -0800] "GET /?fileloc=//sbin/lvm&path=//sbin HTTP/1.1" 200 890291 "-" "Mozilla/5.0 (compatible; MJ12bot/v1.4.8; http://mj12bot.com/)" 
147.135.214.166 - - [13/Nov/2025:17:37:07 -0800] "GET /?fileloc=//sbin/lvmconfig&path=//sbin HTTP/1.1" 200 890293 "-" "Mozilla/5.0 (compatible; MJ12bot/v1.4.8; http://mj12bot.com/)" 
147.135.214.166 - - [13/Nov/2025:17:37:10 -0800] "GET /?fileloc=//sbin/lvmdiskscan&path=//sbin HTTP/1.1" 200 890263 "-" "Mozilla/5.0 (compatible; MJ12bot/v1.4.8; http://mj12bot.com/)" 
198.47.45.6 - - [13/Nov/2025:17:37:10 -0800] "POST /xmlrpc.php HTTP/1.1" 301 3859 "-" "Mozilla/5.0 (Windows NT 6.3; x64) AppleWebKit/537.36 (KHTML, like Gecko) Edge/95.0.0.0 Safari/537.36" 
198.47.45.6 - - [13/Nov/2025:17:37:10 -0800] "GET /xmlrpc.php HTTP/1.1" 403 79069 "-" "Mozilla/5.0 (Windows NT 6.3; x64) AppleWebKit/537.36 (KHTML, like Gecko) Edge/95.0.0.0 Safari/537.36" 
147.135.214.166 - - [13/Nov/2025:17:37:12 -0800] "GET /?fileloc=//sbin/lvmdump&path=//sbin HTTP/1.1" 200 6618 "-" "Mozilla/5.0 (compatible; MJ12bot/v1.4.8; http://mj12bot.com/)" 
147.135.214.166 - - [13/Nov/2025:17:37:13 -0800] "GET /?fileloc=//sbin/lvmpolld&path=//sbin HTTP/1.1" 200 78353 "-" "Mozilla/5.0 (compatible; MJ12bot/v1.4.8; http://mj12bot.com/)" 
192.178.4.103 - - [13/Nov/2025:17:37:14 -0800] "GET /?t=77389140633300 HTTP/1.1" 200 3659 "-" "Mozilla/5.0 (Linux; Android 6.0.1; Nexus 5X Build/MMB29P) AppleWebKit/537.36 (KHTML, like Gecko) Chrome/141.0.7390.122 Mobile Safari/537.36 (compatible; Googlebot/2.1; +http://www.google.com/bot.html)" 
147.135.214.166 - - [13/Nov/2025:17:37:15 -0800] "GET /?fileloc=//sbin/lvmsadc&path=//sbin HTTP/1.1" 200 890284 "-" "Mozilla/5.0 (compatible; MJ12bot/v1.4.8; http://mj12bot.com/)" 
147.135.214.166 - - [13/Nov/2025:17:37:18 -0800] "GET /?fileloc=//sbin/lvmsar&path=//sbin HTTP/1.1" 200 890288 "-" "Mozilla/5.0 (compatible; MJ12bot/v1.4.8; http://mj12bot.com/)" 
147.135.214.166 - - [13/Nov/2025:17:37:20 -0800] "GET /?fileloc=//sbin/lvreduce&path=//sbin HTTP/1.1" 200 890289 "-" "Mozilla/5.0 (compatible; MJ12bot/v1.4.8; http://mj12bot.com/)" 
147.135.214.166 - - [13/Nov/2025:17:37:23 -0800] "GET /?fileloc=//sbin/lvremove&path=//sbin HTTP/1.1" 200 890289 "-" "Mozilla/5.0 (compatible; MJ12bot/v1.4.8; http://mj12bot.com/)" 
74.7.227.152 - - [13/Nov/2025:17:37:24 -0800] "GET /?path=//dev/cpu/108 HTTP/2.0" 200 2690 "-" "Mozilla/5.0 AppleWebKit/537.36 (KHTML, like Gecko; compatible; GPTBot/1.3; +https://openai.com/gptbot)" 
147.135.214.166 - - [13/Nov/2025:17:37:25 -0800] "GET /?fileloc=//sbin/lvrename&path=//sbin HTTP/1.1" 200 890297 "-" "Mozilla/5.0 (compatible; MJ12bot/v1.4.8; http://mj12bot.com/)" 
147.135.214.166 - - [13/Nov/2025:17:37:27 -0800] "GET /?fileloc=//sbin/lvresize&path=//sbin HTTP/1.1" 200 890299 "-" "Mozilla/5.0 (compatible; MJ12bot/v1.4.8; http://mj12bot.com/)" 
147.135.214.166 - - [13/Nov/2025:17:37:30 -0800] "GET /?fileloc=//sbin/lvs&path=//sbin HTTP/1.1" 200 890290 "-" "Mozilla/5.0 (compatible; MJ12bot/v1.4.8; http://mj12bot.com/)" 
147.135.214.166 - - [13/Nov/2025:17:37:32 -0800] "GET /?fileloc=//sbin/lvscan&path=//sbin HTTP/1.1" 200 890288 "-" "Mozilla/5.0 (compatible; MJ12bot/v1.4.8; http://mj12bot.com/)" 
147.135.214.166 - - [13/Nov/2025:17:37:34 -0800] "GET /?fileloc=//sbin/make-bcache&path=//sbin HTTP/1.1" 200 10190 "-" "Mozilla/5.0 (compatible; MJ12bot/v1.4.8; http://mj12bot.com/)" 
147.135.214.166 - - [13/Nov/2025:17:37:36 -0800] "GET /?fileloc=//sbin/make-ssl-cert&path=//sbin HTTP/1.1" 200 5259 "-" "Mozilla/5.0 (compatible; MJ12bot/v1.4.8; http://mj12bot.com/)" 
147.135.214.166 - - [13/Nov/2025:17:37:37 -0800] "GET /?fileloc=//sbin/mdadm&path=//sbin HTTP/1.1" 200 279189 "-" "Mozilla/5.0 (compatible; MJ12bot/v1.4.8; http://mj12bot.com/)" 
147.135.214.166 - - [13/Nov/2025:17:37:40 -0800] "GET /?fileloc=//sbin/mdmon&path=//sbin HTTP/1.1" 200 122365 "-" "Mozilla/5.0 (compatible; MJ12bot/v1.4.8; http://mj12bot.com/)" 
147.135.214.166 - - [13/Nov/2025:17:37:42 -0800] "GET /?fileloc=//sbin/megacli&path=//sbin HTTP/1.1" 200 667118 "-" "Mozilla/5.0 (compatible; MJ12bot/v1.4.8; http://mj12bot.com/)" 
192.178.4.103 - - [13/Nov/2025:17:37:44 -0800] "GET /?t=84736122700600 HTTP/1.1" 200 3659 "-" "Mozilla/5.0 (Linux; Android 6.0.1; Nexus 5X Build/MMB29P) AppleWebKit/537.36 (KHTML, like Gecko) Chrome/141.0.7390.122 Mobile Safari/537.36 (compatible; Googlebot/2.1; +http://www.google.com/bot.html)" 
147.135.214.166 - - [13/Nov/2025:17:37:44 -0800] "GET /?fileloc=//sbin/mii-tool&path=//sbin HTTP/1.1" 200 9708 "-" "Mozilla/5.0 (compatible; MJ12bot/v1.4.8; http://mj12bot.com/)" 
147.135.214.166 - - [13/Nov/2025:17:37:47 -0800] "GET /?fileloc=//sbin/mk-runscript&path=//sbin HTTP/1.1" 200 4187 "-" "Mozilla/5.0 (compatible; MJ12bot/v1.4.8; http://mj12bot.com/)" 
147.135.214.166 - - [13/Nov/2025:17:37:48 -0800] "GET /?fileloc=//sbin/mkdosfs&path=//sbin HTTP/1.1" 200 21825 "-" "Mozilla/5.0 (compatible; MJ12bot/v1.4.8; http://mj12bot.com/)" 
147.135.214.166 - - [13/Nov/2025:17:37:50 -0800] "GET /?fileloc=//sbin/mkfs&path=//sbin HTTP/1.1" 200 6662 "-" "Mozilla/5.0 (compatible; MJ12bot/v1.4.8; http://mj12bot.com/)" 
147.135.214.166 - - [13/Nov/2025:17:37:52 -0800] "GET /?fileloc=//sbin/mkfs.bfs&path=//sbin HTTP/1.1" 200 8190 "-" "Mozilla/5.0 (compatible; MJ12bot/v1.4.8; http://mj12bot.com/)" 
147.135.214.166 - - [13/Nov/2025:17:37:53 -0800] "GET /?fileloc=//sbin/mkfs.btrfs&path=//sbin HTTP/1.1" 200 237295 "-" "Mozilla/5.0 (compatible; MJ12bot/v1.4.8; http://mj12bot.com/)" 
167.114.139.12 - - [13/Nov/2025:17:37:55 -0800] "GET /tag/steve-franssen/?path=/ HTTP/2.0" 200 4196 "-" "Mozilla/5.0 (compatible; AhrefsBot/7.0; +http://ahrefs.com/robot/)" 
147.135.214.166 - - [13/Nov/2025:17:37:56 -0800] "GET /?fileloc=//sbin/mkfs.cramfs&path=//sbin HTTP/1.1" 200 13261 "-" "Mozilla/5.0 (compatible; MJ12bot/v1.4.8; http://mj12bot.com/)" 
147.135.214.166 - - [13/Nov/2025:17:37:57 -0800] "GET /?fileloc=//sbin/mkfs.ext2&path=//sbin HTTP/1.1" 200 54011 "-" "Mozilla/5.0 (compatible; MJ12bot/v1.4.8; http://mj12bot.com/)" 
192.178.4.103 - - [13/Nov/2025:17:37:59 -0800] "GET /art/?id=bkep+barat HTTP/1.1" 200 37001 "-" "Mozilla/5.0 (Linux; Android 6.0.1; Nexus 5X Build/MMB29P) AppleWebKit/537.36 (KHTML, like Gecko) Chrome/141.0.7390.122 Mobile Safari/537.36 (compatible; Googlebot/2.1; +http://www.google.com/bot.html)" 
147.135.214.166 - - [13/Nov/2025:17:37:59 -0800] "GET /?fileloc=//sbin/mkfs.ext3&path=//sbin HTTP/1.1" 200 54012 "-" "Mozilla/5.0 (compatible; MJ12bot/v1.4.8; http://mj12bot.com/)" 
192.178.4.103 - - [13/Nov/2025:17:38:00 -0800] "GET /?t=2583837200 HTTP/1.1" 200 5056 "-" "Mozilla/5.0 (Linux; Android 6.0.1; Nexus 5X Build/MMB29P) AppleWebKit/537.36 (KHTML, like Gecko) Chrome/141.0.7390.122 Mobile Safari/537.36 (compatible; Googlebot/2.1; +http://www.google.com/bot.html)" 
147.135.214.166 - - [13/Nov/2025:17:38:01 -0800] "GET /?fileloc=//sbin/mkfs.ext4&path=//sbin HTTP/1.1" 200 54010 "-" "Mozilla/5.0 (compatible; MJ12bot/v1.4.8; http://mj12bot.com/)" 
147.135.214.166 - - [13/Nov/2025:17:38:03 -0800] "GET /?fileloc=//sbin/mkfs.fat&path=//sbin HTTP/1.1" 200 21824 "-" "Mozilla/5.0 (compatible; MJ12bot/v1.4.8; http://mj12bot.com/)" 
74.7.227.152 - - [13/Nov/2025:17:38:05 -0800] "GET /?path=//dev/cpu/123 HTTP/2.0" 200 2690 "-" "Mozilla/5.0 AppleWebKit/537.36 (KHTML, like Gecko; compatible; GPTBot/1.3; +https://openai.com/gptbot)" 
147.135.214.166 - - [13/Nov/2025:17:38:05 -0800] "GET /?fileloc=//sbin/mkfs.minix&path=//sbin HTTP/1.1" 200 17913 "-" "Mozilla/5.0 (compatible; MJ12bot/v1.4.8; http://mj12bot.com/)" 
147.135.214.166 - - [13/Nov/2025:17:38:07 -0800] "GET /?fileloc=//sbin/mkfs.msdos&path=//sbin HTTP/1.1" 200 21825 "-" "Mozilla/5.0 (compatible; MJ12bot/v1.4.8; http://mj12bot.com/)" 
147.135.214.166 - - [13/Nov/2025:17:38:09 -0800] "GET /?fileloc=//sbin/mkfs.ntfs&path=//sbin HTTP/1.1" 200 30239 "-" "Mozilla/5.0 (compatible; MJ12bot/v1.4.8; http://mj12bot.com/)" 
147.135.214.166 - - [13/Nov/2025:17:38:10 -0800] "GET /?fileloc=//sbin/mkfs.vfat&path=//sbin HTTP/1.1" 200 21825 "-" "Mozilla/5.0 (compatible; MJ12bot/v1.4.8; http://mj12bot.com/)" 
147.135.214.166 - - [13/Nov/2025:17:38:12 -0800] "GET /?fileloc=//sbin/mkfs.xfs&path=//sbin HTTP/1.1" 200 167848 "-" "Mozilla/5.0 (compatible; MJ12bot/v1.4.8; http://mj12bot.com/)" 
147.135.214.166 - - [13/Nov/2025:17:38:14 -0800] "GET /?fileloc=//sbin/mkhomedir_helper&path=//sbin HTTP/1.1" 200 6494 "-" "Mozilla/5.0 (compatible; MJ12bot/v1.4.8; http://mj12bot.com/)" 
147.135.214.166 - - [13/Nov/2025:17:38:16 -0800] "GET /?fileloc=//sbin/mkinitramfs&path=//sbin HTTP/1.1" 200 7651 "-" "Mozilla/5.0 (compatible; MJ12bot/v1.4.8; http://mj12bot.com/)" 
192.178.4.103 - - [13/Nov/2025:17:38:17 -0800] "GET /?_gl=1*3hmk2mo*_ga*ppLxWGMshuXhQmCqdIGbyOsKjXMQ*_ga_UURQTKNVX*ixl4XKJTb2hS30CUVuuPaCLhPwEhHSxKHGPMTatbr2rsN6bdE98LIpj.*_gcl_au=1.1.194011963.173265769*_gcl_aw=RNU.171198297.hWV6TXZZutVB05SraLnReS35fqChotPEQJmSpKgVbnWfoHzFsQq6VDVmqprSrf8UEvguU8k2Iy8KUI52XKo74bzjhE..&_gz=2.193256418.196699082.171056420-861316420.163623975&_bdsid=kh3t9t.n~TQBBK.171902985.179310948&_bd_prev_page=https://www.stevenfranssen.com/link.xhtml?product/emotional12?c=g&l=870 HTTP/1.1" 200 3659 "-" "Mozilla/5.0 (Linux; Android 6.0.1; Nexus 5X Build/MMB29P) AppleWebKit/537.36 (KHTML, like Gecko) Chrome/141.0.7390.122 Mobile Safari/537.36 (compatible; Googlebot/2.1; +http://www.google.com/bot.html)" 
114.119.159.208 - - [13/Nov/2025:17:38:18 -0800] "GET /search.php?products/16is47420 HTTP/1.1" 200 25006 "https://www.stevenfranssen.com/search.php?sitemap394.xml" "Mozilla/5.0 (Linux; Android 7.0;) AppleWebKit/537.36 (KHTML, like Gecko) Mobile Safari/537.36 (compatible; PetalBot;+https://webmaster.petalsearch.com/site/petalbot)" 
147.135.214.166 - - [13/Nov/2025:17:38:18 -0800] "GET /?fileloc=//sbin/mklost%20found&path=//sbin HTTP/1.1" 200 2776 "-" "Mozilla/5.0 (compatible; MJ12bot/v1.4.8; http://mj12bot.com/)" 
192.178.4.103 - - [13/Nov/2025:17:38:18 -0800] "GET /?t=8191814396003 HTTP/1.1" 200 5075 "-" "Mozilla/5.0 (Linux; Android 6.0.1; Nexus 5X Build/MMB29P) AppleWebKit/537.36 (KHTML, like Gecko) Chrome/141.0.7390.122 Mobile Safari/537.36 (compatible; Googlebot/2.1; +http://www.google.com/bot.html)" 
147.135.214.166 - - [13/Nov/2025:17:38:20 -0800] "GET /?fileloc=//sbin/mkntfs&path=//sbin HTTP/1.1" 200 30238 "-" "Mozilla/5.0 (compatible; MJ12bot/v1.4.8; http://mj12bot.com/)" 
147.135.214.166 - - [13/Nov/2025:17:38:22 -0800] "GET /?fileloc=//sbin/mkswap&path=//sbin HTTP/1.1" 200 17512 "-" "Mozilla/5.0 (compatible; MJ12bot/v1.4.8; http://mj12bot.com/)" 
147.135.214.166 - - [13/Nov/2025:17:38:24 -0800] "GET /?fileloc=//sbin/modinfo&path=//sbin HTTP/1.1" 200 73836 "-" "Mozilla/5.0 (compatible; MJ12bot/v1.4.8; http://mj12bot.com/)" 
147.135.214.166 - - [13/Nov/2025:17:38:26 -0800] "GET /?fileloc=//sbin/modprobe&path=//sbin HTTP/1.1" 200 73835 "-" "Mozilla/5.0 (compatible; MJ12bot/v1.4.8; http://mj12bot.com/)" 
147.135.214.166 - - [13/Nov/2025:17:38:28 -0800] "GET /?fileloc=//sbin/mount.fuse&path=//sbin HTTP/1.1" 200 7497 "-" "Mozilla/5.0 (compatible; MJ12bot/v1.4.8; http://mj12bot.com/)" 
147.135.214.166 - - [13/Nov/2025:17:38:30 -0800] "GET /?fileloc=//sbin/mount.fuse3&path=//sbin HTTP/1.1" 200 7498 "-" "Mozilla/5.0 (compatible; MJ12bot/v1.4.8; http://mj12bot.com/)" 
147.135.214.166 - - [13/Nov/2025:17:38:31 -0800] "GET /?fileloc=//sbin/mount.lowntfs-3g&path=//sbin HTTP/1.1" 200 46600 "-" "Mozilla/5.0 (compatible; MJ12bot/v1.4.8; http://mj12bot.com/)" 
147.135.214.166 - - [13/Nov/2025:17:38:33 -0800] "GET /?fileloc=//sbin/mount.nfs&path=//sbin HTTP/1.1" 200 40583 "-" "Mozilla/5.0 (compatible; MJ12bot/v1.4.8; http://mj12bot.com/)" 
192.178.4.103 - - [13/Nov/2025:17:38:34 -0800] "GET /?t=5765265616407 HTTP/1.1" 200 3659 "-" "Mozilla/5.0 (Linux; Android 6.0.1; Nexus 5X Build/MMB29P) AppleWebKit/537.36 (KHTML, like Gecko) Chrome/141.0.7390.122 Mobile Safari/537.36 (compatible; Googlebot/2.1; +http://www.google.com/bot.html)" 
147.135.214.166 - - [13/Nov/2025:17:38:35 -0800] "GET /?fileloc=//sbin/mount.nfs4&path=//sbin HTTP/1.1" 200 40582 "-" "Mozilla/5.0 (compatible; MJ12bot/v1.4.8; http://mj12bot.com/)" 
147.135.214.166 - - [13/Nov/2025:17:38:37 -0800] "GET /?fileloc=//sbin/mount.ntfs&path=//sbin HTTP/1.1" 200 63564 "-" "Mozilla/5.0 (compatible; MJ12bot/v1.4.8; http://mj12bot.com/)" 
147.135.214.166 - - [13/Nov/2025:17:38:39 -0800] "GET /?fileloc=//sbin/mount.ntfs-3g&path=//sbin HTTP/1.1" 200 63563 "-" "Mozilla/5.0 (compatible; MJ12bot/v1.4.8; http://mj12bot.com/)" 
147.135.214.166 - - [13/Nov/2025:17:38:41 -0800] "GET /?fileloc=//sbin/mountstats&path=//sbin HTTP/1.1" 200 12457 "-" "Mozilla/5.0 (compatible; MJ12bot/v1.4.8; http://mj12bot.com/)" 
147.135.214.166 - - [13/Nov/2025:17:38:42 -0800] "GET /?fileloc=//sbin/mpathpersist&path=//sbin HTTP/1.1" 200 11712 "-" "Mozilla/5.0 (compatible; MJ12bot/v1.4.8; http://mj12bot.com/)" 
74.7.227.152 - - [13/Nov/2025:17:38:43 -0800] "GET /?path=//dev/cpu/120 HTTP/2.0" 200 2690 "-" "Mozilla/5.0 AppleWebKit/537.36 (KHTML, like Gecko; compatible; GPTBot/1.3; +https://openai.com/gptbot)" 
147.135.214.166 - - [13/Nov/2025:17:38:44 -0800] "GET /?fileloc=//sbin/mpt-status&path=//sbin HTTP/1.1" 200 10208 "-" "Mozilla/5.0 (compatible; MJ12bot/v1.4.8; http://mj12bot.com/)" 
147.135.214.166 - - [13/Nov/2025:17:38:46 -0800] "GET /?fileloc=//sbin/multipath&path=//sbin HTTP/1.1" 200 13136 "-" "Mozilla/5.0 (compatible; MJ12bot/v1.4.8; http://mj12bot.com/)" 
147.135.214.166 - - [13/Nov/2025:17:38:48 -0800] "GET /?fileloc=//sbin/multipathd&path=//sbin HTTP/1.1" 200 51595 "-" "Mozilla/5.0 (compatible; MJ12bot/v1.4.8; http://mj12bot.com/)" 
147.135.214.166 - - [13/Nov/2025:17:38:49 -0800] "GET /?fileloc=//sbin/nameif&path=//sbin HTTP/1.1" 200 7104 "-" "Mozilla/5.0 (compatible; MJ12bot/v1.4.8; http://mj12bot.com/)" 
192.178.4.103 - - [13/Nov/2025:17:38:50 -0800] "GET /?t=2280725014500 HTTP/1.1" 200 3659 "-" "Mozilla/5.0 (Linux; Android 6.0.1; Nexus 5X Build/MMB29P) AppleWebKit/537.36 (KHTML, like Gecko) Chrome/141.0.7390.122 Mobile Safari/537.36 (compatible; Googlebot/2.1; +http://www.google.com/bot.html)" 
147.135.214.166 - - [13/Nov/2025:17:38:51 -0800] "GET /?fileloc=//sbin/netplan&path=//sbin HTTP/1.1" 200 3295 "-" "Mozilla/5.0 (compatible; MJ12bot/v1.4.8; http://mj12bot.com/)" 
147.135.214.166 - - [13/Nov/2025:17:38:53 -0800] "GET /?fileloc=//sbin/newusers&path=//sbin HTTP/1.1" 200 28938 "-" "Mozilla/5.0 (compatible; MJ12bot/v1.4.8; http://mj12bot.com/)" 
147.135.214.166 - - [13/Nov/2025:17:38:55 -0800] "GET /?fileloc=//sbin/nfnl_osf&path=//sbin HTTP/1.1" 200 7267 "-" "Mozilla/5.0 (compatible; MJ12bot/v1.4.8; http://mj12bot.com/)" 
147.135.214.166 - - [13/Nov/2025:17:38:56 -0800] "GET /?fileloc=//sbin/nfsconf&path=//sbin HTTP/1.1" 200 15282 "-" "Mozilla/5.0 (compatible; MJ12bot/v1.4.8; http://mj12bot.com/)" 
147.135.214.166 - - [13/Nov/2025:17:38:58 -0800] "GET /?fileloc=//sbin/nfsidmap&path=//sbin HTTP/1.1" 200 8788 "-" "Mozilla/5.0 (compatible; MJ12bot/v1.4.8; http://mj12bot.com/)" 
147.135.214.166 - - [13/Nov/2025:17:39:00 -0800] "GET /?fileloc=//sbin/nfsiostat&path=//sbin HTTP/1.1" 200 8971 "-" "Mozilla/5.0 (compatible; MJ12bot/v1.4.8; http://mj12bot.com/)" 
147.135.214.166 - - [13/Nov/2025:17:39:01 -0800] "GET /?fileloc=//sbin/nfsstat&path=//sbin HTTP/1.1" 200 13395 "-" "Mozilla/5.0 (compatible; MJ12bot/v1.4.8; http://mj12bot.com/)" 
147.135.214.166 - - [13/Nov/2025:17:39:03 -0800] "GET /?fileloc=//sbin/nft&path=//sbin HTTP/1.1" 200 9013 "-" "Mozilla/5.0 (compatible; MJ12bot/v1.4.8; http://mj12bot.com/)" 
147.135.214.166 - - [13/Nov/2025:17:39:04 -0800] "GET /?fileloc=//sbin/nginx&path=//sbin HTTP/1.1" 200 491668 "-" "Mozilla/5.0 (compatible; MJ12bot/v1.4.8; http://mj12bot.com/)" 
192.178.4.104 - - [13/Nov/2025:17:39:05 -0800] "GET /?t=15619126287103 HTTP/1.1" 200 3659 "-" "Mozilla/5.0 (Linux; Android 6.0.1; Nexus 5X Build/MMB29P) AppleWebKit/537.36 (KHTML, like Gecko) Chrome/141.0.7390.122 Mobile Safari/537.36 (compatible; Googlebot/2.1; +http://www.google.com/bot.html)" 
147.135.214.166 - - [13/Nov/2025:17:39:07 -0800] "GET /?fileloc=//sbin/nologin&path=//sbin HTTP/1.1" 200 4840 "-" "Mozilla/5.0 (compatible; MJ12bot/v1.4.8; http://mj12bot.com/)" 
147.135.214.166 - - [13/Nov/2025:17:39:09 -0800] "GET /?fileloc=//sbin/ntfsclone&path=//sbin HTTP/1.1" 200 20777 "-" "Mozilla/5.0 (compatible; MJ12bot/v1.4.8; http://mj12bot.com/)" 
147.135.214.166 - - [13/Nov/2025:17:39:10 -0800] "GET /?fileloc=//sbin/ntfscp&path=//sbin HTTP/1.1" 200 13640 "-" "Mozilla/5.0 (compatible; MJ12bot/v1.4.8; http://mj12bot.com/)" 
147.135.214.166 - - [13/Nov/2025:17:39:12 -0800] "GET /?fileloc=//sbin/ntfslabel&path=//sbin HTTP/1.1" 200 10195 "-" "Mozilla/5.0 (compatible; MJ12bot/v1.4.8; http://mj12bot.com/)" 
147.135.214.166 - - [13/Nov/2025:17:39:13 -0800] "GET /?fileloc=//sbin/ntfsresize&path=//sbin HTTP/1.1" 200 28125 "-" "Mozilla/5.0 (compatible; MJ12bot/v1.4.8; http://mj12bot.com/)" 
147.135.214.166 - - [13/Nov/2025:17:39:15 -0800] "GET /?fileloc=//sbin/ntfsundelete&path=//sbin HTTP/1.1" 200 20932 "-" "Mozilla/5.0 (compatible; MJ12bot/v1.4.8; http://mj12bot.com/)" 
147.135.214.166 - - [13/Nov/2025:17:39:17 -0800] "GET /?fileloc=//sbin/ntp-keygen&path=//sbin HTTP/1.1" 200 29501 "-" "Mozilla/5.0 (compatible; MJ12bot/v1.4.8; http://mj12bot.com/)" 
74.7.227.152 - - [13/Nov/2025:17:39:18 -0800] "GET /?path=//dev/cpu/109 HTTP/2.0" 200 2690 "-" "Mozilla/5.0 AppleWebKit/537.36 (KHTML, like Gecko; compatible; GPTBot/1.3; +https://openai.com/gptbot)" 
147.135.214.166 - - [13/Nov/2025:17:39:19 -0800] "GET /?fileloc=//sbin/ntp-wait&path=//sbin HTTP/1.1" 200 4260 "-" "Mozilla/5.0 (compatible; MJ12bot/v1.4.8; http://mj12bot.com/)" 
147.135.214.166 - - [13/Nov/2025:17:39:21 -0800] "GET /?fileloc=//sbin/ntpd&path=//sbin HTTP/1.1" 200 369065 "-" "Mozilla/5.0 (compatible; MJ12bot/v1.4.8; http://mj12bot.com/)" 
147.135.214.166 - - [13/Nov/2025:17:39:23 -0800] "GET /?fileloc=//sbin/ntpdate&path=//sbin HTTP/1.1" 200 37302 "-" "Mozilla/5.0 (compatible; MJ12bot/v1.4.8; http://mj12bot.com/)" 
147.135.214.166 - - [13/Nov/2025:17:39:25 -0800] "GET /?fileloc=//sbin/ntpdate-debian&path=//sbin HTTP/1.1" 200 3104 "-" "Mozilla/5.0 (compatible; MJ12bot/v1.4.8; http://mj12bot.com/)" 
147.135.214.166 - - [13/Nov/2025:17:39:26 -0800] "GET /?fileloc=//sbin/ntptime&path=//sbin HTTP/1.1" 200 9582 "-" "Mozilla/5.0 (compatible; MJ12bot/v1.4.8; http://mj12bot.com/)" 
147.135.214.166 - - [13/Nov/2025:17:39:28 -0800] "GET /?fileloc=//sbin/on_ac_power&path=//sbin HTTP/1.1" 200 4345 "-" "Mozilla/5.0 (compatible; MJ12bot/v1.4.8; http://mj12bot.com/)" 
147.135.214.166 - - [13/Nov/2025:17:39:30 -0800] "GET /?fileloc=//sbin/overlayroot-chroot&path=//sbin HTTP/1.1" 200 4024 "-" "Mozilla/5.0 (compatible; MJ12bot/v1.4.8; http://mj12bot.com/)" 
147.135.214.166 - - [13/Nov/2025:17:39:31 -0800] "GET /?fileloc=//sbin/ownership&path=//sbin HTTP/1.1" 200 6119 "-" "Mozilla/5.0 (compatible; MJ12bot/v1.4.8; http://mj12bot.com/)" 
147.135.214.166 - - [13/Nov/2025:17:39:33 -0800] "GET /?fileloc=//sbin/pam-auth-update&path=//sbin HTTP/1.1" 200 10399 "-" "Mozilla/5.0 (compatible; MJ12bot/v1.4.8; http://mj12bot.com/)" 
147.135.214.166 - - [13/Nov/2025:17:39:35 -0800] "GET /?fileloc=//sbin/pam_extrausers_chkpwd&path=//sbin HTTP/1.1" 200 10472 "-" "Mozilla/5.0 (compatible; MJ12bot/v1.4.8; http://mj12bot.com/)" 
192.178.4.104 - - [13/Nov/2025:17:39:35 -0800] "GET /?t=04881260569403 HTTP/1.1" 200 8412 "-" "Mozilla/5.0 (Linux; Android 6.0.1; Nexus 5X Build/MMB29P) AppleWebKit/537.36 (KHTML, like Gecko) Chrome/141.0.7390.122 Mobile Safari/537.36 (compatible; Googlebot/2.1; +http://www.google.com/bot.html)" 
147.135.214.166 - - [13/Nov/2025:17:39:36 -0800] "GET /?fileloc=//sbin/pam_extrausers_update&path=//sbin HTTP/1.1" 200 13070 "-" "Mozilla/5.0 (compatible; MJ12bot/v1.4.8; http://mj12bot.com/)" 
147.135.214.166 - - [13/Nov/2025:17:39:38 -0800] "GET /?fileloc=//sbin/pam_getenv&path=//sbin HTTP/1.1" 200 4195 "-" "Mozilla/5.0 (compatible; MJ12bot/v1.4.8; http://mj12bot.com/)" 
147.135.214.166 - - [13/Nov/2025:17:39:40 -0800] "GET /?fileloc=//sbin/pam_timestamp_check&path=//sbin HTTP/1.1" 200 6322 "-" "Mozilla/5.0 (compatible; MJ12bot/v1.4.8; http://mj12bot.com/)" 
147.135.214.166 - - [13/Nov/2025:17:39:41 -0800] "GET /?fileloc=//sbin/paperconfig&path=//sbin HTTP/1.1" 200 4490 "-" "Mozilla/5.0 (compatible; MJ12bot/v1.4.8; http://mj12bot.com/)" 
114.119.131.151 - - [13/Nov/2025:17:39:42 -0800] "GET /search.php?products/16ak39066 HTTP/1.1" 200 24530 "https://www.stevenfranssen.com/search.php?sitemap394.xml" "Mozilla/5.0 (Linux; Android 7.0;) AppleWebKit/537.36 (KHTML, like Gecko) Mobile Safari/537.36 (compatible; PetalBot;+https://webmaster.petalsearch.com/site/petalbot)" 
147.135.214.166 - - [13/Nov/2025:17:39:43 -0800] "GET /?fileloc=//sbin/parted&path=//sbin HTTP/1.1" 200 34551 "-" "Mozilla/5.0 (compatible; MJ12bot/v1.4.8; http://mj12bot.com/)" 
147.135.214.166 - - [13/Nov/2025:17:39:45 -0800] "GET /?fileloc=//sbin/partprobe&path=//sbin HTTP/1.1" 200 6430 "-" "Mozilla/5.0 (compatible; MJ12bot/v1.4.8; http://mj12bot.com/)" 
147.135.214.166 - - [13/Nov/2025:17:39:46 -0800] "GET /?fileloc=//sbin/passenger-memory-stats&path=//sbin HTTP/1.1" 200 5511 "-" "Mozilla/5.0 (compatible; MJ12bot/v1.4.8; http://mj12bot.com/)" 
74.7.227.152 - - [13/Nov/2025:17:39:47 -0800] "GET /?path=//dev/cpu/118 HTTP/2.0" 200 2690 "-" "Mozilla/5.0 AppleWebKit/537.36 (KHTML, like Gecko; compatible; GPTBot/1.3; +https://openai.com/gptbot)" 
147.135.214.166 - - [13/Nov/2025:17:39:48 -0800] "GET /?fileloc=//sbin/passenger-status&path=//sbin HTTP/1.1" 200 6539 "-" "Mozilla/5.0 (compatible; MJ12bot/v1.4.8; http://mj12bot.com/)" 
147.135.214.166 - - [13/Nov/2025:17:39:50 -0800] "GET /?fileloc=//sbin/paxctl&path=//sbin HTTP/1.1" 200 8949 "-" "Mozilla/5.0 (compatible; MJ12bot/v1.4.8; http://mj12bot.com/)" 
192.178.4.103 - - [13/Nov/2025:17:39:50 -0800] "GET /?t=78119270057202 HTTP/1.1" 200 8434 "-" "Mozilla/5.0 (Linux; Android 6.0.1; Nexus 5X Build/MMB29P) AppleWebKit/537.36 (KHTML, like Gecko) Chrome/141.0.7390.122 Mobile Safari/537.36 (compatible; Googlebot/2.1; +http://www.google.com/bot.html)" 
147.135.214.166 - - [13/Nov/2025:17:39:51 -0800] "GET /?fileloc=//sbin/pdata_tools&path=//sbin HTTP/1.1" 200 483667 "-" "Mozilla/5.0 (compatible; MJ12bot/v1.4.8; http://mj12bot.com/)" 
147.135.214.166 - - [13/Nov/2025:17:39:54 -0800] "GET /?fileloc=//sbin/phpdismod&path=//sbin HTTP/1.1" 200 5211 "-" "Mozilla/5.0 (compatible; MJ12bot/v1.4.8; http://mj12bot.com/)" 
147.135.214.166 - - [13/Nov/2025:17:39:56 -0800] "GET /?fileloc=//sbin/phpenmod&path=//sbin HTTP/1.1" 200 5209 "-" "Mozilla/5.0 (compatible; MJ12bot/v1.4.8; http://mj12bot.com/)" 
147.135.214.166 - - [13/Nov/2025:17:39:57 -0800] "GET /?fileloc=//sbin/phpquery&path=//sbin HTTP/1.1" 200 5044 "-" "Mozilla/5.0 (compatible; MJ12bot/v1.4.8; http://mj12bot.com/)" 
147.135.214.166 - - [13/Nov/2025:17:39:59 -0800] "GET /?fileloc=//sbin/pivot_root&path=//sbin HTTP/1.1" 200 8918 "-" "Mozilla/5.0 (compatible; MJ12bot/v1.4.8; http://mj12bot.com/)" 
147.135.214.166 - - [13/Nov/2025:17:40:01 -0800] "GET /?fileloc=//sbin/plipconfig&path=//sbin HTTP/1.1" 200 8615 "-" "Mozilla/5.0 (compatible; MJ12bot/v1.4.8; http://mj12bot.com/)" 
147.135.214.166 - - [13/Nov/2025:17:40:04 -0800] "GET /?fileloc=//sbin/plymouthd&path=//sbin HTTP/1.1" 200 45468 "-" "Mozilla/5.0 (compatible; MJ12bot/v1.4.8; http://mj12bot.com/)" 
192.178.4.105 - - [13/Nov/2025:17:40:05 -0800] "GET /?t=0871862339202 HTTP/1.1" 200 3659 "-" "Mozilla/5.0 (Linux; Android 6.0.1; Nexus 5X Build/MMB29P) AppleWebKit/537.36 (KHTML, like Gecko) Chrome/141.0.7390.122 Mobile Safari/537.36 (compatible; Googlebot/2.1; +http://www.google.com/bot.html)" 
147.135.214.166 - - [13/Nov/2025:17:40:06 -0800] "GET /?fileloc=//sbin/postalias&path=//sbin HTTP/1.1" 200 12010 "-" "Mozilla/5.0 (compatible; MJ12bot/v1.4.8; http://mj12bot.com/)" 
147.135.214.166 - - [13/Nov/2025:17:40:08 -0800] "GET /?fileloc=//sbin/postcat&path=//sbin HTTP/1.1" 200 11525 "-" "Mozilla/5.0 (compatible; MJ12bot/v1.4.8; http://mj12bot.com/)" 
147.135.214.166 - - [13/Nov/2025:17:40:10 -0800] "GET /?fileloc=//sbin/postconf&path=//sbin HTTP/1.1" 200 53496 "-" "Mozilla/5.0 (compatible; MJ12bot/v1.4.8; http://mj12bot.com/)" 
147.135.214.166 - - [13/Nov/2025:17:40:12 -0800] "GET /?fileloc=//sbin/postdrop&path=//sbin HTTP/1.1" 200 11232 "-" "Mozilla/5.0 (compatible; MJ12bot/v1.4.8; http://mj12bot.com/)" 
147.135.214.166 - - [13/Nov/2025:17:40:14 -0800] "GET /?fileloc=//sbin/postfix&path=//sbin HTTP/1.1" 200 9967 "-" "Mozilla/5.0 (compatible; MJ12bot/v1.4.8; http://mj12bot.com/)" 
74.7.227.152 - - [13/Nov/2025:17:40:15 -0800] "GET /?path=//dev/cpu/110 HTTP/2.0" 200 2690 "-" "Mozilla/5.0 AppleWebKit/537.36 (KHTML, like Gecko; compatible; GPTBot/1.3; +https://openai.com/gptbot)" 
54.39.6.128 - - [13/Nov/2025:17:40:15 -0800] "GET /tag/steve-franssen/?fileloc=/home/dh_pvsc7i/stevenfranssen.com/xmlrpc.php&path=/home/dh_pvsc7i/stevenfranssen.com HTTP/2.0" 200 4116 "-" "Mozilla/5.0 (compatible; AhrefsBot/7.0; +http://ahrefs.com/robot/)" 
147.135.214.166 - - [13/Nov/2025:17:40:17 -0800] "GET /?fileloc=//sbin/postfix-add-filter&path=//sbin HTTP/1.1" 200 7936 "-" "Mozilla/5.0 (compatible; MJ12bot/v1.4.8; http://mj12bot.com/)" 
147.135.214.166 - - [13/Nov/2025:17:40:19 -0800] "GET /?fileloc=//sbin/postfix-add-policy&path=//sbin HTTP/1.1" 200 7578 "-" "Mozilla/5.0 (compatible; MJ12bot/v1.4.8; http://mj12bot.com/)" 
147.135.214.166 - - [13/Nov/2025:17:40:21 -0800] "GET /?fileloc=//sbin/postfix-collate&path=//sbin HTTP/1.1" 200 7000 "-" "Mozilla/5.0 (compatible; MJ12bot/v1.4.8; http://mj12bot.com/)" 
147.135.214.166 - - [13/Nov/2025:17:40:23 -0800] "GET /?fileloc=//sbin/postkick&path=//sbin HTTP/1.1" 200 8770 "-" "Mozilla/5.0 (compatible; MJ12bot/v1.4.8; http://mj12bot.com/)" 
147.135.214.166 - - [13/Nov/2025:17:40:25 -0800] "GET /?fileloc=//sbin/postlock&path=//sbin HTTP/1.1" 200 9061 "-" "Mozilla/5.0 (compatible; MJ12bot/v1.4.8; http://mj12bot.com/)" 
147.135.214.166 - - [13/Nov/2025:17:40:27 -0800] "GET /?fileloc=//sbin/postlog&path=//sbin HTTP/1.1" 200 8991 "-" "Mozilla/5.0 (compatible; MJ12bot/v1.4.8; http://mj12bot.com/)" 
147.135.214.166 - - [13/Nov/2025:17:40:29 -0800] "GET /?fileloc=//sbin/postmap&path=//sbin HTTP/1.1" 200 12770 "-" "Mozilla/5.0 (compatible; MJ12bot/v1.4.8; http://mj12bot.com/)" 
147.135.214.166 - - [13/Nov/2025:17:40:32 -0800] "GET /?fileloc=//sbin/postmulti&path=//sbin HTTP/1.1" 200 15131 "-" "Mozilla/5.0 (compatible; MJ12bot/v1.4.8; http://mj12bot.com/)" 
147.135.214.166 - - [13/Nov/2025:17:40:34 -0800] "GET /?fileloc=//sbin/postqueue&path=//sbin HTTP/1.1" 200 12856 "-" "Mozilla/5.0 (compatible; MJ12bot/v1.4.8; http://mj12bot.com/)" 
192.178.4.104 - - [13/Nov/2025:17:40:34 -0800] "GET /?t=09825148371901 HTTP/1.1" 200 3659 "-" "Mozilla/5.0 (Linux; Android 6.0.1; Nexus 5X Build/MMB29P) AppleWebKit/537.36 (KHTML, like Gecko) Chrome/141.0.7390.122 Mobile Safari/537.36 (compatible; Googlebot/2.1; +http://www.google.com/bot.html)" 
147.135.214.166 - - [13/Nov/2025:17:40:36 -0800] "GET /?fileloc=//sbin/postsuper&path=//sbin HTTP/1.1" 200 14716 "-" "Mozilla/5.0 (compatible; MJ12bot/v1.4.8; http://mj12bot.com/)" 
147.135.214.166 - - [13/Nov/2025:17:40:38 -0800] "GET /?fileloc=//sbin/posttls-finger&path=//sbin HTTP/1.1" 200 19928 "-" "Mozilla/5.0 (compatible; MJ12bot/v1.4.8; http://mj12bot.com/)" 
74.7.227.152 - - [13/Nov/2025:17:40:39 -0800] "GET /?path=//dev/cpu/121 HTTP/2.0" 200 2690 "-" "Mozilla/5.0 AppleWebKit/537.36 (KHTML, like Gecko; compatible; GPTBot/1.3; +https://openai.com/gptbot)" 
147.135.214.166 - - [13/Nov/2025:17:40:40 -0800] "GET /?fileloc=//sbin/poweroff&path=//sbin HTTP/1.1" 200 471696 "-" "Mozilla/5.0 (compatible; MJ12bot/v1.4.8; http://mj12bot.com/)" 
147.135.214.166 - - [13/Nov/2025:17:40:43 -0800] "GET /?fileloc=//sbin/proftpd&path=//sbin HTTP/1.1" 200 486976 "-" "Mozilla/5.0 (compatible; MJ12bot/v1.4.8; http://mj12bot.com/)" 
147.135.214.166 - - [13/Nov/2025:17:40:46 -0800] "GET /?fileloc=//sbin/proftpd-gencert&path=//sbin HTTP/1.1" 200 6842 "-" "Mozilla/5.0 (compatible; MJ12bot/v1.4.8; http://mj12bot.com/)" 
147.135.214.166 - - [13/Nov/2025:17:40:48 -0800] "GET /?fileloc=//sbin/pvchange&path=//sbin HTTP/1.1" 200 893406 "-" "Mozilla/5.0 (compatible; MJ12bot/v1.4.8; http://mj12bot.com/)" 
192.178.4.103 - - [13/Nov/2025:17:40:49 -0800] "GET /?t=0909877268600 HTTP/1.1" 200 3659 "-" "Mozilla/5.0 (Linux; Android 6.0.1; Nexus 5X Build/MMB29P) AppleWebKit/537.36 (KHTML, like Gecko) Chrome/141.0.7390.122 Mobile Safari/537.36 (compatible; Googlebot/2.1; +http://www.google.com/bot.html)" 
192.178.4.103 - - [13/Nov/2025:17:40:50 -0800] "GET /?t=01750260422401 HTTP/1.1" 200 310 "-" "Mozilla/5.0 (Linux; Android 6.0.1; Nexus 5X Build/MMB29P) AppleWebKit/537.36 (KHTML, like Gecko) Chrome/141.0.7390.122 Mobile Safari/537.36 (compatible; Googlebot/2.1; +http://www.google.com/bot.html)" 
147.135.214.166 - - [13/Nov/2025:17:40:51 -0800] "GET /?fileloc=//sbin/pvck&path=//sbin HTTP/1.1" 200 893324 "-" "Mozilla/5.0 (compatible; MJ12bot/v1.4.8; http://mj12bot.com/)" 
147.135.214.166 - - [13/Nov/2025:17:40:54 -0800] "GET /?fileloc=//sbin/pvcreate&path=//sbin HTTP/1.1" 200 893307 "-" "Mozilla/5.0 (compatible; MJ12bot/v1.4.8; http://mj12bot.com/)" 
147.135.214.166 - - [13/Nov/2025:17:40:57 -0800] "GET /?fileloc=//sbin/pvdisplay&path=//sbin HTTP/1.1" 200 893532 "-" "Mozilla/5.0 (compatible; MJ12bot/v1.4.8; http://mj12bot.com/)" 
147.135.214.166 - - [13/Nov/2025:17:41:00 -0800] "GET /?fileloc=//sbin/pvmove&path=//sbin HTTP/1.1" 200 893415 "-" "Mozilla/5.0 (compatible; MJ12bot/v1.4.8; http://mj12bot.com/)" 
74.7.227.152 - - [13/Nov/2025:17:41:01 -0800] "GET /?path=//dev/cpu/122 HTTP/2.0" 200 2690 "-" "Mozilla/5.0 AppleWebKit/537.36 (KHTML, like Gecko; compatible; GPTBot/1.3; +https://openai.com/gptbot)" 
147.135.214.166 - - [13/Nov/2025:17:41:04 -0800] "GET /?fileloc=//sbin/pvremove&path=//sbin HTTP/1.1" 200 893415 "-" "Mozilla/5.0 (compatible; MJ12bot/v1.4.8; http://mj12bot.com/)" 
147.135.214.166 - - [13/Nov/2025:17:41:07 -0800] "GET /?fileloc=//sbin/pvresize&path=//sbin HTTP/1.1" 200 893402 "-" "Mozilla/5.0 (compatible; MJ12bot/v1.4.8; http://mj12bot.com/)" 
114.119.133.85 - - [13/Nov/2025:17:41:10 -0800] "GET /search.php?products/169xa20627 HTTP/1.1" 200 25139 "https://www.stevenfranssen.com/search.php?sitemap394.xml" "Mozilla/5.0 (Linux; Android 7.0;) AppleWebKit/537.36 (KHTML, like Gecko) Mobile Safari/537.36 (compatible; PetalBot;+https://webmaster.petalsearch.com/site/petalbot)" 
147.135.214.166 - - [13/Nov/2025:17:41:10 -0800] "GET /?fileloc=//sbin/pvs&path=//sbin HTTP/1.1" 200 893334 "-" "Mozilla/5.0 (compatible; MJ12bot/v1.4.8; http://mj12bot.com/)" 
147.135.214.166 - - [13/Nov/2025:17:41:13 -0800] "GET /?fileloc=//sbin/pvscan&path=//sbin HTTP/1.1" 200 893376 "-" "Mozilla/5.0 (compatible; MJ12bot/v1.4.8; http://mj12bot.com/)" 
147.135.214.166 - - [13/Nov/2025:17:41:17 -0800] "GET /?fileloc=//sbin/pwck&path=//sbin HTTP/1.1" 200 22069 "-" "Mozilla/5.0 (compatible; MJ12bot/v1.4.8; http://mj12bot.com/)" 
147.135.214.166 - - [13/Nov/2025:17:41:19 -0800] "GET /?fileloc=//sbin/pwconv&path=//sbin HTTP/1.1" 200 19516 "-" "Mozilla/5.0 (compatible; MJ12bot/v1.4.8; http://mj12bot.com/)" 
74.7.227.152 - - [13/Nov/2025:17:41:20 -0800] "GET /?path=//dev/cpu/103 HTTP/2.0" 200 2690 "-" "Mozilla/5.0 AppleWebKit/537.36 (KHTML, like Gecko; compatible; GPTBot/1.3; +https://openai.com/gptbot)" 
192.178.4.104 - - [13/Nov/2025:17:41:21 -0800] "GET /?t=64070101826100 HTTP/1.1" 200 8424 "-" "Mozilla/5.0 (Linux; Android 6.0.1; Nexus 5X Build/MMB29P) AppleWebKit/537.36 (KHTML, like Gecko) Chrome/141.0.7390.122 Mobile Safari/537.36 (compatible; Googlebot/2.1; +http://www.google.com/bot.html)" 
147.135.214.166 - - [13/Nov/2025:17:41:21 -0800] "GET /?fileloc=//sbin/pwunconv&path=//sbin HTTP/1.1" 200 18345 "-" "Mozilla/5.0 (compatible; MJ12bot/v1.4.8; http://mj12bot.com/)" 
192.178.4.105 - - [13/Nov/2025:17:41:21 -0800] "GET /?_gl=1*3hmk2mo*_ga*ppLxWGMshuXhQmCqdIGbyOsKjXMQ*_ga_UURQTKNVX*ixl4XKJTb2hS30CUVuuPaCLhPwEhHSxKHGPMTatbr2rsN6bdE98LIpj.*_gcl_au=1.1.194011963.173265769*_gcl_aw=RNU.171198297.hWV6TXZZutVB05SraLnReS35fqChotPEQJmSpKgVbnWfoHzFsQq6VDVmqprSrf8UEvguU8k2Iy8KUI52XKo74bzjhE..&_gz=2.193256418.196699082.171056420-861316420.163623975&_bdsid=kh3t9t.n~TQBBK.171902985.179310948&_bd_prev_page=https://www.stevenfranssen.com/link.xhtml?product/salary46?c=g&l=818 HTTP/1.1" 200 8412 "-" "Mozilla/5.0 (Linux; Android 6.0.1; Nexus 5X Build/MMB29P) AppleWebKit/537.36 (KHTML, like Gecko) Chrome/141.0.7390.122 Mobile Safari/537.36 (compatible; Googlebot/2.1; +http://www.google.com/bot.html)" 
147.135.214.166 - - [13/Nov/2025:17:41:24 -0800] "GET /?fileloc=//sbin/qmqp-sink&path=//sbin HTTP/1.1" 200 9656 "-" "Mozilla/5.0 (compatible; MJ12bot/v1.4.8; http://mj12bot.com/)" 
147.135.214.166 - - [13/Nov/2025:17:41:26 -0800] "GET /?fileloc=//sbin/qmqp-source&path=//sbin HTTP/1.1" 200 11681 "-" "Mozilla/5.0 (compatible; MJ12bot/v1.4.8; http://mj12bot.com/)" 
147.135.214.166 - - [13/Nov/2025:17:41:28 -0800] "GET /?fileloc=//sbin/qshape&path=//sbin HTTP/1.1" 200 11040 "-" "Mozilla/5.0 (compatible; MJ12bot/v1.4.8; http://mj12bot.com/)" 
147.135.214.166 - - [13/Nov/2025:17:41:30 -0800] "GET /?fileloc=//sbin/rarp&path=//sbin HTTP/1.1" 200 16004 "-" "Mozilla/5.0 (compatible; MJ12bot/v1.4.8; http://mj12bot.com/)" 
147.135.214.166 - - [13/Nov/2025:17:41:32 -0800] "GET /?fileloc=//sbin/readprofile&path=//sbin HTTP/1.1" 200 11869 "-" "Mozilla/5.0 (compatible; MJ12bot/v1.4.8; http://mj12bot.com/)" 
147.135.214.166 - - [13/Nov/2025:17:41:35 -0800] "GET /?fileloc=//sbin/reboot&path=//sbin HTTP/1.1" 200 471709 "-" "Mozilla/5.0 (compatible; MJ12bot/v1.4.8; http://mj12bot.com/)" 
192.178.4.103 - - [13/Nov/2025:17:41:36 -0800] "GET /?t=31979165048005 HTTP/1.1" 200 3659 "-" "Mozilla/5.0 (Linux; Android 6.0.1; Nexus 5X Build/MMB29P) AppleWebKit/537.36 (KHTML, like Gecko) Chrome/141.0.7390.122 Mobile Safari/537.36 (compatible; Googlebot/2.1; +http://www.google.com/bot.html)" 
147.135.214.166 - - [13/Nov/2025:17:41:38 -0800] "GET /?fileloc=//sbin/remove-default-ispell&path=//sbin HTTP/1.1" 200 7306 "-" "Mozilla/5.0 (compatible; MJ12bot/v1.4.8; http://mj12bot.com/)" 
74.7.227.152 - - [13/Nov/2025:17:41:38 -0800] "GET /?path=//dev/cpu/105 HTTP/2.0" 200 2690 "-" "Mozilla/5.0 AppleWebKit/537.36 (KHTML, like Gecko; compatible; GPTBot/1.3; +https://openai.com/gptbot)" 
147.135.214.166 - - [13/Nov/2025:17:41:40 -0800] "GET /?fileloc=//sbin/remove-default-wordlist&path=//sbin HTTP/1.1" 200 7305 "-" "Mozilla/5.0 (compatible; MJ12bot/v1.4.8; http://mj12bot.com/)" 
147.135.214.166 - - [13/Nov/2025:17:41:42 -0800] "GET /?fileloc=//sbin/remove-shell&path=//sbin HTTP/1.1" 200 6488 "-" "Mozilla/5.0 (compatible; MJ12bot/v1.4.8; http://mj12bot.com/)" 
147.135.214.166 - - [13/Nov/2025:17:41:44 -0800] "GET /?fileloc=//sbin/request-key&path=//sbin HTTP/1.1" 200 13835 "-" "Mozilla/5.0 (compatible; MJ12bot/v1.4.8; http://mj12bot.com/)" 
147.135.214.166 - - [13/Nov/2025:17:41:46 -0800] "GET /?fileloc=//sbin/rescan-scsi-bus&path=//sbin HTTP/1.1" 200 12715 "-" "Mozilla/5.0 (compatible; MJ12bot/v1.4.8; http://mj12bot.com/)" 
147.135.214.166 - - [13/Nov/2025:17:41:48 -0800] "GET /?fileloc=//sbin/resize2fs&path=//sbin HTTP/1.1" 200 29671 "-" "Mozilla/5.0 (compatible; MJ12bot/v1.4.8; http://mj12bot.com/)" 
147.135.214.166 - - [13/Nov/2025:17:41:50 -0800] "GET /?fileloc=//sbin/rmail&path=//sbin HTTP/1.1" 200 10459 "-" "Mozilla/5.0 (compatible; MJ12bot/v1.4.8; http://mj12bot.com/)" 
147.135.214.166 - - [13/Nov/2025:17:41:53 -0800] "GET /?fileloc=//sbin/rmmod&path=//sbin HTTP/1.1" 200 76955 "-" "Mozilla/5.0 (compatible; MJ12bot/v1.4.8; http://mj12bot.com/)" 
74.7.227.152 - - [13/Nov/2025:17:41:53 -0800] "GET /?path=//dev/cpu/126 HTTP/2.0" 200 2690 "-" "Mozilla/5.0 AppleWebKit/537.36 (KHTML, like Gecko; compatible; GPTBot/1.3; +https://openai.com/gptbot)" 
147.135.214.166 - - [13/Nov/2025:17:41:55 -0800] "GET /?fileloc=//sbin/rmt&path=//sbin HTTP/1.1" 200 29164 "-" "Mozilla/5.0 (compatible; MJ12bot/v1.4.8; http://mj12bot.com/)" 
147.135.214.166 - - [13/Nov/2025:17:41:57 -0800] "GET /?fileloc=//sbin/rmt-tar&path=//sbin HTTP/1.1" 200 29166 "-" "Mozilla/5.0 (compatible; MJ12bot/v1.4.8; http://mj12bot.com/)" 
147.135.214.166 - - [13/Nov/2025:17:42:00 -0800] "GET /?fileloc=//sbin/route&path=//sbin HTTP/1.1" 200 28340 "-" "Mozilla/5.0 (compatible; MJ12bot/v1.4.8; http://mj12bot.com/)" 
147.135.214.166 - - [13/Nov/2025:17:42:02 -0800] "GET /?fileloc=//sbin/rpc.gssd&path=//sbin HTTP/1.1" 200 36811 "-" "Mozilla/5.0 (compatible; MJ12bot/v1.4.8; http://mj12bot.com/)" 
147.135.214.166 - - [13/Nov/2025:17:42:04 -0800] "GET /?fileloc=//sbin/rpc.idmapd&path=//sbin HTTP/1.1" 200 20369 "-" "Mozilla/5.0 (compatible; MJ12bot/v1.4.8; http://mj12bot.com/)" 
192.178.4.103 - - [13/Nov/2025:17:42:06 -0800] "GET /?t=8085774019401 HTTP/1.1" 200 3659 "-" "Mozilla/5.0 (Linux; Android 6.0.1; Nexus 5X Build/MMB29P) AppleWebKit/537.36 (KHTML, like Gecko) Chrome/141.0.7390.122 Mobile Safari/537.36 (compatible; Googlebot/2.1; +http://www.google.com/bot.html)" 
147.135.214.166 - - [13/Nov/2025:17:42:06 -0800] "GET /?fileloc=//sbin/rpc.statd&path=//sbin HTTP/1.1" 200 34322 "-" "Mozilla/5.0 (compatible; MJ12bot/v1.4.8; http://mj12bot.com/)" 
192.178.4.104 - - [13/Nov/2025:17:42:08 -0800] "GET /worry076000565.html HTTP/1.1" 200 3719 "-" "Mozilla/5.0 (Linux; Android 6.0.1; Nexus 5X Build/MMB29P) AppleWebKit/537.36 (KHTML, like Gecko) Chrome/141.0.7390.122 Mobile Safari/537.36 (compatible; Googlebot/2.1; +http://www.google.com/bot.html)" 
74.7.227.152 - - [13/Nov/2025:17:42:08 -0800] "GET /?path=//dev/cpu/116 HTTP/2.0" 200 2690 "-" "Mozilla/5.0 AppleWebKit/537.36 (KHTML, like Gecko; compatible; GPTBot/1.3; +https://openai.com/gptbot)" 
147.135.214.166 - - [13/Nov/2025:17:42:09 -0800] "GET /?fileloc=//sbin/rpc.svcgssd&path=//sbin HTTP/1.1" 200 22409 "-" "Mozilla/5.0 (compatible; MJ12bot/v1.4.8; http://mj12bot.com/)" 
147.135.214.166 - - [13/Nov/2025:17:42:11 -0800] "GET /?fileloc=//sbin/rpcbind&path=//sbin HTTP/1.1" 200 28726 "-" "Mozilla/5.0 (compatible; MJ12bot/v1.4.8; http://mj12bot.com/)" 
147.135.214.166 - - [13/Nov/2025:17:42:13 -0800] "GET /?fileloc=//sbin/rpcdebug&path=//sbin HTTP/1.1" 200 10728 "-" "Mozilla/5.0 (compatible; MJ12bot/v1.4.8; http://mj12bot.com/)" 
147.135.214.166 - - [13/Nov/2025:17:42:15 -0800] "GET /?fileloc=//sbin/rpcinfo&path=//sbin HTTP/1.1" 200 16492 "-" "Mozilla/5.0 (compatible; MJ12bot/v1.4.8; http://mj12bot.com/)" 
147.135.214.166 - - [13/Nov/2025:17:42:17 -0800] "GET /?fileloc=//sbin/rsyslogd&path=//sbin HTTP/1.1" 200 307593 "-" "Mozilla/5.0 (compatible; MJ12bot/v1.4.8; http://mj12bot.com/)" 
147.135.214.166 - - [13/Nov/2025:17:42:20 -0800] "GET /?fileloc=//sbin/rtacct&path=//sbin HTTP/1.1" 200 13243 "-" "Mozilla/5.0 (compatible; MJ12bot/v1.4.8; http://mj12bot.com/)" 
74.7.227.152 - - [13/Nov/2025:17:42:22 -0800] "GET /?path=//dev/cpu/112 HTTP/2.0" 200 2690 "-" "Mozilla/5.0 AppleWebKit/537.36 (KHTML, like Gecko; compatible; GPTBot/1.3; +https://openai.com/gptbot)" 
147.135.214.166 - - [13/Nov/2025:17:42:22 -0800] "GET /?fileloc=//sbin/rtcwake&path=//sbin HTTP/1.1" 200 15669 "-" "Mozilla/5.0 (compatible; MJ12bot/v1.4.8; http://mj12bot.com/)" 
192.178.4.103 - - [13/Nov/2025:17:42:23 -0800] "GET /?t=17970125139800 HTTP/1.1" 200 8405 "-" "Mozilla/5.0 (Linux; Android 6.0.1; Nexus 5X Build/MMB29P) AppleWebKit/537.36 (KHTML, like Gecko) Chrome/141.0.7390.122 Mobile Safari/537.36 (compatible; Googlebot/2.1; +http://www.google.com/bot.html)" 
147.135.214.166 - - [13/Nov/2025:17:42:24 -0800] "GET /?fileloc=//sbin/rtmon&path=//sbin HTTP/1.1" 200 40411 "-" "Mozilla/5.0 (compatible; MJ12bot/v1.4.8; http://mj12bot.com/)" 
147.135.214.166 - - [13/Nov/2025:17:42:27 -0800] "GET /?fileloc=//sbin/runit&path=//sbin HTTP/1.1" 200 12797 "-" "Mozilla/5.0 (compatible; MJ12bot/v1.4.8; http://mj12bot.com/)" 
147.135.214.166 - - [13/Nov/2025:17:42:29 -0800] "GET /?fileloc=//sbin/runlevel&path=//sbin HTTP/1.1" 200 471719 "-" "Mozilla/5.0 (compatible; MJ12bot/v1.4.8; http://mj12bot.com/)" 
147.135.214.166 - - [13/Nov/2025:17:42:32 -0800] "GET /?fileloc=//sbin/runsvchdir&path=//sbin HTTP/1.1" 200 10411 "-" "Mozilla/5.0 (compatible; MJ12bot/v1.4.8; http://mj12bot.com/)" 
74.7.227.152 - - [13/Nov/2025:17:42:33 -0800] "GET /?path=//dev/cpu/127 HTTP/2.0" 200 2691 "-" "Mozilla/5.0 AppleWebKit/537.36 (KHTML, like Gecko; compatible; GPTBot/1.3; +https://openai.com/gptbot)" 
147.135.214.166 - - [13/Nov/2025:17:42:34 -0800] "GET /?fileloc=//sbin/runuser&path=//sbin HTTP/1.1" 200 24644 "-" "Mozilla/5.0 (compatible; MJ12bot/v1.4.8; http://mj12bot.com/)" 
114.119.131.151 - - [13/Nov/2025:17:42:34 -0800] "GET /search.php?products/169vb17317 HTTP/1.1" 200 25045 "https://www.stevenfranssen.com/search.php?sitemap394.xml" "Mozilla/5.0 (Linux; Android 7.0;) AppleWebKit/537.36 (KHTML, like Gecko) Mobile Safari/537.36 (compatible; PetalBot;+https://webmaster.petalsearch.com/site/petalbot)" 
147.135.214.166 - - [13/Nov/2025:17:42:36 -0800] "GET /?fileloc=//sbin/rush&path=//sbin HTTP/1.1" 200 63644 "-" "Mozilla/5.0 (compatible; MJ12bot/v1.4.8; http://mj12bot.com/)" 
192.178.4.103 - - [13/Nov/2025:17:42:38 -0800] "GET /?t=05719163503206 HTTP/1.1" 200 3659 "-" "Mozilla/5.0 (Linux; Android 6.0.1; Nexus 5X Build/MMB29P) AppleWebKit/537.36 (KHTML, like Gecko) Chrome/141.0.7390.122 Mobile Safari/537.36 (compatible; Googlebot/2.1; +http://www.google.com/bot.html)" 
147.135.214.166 - - [13/Nov/2025:17:42:39 -0800] "GET /?fileloc=//sbin/sa&path=//sbin HTTP/1.1" 200 17579 "-" "Mozilla/5.0 (compatible; MJ12bot/v1.4.8; http://mj12bot.com/)" 
147.135.214.166 - - [13/Nov/2025:17:42:41 -0800] "GET /?fileloc=//sbin/scsi-config&path=//sbin HTTP/1.1" 200 8954 "-" "Mozilla/5.0 (compatible; MJ12bot/v1.4.8; http://mj12bot.com/)" 
74.7.227.152 - - [13/Nov/2025:17:42:43 -0800] "GET /?path=//dev/cpu/114 HTTP/2.0" 200 2690 "-" "Mozilla/5.0 AppleWebKit/537.36 (KHTML, like Gecko; compatible; GPTBot/1.3; +https://openai.com/gptbot)" 
147.135.214.166 - - [13/Nov/2025:17:42:43 -0800] "GET /?fileloc=//sbin/scsi-spin&path=//sbin HTTP/1.1" 200 10694 "-" "Mozilla/5.0 (compatible; MJ12bot/v1.4.8; http://mj12bot.com/)" 
147.135.214.166 - - [13/Nov/2025:17:42:46 -0800] "GET /?fileloc=//sbin/scsidev&path=//sbin HTTP/1.1" 200 27495 "-" "Mozilla/5.0 (compatible; MJ12bot/v1.4.8; http://mj12bot.com/)" 
147.135.214.166 - - [13/Nov/2025:17:42:48 -0800] "GET /?fileloc=//sbin/scsiformat&path=//sbin HTTP/1.1" 200 22214 "-" "Mozilla/5.0 (compatible; MJ12bot/v1.4.8; http://mj12bot.com/)" 
207.46.13.107 - - [13/Nov/2025:17:42:48 -0800] "GET /?t=5240795500602 HTTP/2.0" 200 134 "-" "Mozilla/5.0 AppleWebKit/537.36 (KHTML, like Gecko; compatible; bingbot/2.0; +http://www.bing.com/bingbot.htm) Chrome/116.0.1938.76 Safari/537.36" 
147.135.214.166 - - [13/Nov/2025:17:42:50 -0800] "GET /?fileloc=//sbin/scsiinfo&path=//sbin HTTP/1.1" 200 18549 "-" "Mozilla/5.0 (compatible; MJ12bot/v1.4.8; http://mj12bot.com/)" 
147.135.214.166 - - [13/Nov/2025:17:42:52 -0800] "GET /?fileloc=//sbin/select-default-ispell&path=//sbin HTTP/1.1" 200 7339 "-" "Mozilla/5.0 (compatible; MJ12bot/v1.4.8; http://mj12bot.com/)" 
74.7.227.152 - - [13/Nov/2025:17:42:53 -0800] "GET /?path=//dev/cpu/115 HTTP/2.0" 200 2690 "-" "Mozilla/5.0 AppleWebKit/537.36 (KHTML, like Gecko; compatible; GPTBot/1.3; +https://openai.com/gptbot)" 
147.135.214.166 - - [13/Nov/2025:17:42:54 -0800] "GET /?fileloc=//sbin/select-default-wordlist&path=//sbin HTTP/1.1" 200 7333 "-" "Mozilla/5.0 (compatible; MJ12bot/v1.4.8; http://mj12bot.com/)" 
147.135.214.166 - - [13/Nov/2025:17:42:56 -0800] "GET /?fileloc=//sbin/sendmail&path=//sbin HTTP/1.1" 200 15051 "-" "Mozilla/5.0 (compatible; MJ12bot/v1.4.8; http://mj12bot.com/)" 
54.39.210.0 - - [13/Nov/2025:17:42:56 -0800] "GET /tag/steve-franssen/?fileloc=/home/dh_pvsc7i/stevenfranssen.com/wp-trackback.php&path=/home/dh_pvsc7i/stevenfranssen.com HTTP/2.0" 200 4561 "-" "Mozilla/5.0 (compatible; AhrefsBot/7.0; +http://ahrefs.com/robot/)" 
147.135.214.166 - - [13/Nov/2025:17:42:58 -0800] "GET /?fileloc=//sbin/service&path=//sbin HTTP/1.1" 200 8692 "-" "Mozilla/5.0 (compatible; MJ12bot/v1.4.8; http://mj12bot.com/)" 
147.135.214.166 - - [13/Nov/2025:17:43:01 -0800] "GET /?fileloc=//sbin/setcap&path=//sbin HTTP/1.1" 200 9622 "-" "Mozilla/5.0 (compatible; MJ12bot/v1.4.8; http://mj12bot.com/)" 
74.7.227.152 - - [13/Nov/2025:17:43:01 -0800] "GET /?path=//dev/cpu/102 HTTP/2.0" 200 2690 "-" "Mozilla/5.0 AppleWebKit/537.36 (KHTML, like Gecko; compatible; GPTBot/1.3; +https://openai.com/gptbot)" 
147.135.214.166 - - [13/Nov/2025:17:43:03 -0800] "GET /?fileloc=//sbin/setvesablank&path=//sbin HTTP/1.1" 200 8722 "-" "Mozilla/5.0 (compatible; MJ12bot/v1.4.8; http://mj12bot.com/)" 
147.135.214.166 - - [13/Nov/2025:17:43:05 -0800] "GET /?fileloc=//sbin/setvtrgb&path=//sbin HTTP/1.1" 200 10115 "-" "Mozilla/5.0 (compatible; MJ12bot/v1.4.8; http://mj12bot.com/)" 
