HEX
Server: Apache
System: Linux pdx1-shared-a2-09 6.6.116-grsec-jammy-dirty #1 SMP Sat Nov 8 00:02:42 UTC 2025 x86_64
User: dh_pvsc7i (5084578)
PHP: 8.1.31
Disabled: NONE
Upload Files
File: /home/dh_pvsc7i/logs/stevenfranssen.com/https/access.log
35.237.139.196 - - [13/Nov/2025:01:38:52 -0800] "GET /tag/stefan-molyneux/ HTTP/1.0" 200 18709 "-" "ZoominfoBot (zoominfobot at zoominfo dot com)" 
69.163.187.215 - - [13/Nov/2025:01:38:52 -0800] "POST /wp-cron.php?doing_wp_cron=1763026732.8255970478057861328125 HTTP/1.1" 200 3838 "-" "WordPress/6.8.3; https://www.stevenfranssen.com" 
114.119.145.42 - - [13/Nov/2025:01:39:12 -0800] "GET /search.php?products/295xq38991 HTTP/1.1" 200 25182 "https://www.stevenfranssen.com/search.php?sitemap394.xml" "Mozilla/5.0 (Linux; Android 7.0;) AppleWebKit/537.36 (KHTML, like Gecko) Mobile Safari/537.36 (compatible; PetalBot;+https://webmaster.petalsearch.com/site/petalbot)" 
37.61.116.54 - - [13/Nov/2025:01:39:23 -0800] "GET /tag/peaceful-parenting/page/2/ HTTP/2.0" 200 15110 "-" "Mozilla/5.0 (Windows NT 10.0; Win64; x64) AppleWebKit/537.36 (KHTML, like Gecko) Chrome/129.0.0.0 Safari/537.36" 
192.178.4.104 - - [13/Nov/2025:01:40:15 -0800] "GET /?t=13940233581805 HTTP/1.1" 200 3659 "-" "Mozilla/5.0 (Linux; Android 6.0.1; Nexus 5X Build/MMB29P) AppleWebKit/537.36 (KHTML, like Gecko) Chrome/141.0.7390.122 Mobile Safari/537.36 (compatible; Googlebot/2.1; +http://www.google.com/bot.html)" 
202.46.63.54 - - [13/Nov/2025:01:40:22 -0800] "GET /the-dog-pound/ HTTP/1.1" 429 3594 "-" "Mozilla/5.0 (Windows NT 10.0; Win64; x64) AppleWebKit/537.36 (KHTML, like Gecko) Chrome/133.0.6943.141 Safari/537.36" 
202.46.63.70 - - [13/Nov/2025:01:40:23 -0800] "GET /the-dog-pound/ HTTP/1.1" 200 19715 "-" "Mozilla/5.0 (Windows NT 10.0; WOW64) AppleWebKit/537.36 (KHTML, like Gecko) Chrome/86.0.4240.198 Safari/537.36" 
114.119.145.137 - - [13/Nov/2025:01:40:36 -0800] "GET /search.php?products/295vj34913 HTTP/1.1" 200 24639 "https://www.stevenfranssen.com/search.php?sitemap394.xml" "Mozilla/5.0 (Linux; Android 7.0;) AppleWebKit/537.36 (KHTML, like Gecko) Mobile Safari/537.36 (compatible; PetalBot;+https://webmaster.petalsearch.com/site/petalbot)" 
192.178.4.103 - - [13/Nov/2025:01:41:24 -0800] "GET /?t=9401191599204 HTTP/1.1" 200 3659 "-" "Mozilla/5.0 (Linux; Android 6.0.1; Nexus 5X Build/MMB29P) AppleWebKit/537.36 (KHTML, like Gecko) Chrome/141.0.7390.122 Mobile Safari/537.36 (compatible; Googlebot/2.1; +http://www.google.com/bot.html)" 
192.178.4.103 - - [13/Nov/2025:01:41:25 -0800] "GET /?t=38350283898105 HTTP/1.1" 200 310 "-" "Mozilla/5.0 (Linux; Android 6.0.1; Nexus 5X Build/MMB29P) AppleWebKit/537.36 (KHTML, like Gecko) Chrome/141.0.7390.122 Mobile Safari/537.36 (compatible; Googlebot/2.1; +http://www.google.com/bot.html)" 
185.191.171.5 - - [13/Nov/2025:01:41:52 -0800] "GET /robots.txt HTTP/1.1" 200 3876 "-" "Mozilla/5.0 (compatible; SemrushBot/7~bl; +http://www.semrush.com/bot.html)" 
185.191.171.19 - - [13/Nov/2025:01:41:52 -0800] "GET /7-signs-of-childhood-neglect/ HTTP/1.1" 200 21556 "-" "Mozilla/5.0 (compatible; SemrushBot/7~bl; +http://www.semrush.com/bot.html)" 
192.178.4.104 - - [13/Nov/2025:01:41:53 -0800] "GET /?t=77710156807902 HTTP/1.1" 200 3659 "-" "Mozilla/5.0 (Linux; Android 6.0.1; Nexus 5X Build/MMB29P) AppleWebKit/537.36 (KHTML, like Gecko) Chrome/141.0.7390.122 Mobile Safari/537.36 (compatible; Googlebot/2.1; +http://www.google.com/bot.html)" 
114.119.145.137 - - [13/Nov/2025:01:41:58 -0800] "GET /search.php?products/295qx41079 HTTP/1.1" 200 24657 "https://www.stevenfranssen.com/search.php?sitemap394.xml" "Mozilla/5.0 (Linux; Android 7.0;) AppleWebKit/537.36 (KHTML, like Gecko) Mobile Safari/537.36 (compatible; PetalBot;+https://webmaster.petalsearch.com/site/petalbot)" 
192.178.4.103 - - [13/Nov/2025:01:42:27 -0800] "GET /?t=8043119597201 HTTP/1.1" 200 3659 "-" "Mozilla/5.0 (Linux; Android 6.0.1; Nexus 5X Build/MMB29P) AppleWebKit/537.36 (KHTML, like Gecko) Chrome/141.0.7390.122 Mobile Safari/537.36 (compatible; Googlebot/2.1; +http://www.google.com/bot.html)" 
192.178.4.103 - - [13/Nov/2025:01:42:48 -0800] "GET /?t=6072332986902 HTTP/1.1" 200 3659 "-" "Mozilla/5.0 (Linux; Android 6.0.1; Nexus 5X Build/MMB29P) AppleWebKit/537.36 (KHTML, like Gecko) Chrome/141.0.7390.122 Mobile Safari/537.36 (compatible; Googlebot/2.1; +http://www.google.com/bot.html)" 
192.178.4.105 - - [13/Nov/2025:01:43:09 -0800] "GET /?t=04858145958001 HTTP/1.1" 200 3659 "-" "Mozilla/5.0 (Linux; Android 6.0.1; Nexus 5X Build/MMB29P) AppleWebKit/537.36 (KHTML, like Gecko) Chrome/141.0.7390.122 Mobile Safari/537.36 (compatible; Googlebot/2.1; +http://www.google.com/bot.html)" 
114.119.152.149 - - [13/Nov/2025:01:43:24 -0800] "GET /search.php?products/295ja15679 HTTP/1.1" 200 24775 "https://www.stevenfranssen.com/search.php?sitemap394.xml" "Mozilla/5.0 (Linux; Android 7.0;) AppleWebKit/537.36 (KHTML, like Gecko) Mobile Safari/537.36 (compatible; PetalBot;+https://webmaster.petalsearch.com/site/petalbot)" 
192.178.4.103 - - [13/Nov/2025:01:43:29 -0800] "GET /?t=72708161676900 HTTP/1.1" 200 3659 "-" "Mozilla/5.0 (Linux; Android 6.0.1; Nexus 5X Build/MMB29P) AppleWebKit/537.36 (KHTML, like Gecko) Chrome/141.0.7390.122 Mobile Safari/537.36 (compatible; Googlebot/2.1; +http://www.google.com/bot.html)" 
192.178.4.104 - - [13/Nov/2025:01:44:10 -0800] "GET /?t=9871973947200 HTTP/1.1" 200 3659 "-" "Mozilla/5.0 (Linux; Android 6.0.1; Nexus 5X Build/MMB29P) AppleWebKit/537.36 (KHTML, like Gecko) Chrome/141.0.7390.122 Mobile Safari/537.36 (compatible; Googlebot/2.1; +http://www.google.com/bot.html)" 
192.178.4.105 - - [13/Nov/2025:01:44:11 -0800] "GET /?t=752974397401 HTTP/1.1" 200 3659 "-" "Mozilla/5.0 (Linux; Android 6.0.1; Nexus 5X Build/MMB29P) AppleWebKit/537.36 (KHTML, like Gecko) Chrome/141.0.7390.122 Mobile Safari/537.36 (compatible; Googlebot/2.1; +http://www.google.com/bot.html)" 
192.178.4.104 - - [13/Nov/2025:01:44:12 -0800] "GET /?t=08764279768101 HTTP/1.1" 200 310 "-" "Mozilla/5.0 (Linux; Android 6.0.1; Nexus 5X Build/MMB29P) AppleWebKit/537.36 (KHTML, like Gecko) Chrome/141.0.7390.122 Mobile Safari/537.36 (compatible; Googlebot/2.1; +http://www.google.com/bot.html)" 
192.178.4.104 - - [13/Nov/2025:01:44:13 -0800] "GET /?t=0552964591800 HTTP/1.1" 200 310 "-" "Mozilla/5.0 (Linux; Android 6.0.1; Nexus 5X Build/MMB29P) AppleWebKit/537.36 (KHTML, like Gecko) Chrome/141.0.7390.122 Mobile Safari/537.36 (compatible; Googlebot/2.1; +http://www.google.com/bot.html)" 
45.76.149.92 - - [13/Nov/2025:01:44:28 -0800] "GET /wp-login.php HTTP/2.0" 429 352 "-" "Mozilla/4.0 (compatible; MSIE 7.0; Windows NT 6.1; WOW64; Trident/7.0; SLCC2; .NET CLR 2.0.50727; .NET CLR 3.5.30729; .NET CLR 3.0.30729; Media Center PC 6.0; .NET4.0C; .NET4.0E; GWX:RESERVED)" 
51.161.65.113 - - [13/Nov/2025:01:44:31 -0800] "GET /category/essays/ HTTP/2.0" 200 14973 "-" "Mozilla/5.0 (compatible; AhrefsBot/7.0; +http://ahrefs.com/robot/)" 
69.163.187.215 - - [13/Nov/2025:01:44:32 -0800] "POST /wp-cron.php?doing_wp_cron=1763027072.1237978935241699218750 HTTP/1.1" 200 3838 "-" "WordPress/6.8.3; https://www.stevenfranssen.com" 
192.178.4.104 - - [13/Nov/2025:01:44:34 -0800] "GET /?t=16770136078000 HTTP/1.1" 200 3659 "-" "Mozilla/5.0 (Linux; Android 6.0.1; Nexus 5X Build/MMB29P) AppleWebKit/537.36 (KHTML, like Gecko) Chrome/141.0.7390.122 Mobile Safari/537.36 (compatible; Googlebot/2.1; +http://www.google.com/bot.html)" 
114.119.145.42 - - [13/Nov/2025:01:44:54 -0800] "GET /search.php?products/295fj38679 HTTP/1.1" 200 24681 "https://www.stevenfranssen.com/search.php?sitemap394.xml" "Mozilla/5.0 (Linux; Android 7.0;) AppleWebKit/537.36 (KHTML, like Gecko) Mobile Safari/537.36 (compatible; PetalBot;+https://webmaster.petalsearch.com/site/petalbot)" 
192.178.4.103 - - [13/Nov/2025:01:44:54 -0800] "GET /?t=8748621449600 HTTP/1.1" 200 3659 "-" "Mozilla/5.0 (Linux; Android 6.0.1; Nexus 5X Build/MMB29P) AppleWebKit/537.36 (KHTML, like Gecko) Chrome/141.0.7390.122 Mobile Safari/537.36 (compatible; Googlebot/2.1; +http://www.google.com/bot.html)" 
192.178.4.104 - - [13/Nov/2025:01:45:15 -0800] "GET /?t=9952293595807 HTTP/1.1" 200 3659 "-" "Mozilla/5.0 (Linux; Android 6.0.1; Nexus 5X Build/MMB29P) AppleWebKit/537.36 (KHTML, like Gecko) Chrome/141.0.7390.122 Mobile Safari/537.36 (compatible; Googlebot/2.1; +http://www.google.com/bot.html)" 
192.178.4.104 - - [13/Nov/2025:01:45:16 -0800] "GET /art/?id=NGEWE%20SAMA%20TANTEhc/en-us/articles/41383541904281-Envato-Market-Terms HTTP/1.1" 404 293 "-" "Mozilla/5.0 (Linux; Android 6.0.1; Nexus 5X Build/MMB29P) AppleWebKit/537.36 (KHTML, like Gecko) Chrome/141.0.7390.122 Mobile Safari/537.36 (compatible; Googlebot/2.1; +http://www.google.com/bot.html)" 
192.178.4.104 - - [13/Nov/2025:01:45:36 -0800] "GET /?t=7214216238401 HTTP/1.1" 200 3659 "-" "Mozilla/5.0 (Linux; Android 6.0.1; Nexus 5X Build/MMB29P) AppleWebKit/537.36 (KHTML, like Gecko) Chrome/141.0.7390.122 Mobile Safari/537.36 (compatible; Googlebot/2.1; +http://www.google.com/bot.html)" 
192.178.4.103 - - [13/Nov/2025:01:45:37 -0800] "GET /?t=67997125091203 HTTP/1.1" 200 3659 "-" "Mozilla/5.0 (Linux; Android 6.0.1; Nexus 5X Build/MMB29P) AppleWebKit/537.36 (KHTML, like Gecko) Chrome/141.0.7390.122 Mobile Safari/537.36 (compatible; Googlebot/2.1; +http://www.google.com/bot.html)" 
207.90.194.254 - - [13/Nov/2025:01:45:57 -0800] "GET /feed/ HTTP/2.0" 200 1911 "-" "Mozilla/5.0 (compatible; Miniflux/2.2.14; +https://miniflux.app)" 
216.73.216.137 - - [13/Nov/2025:01:45:59 -0800] "GET / HTTP/2.0" 200 14708 "-" "Mozilla/5.0 AppleWebKit/537.36 (KHTML, like Gecko; compatible; ClaudeBot/1.0; +claudebot@anthropic.com)" 
192.178.4.103 - - [13/Nov/2025:01:45:59 -0800] "GET /?t=4178881420000 HTTP/1.1" 200 18405 "-" "Mozilla/5.0 (Linux; Android 6.0.1; Nexus 5X Build/MMB29P) AppleWebKit/537.36 (KHTML, like Gecko) Chrome/141.0.7390.122 Mobile Safari/537.36 (compatible; Googlebot/2.1; +http://www.google.com/bot.html)" 
114.119.147.181 - - [13/Nov/2025:01:46:09 -0800] "GET /search.php?products/295dp42909 HTTP/1.1" 200 24704 "https://www.stevenfranssen.com/search.php?sitemap394.xml" "Mozilla/5.0 (Linux; Android 7.0;) AppleWebKit/537.36 (KHTML, like Gecko) Mobile Safari/537.36 (compatible; PetalBot;+https://webmaster.petalsearch.com/site/petalbot)" 
192.178.4.103 - - [13/Nov/2025:01:46:21 -0800] "GET /?t=8491925559400 HTTP/1.1" 200 3659 "-" "Mozilla/5.0 (Linux; Android 6.0.1; Nexus 5X Build/MMB29P) AppleWebKit/537.36 (KHTML, like Gecko) Chrome/141.0.7390.122 Mobile Safari/537.36 (compatible; Googlebot/2.1; +http://www.google.com/bot.html)" 
192.178.4.103 - - [13/Nov/2025:01:46:22 -0800] "GET /?t=78751138537202 HTTP/1.1" 200 310 "-" "Mozilla/5.0 (Linux; Android 6.0.1; Nexus 5X Build/MMB29P) AppleWebKit/537.36 (KHTML, like Gecko) Chrome/141.0.7390.122 Mobile Safari/537.36 (compatible; Googlebot/2.1; +http://www.google.com/bot.html)" 
69.163.137.216 - - [13/Nov/2025:01:46:37 -0800] "POST /xmlrpc.php HTTP/2.0" 404 52700 "-" "Mozilla/5.0 (Windows NT 6.0; WOW64; Trident/7.0; rv:11.0) like Gecko" 
192.178.4.103 - - [13/Nov/2025:01:46:42 -0800] "GET /?t=51045101394500 HTTP/1.1" 200 3659 "-" "Mozilla/5.0 (Linux; Android 6.0.1; Nexus 5X Build/MMB29P) AppleWebKit/537.36 (KHTML, like Gecko) Chrome/141.0.7390.122 Mobile Safari/537.36 (compatible; Googlebot/2.1; +http://www.google.com/bot.html)" 
192.178.4.104 - - [13/Nov/2025:01:47:03 -0800] "GET /?t=56108136644001 HTTP/1.1" 200 3659 "-" "Mozilla/5.0 (Linux; Android 6.0.1; Nexus 5X Build/MMB29P) AppleWebKit/537.36 (KHTML, like Gecko) Chrome/141.0.7390.122 Mobile Safari/537.36 (compatible; Googlebot/2.1; +http://www.google.com/bot.html)" 
192.178.4.103 - - [13/Nov/2025:01:47:24 -0800] "GET /?t=8032839193600 HTTP/1.1" 200 3659 "-" "Mozilla/5.0 (Linux; Android 6.0.1; Nexus 5X Build/MMB29P) AppleWebKit/537.36 (KHTML, like Gecko) Chrome/141.0.7390.122 Mobile Safari/537.36 (compatible; Googlebot/2.1; +http://www.google.com/bot.html)" 
114.119.145.42 - - [13/Nov/2025:01:47:32 -0800] "GET /search.php?products/295ai19969 HTTP/1.1" 200 25326 "https://www.stevenfranssen.com/search.php?sitemap394.xml" "Mozilla/5.0 (Linux; Android 7.0;) AppleWebKit/537.36 (KHTML, like Gecko) Mobile Safari/537.36 (compatible; PetalBot;+https://webmaster.petalsearch.com/site/petalbot)" 
192.178.4.104 - - [13/Nov/2025:01:48:05 -0800] "GET /?t=7254755409901 HTTP/1.1" 200 3659 "-" "Mozilla/5.0 (Linux; Android 6.0.1; Nexus 5X Build/MMB29P) AppleWebKit/537.36 (KHTML, like Gecko) Chrome/141.0.7390.122 Mobile Safari/537.36 (compatible; Googlebot/2.1; +http://www.google.com/bot.html)" 
192.178.4.103 - - [13/Nov/2025:01:48:26 -0800] "GET /?t=21418113935800 HTTP/1.1" 200 3659 "-" "Mozilla/5.0 (Linux; Android 6.0.1; Nexus 5X Build/MMB29P) AppleWebKit/537.36 (KHTML, like Gecko) Chrome/141.0.7390.122 Mobile Safari/537.36 (compatible; Googlebot/2.1; +http://www.google.com/bot.html)" 
114.119.131.151 - - [13/Nov/2025:01:48:57 -0800] "GET /search.php?products/294xt32500 HTTP/1.1" 200 24510 "https://www.stevenfranssen.com/search.php?sitemap394.xml" "Mozilla/5.0 (Linux; Android 7.0;) AppleWebKit/537.36 (KHTML, like Gecko) Mobile Safari/537.36 (compatible; PetalBot;+https://webmaster.petalsearch.com/site/petalbot)" 
192.178.4.103 - - [13/Nov/2025:01:49:07 -0800] "GET /?t=8498132155202 HTTP/1.1" 200 3659 "-" "Mozilla/5.0 (Linux; Android 6.0.1; Nexus 5X Build/MMB29P) AppleWebKit/537.36 (KHTML, like Gecko) Chrome/141.0.7390.122 Mobile Safari/537.36 (compatible; Googlebot/2.1; +http://www.google.com/bot.html)" 
49.51.252.146 - - [13/Nov/2025:01:49:22 -0800] "GET /when-you-doubt-your-future/ HTTP/1.1" 429 3786 "-" "Mozilla/5.0 (iPhone; CPU iPhone OS 13_2_3 like Mac OS X) AppleWebKit/605.1.15 (KHTML, like Gecko) Version/13.0.3 Mobile/15E148 Safari/604.1" 
192.178.4.104 - - [13/Nov/2025:01:49:28 -0800] "GET /?t=00604222669902 HTTP/1.1" 200 3659 "-" "Mozilla/5.0 (Linux; Android 6.0.1; Nexus 5X Build/MMB29P) AppleWebKit/537.36 (KHTML, like Gecko) Chrome/141.0.7390.122 Mobile Safari/537.36 (compatible; Googlebot/2.1; +http://www.google.com/bot.html)" 
192.178.4.103 - - [13/Nov/2025:01:49:49 -0800] "GET /?t=60128139695602 HTTP/1.1" 200 3659 "-" "Mozilla/5.0 (Linux; Android 6.0.1; Nexus 5X Build/MMB29P) AppleWebKit/537.36 (KHTML, like Gecko) Chrome/141.0.7390.122 Mobile Safari/537.36 (compatible; Googlebot/2.1; +http://www.google.com/bot.html)" 
192.178.4.103 - - [13/Nov/2025:01:49:50 -0800] "GET /?t=91805181057804 HTTP/1.1" 200 310 "-" "Mozilla/5.0 (Linux; Android 6.0.1; Nexus 5X Build/MMB29P) AppleWebKit/537.36 (KHTML, like Gecko) Chrome/141.0.7390.122 Mobile Safari/537.36 (compatible; Googlebot/2.1; +http://www.google.com/bot.html)" 
192.178.4.103 - - [13/Nov/2025:01:49:51 -0800] "GET /?t=02400164761702 HTTP/1.1" 200 310 "-" "Mozilla/5.0 (Linux; Android 6.0.1; Nexus 5X Build/MMB29P) AppleWebKit/537.36 (KHTML, like Gecko) Chrome/141.0.7390.122 Mobile Safari/537.36 (compatible; Googlebot/2.1; +http://www.google.com/bot.html)" 
114.119.145.42 - - [13/Nov/2025:01:50:20 -0800] "GET /search.php?products/294wa44724 HTTP/1.1" 200 24927 "https://www.stevenfranssen.com/search.php?sitemap394.xml" "Mozilla/5.0 (Linux; Android 7.0;) AppleWebKit/537.36 (KHTML, like Gecko) Mobile Safari/537.36 (compatible; PetalBot;+https://webmaster.petalsearch.com/site/petalbot)" 
192.178.4.103 - - [13/Nov/2025:01:50:32 -0800] "GET /?t=198675626207 HTTP/1.1" 200 3659 "-" "Mozilla/5.0 (Linux; Android 6.0.1; Nexus 5X Build/MMB29P) AppleWebKit/537.36 (KHTML, like Gecko) Chrome/141.0.7390.122 Mobile Safari/537.36 (compatible; Googlebot/2.1; +http://www.google.com/bot.html)" 
192.178.4.103 - - [13/Nov/2025:01:50:32 -0800] "GET /?t=0562729169300 HTTP/1.1" 200 310 "-" "Mozilla/5.0 (Linux; Android 6.0.1; Nexus 5X Build/MMB29P) AppleWebKit/537.36 (KHTML, like Gecko) Chrome/141.0.7390.122 Mobile Safari/537.36 (compatible; Googlebot/2.1; +http://www.google.com/bot.html)" 
192.178.4.104 - - [13/Nov/2025:01:50:47 -0800] "GET /?t=9838488722000 HTTP/1.1" 200 3659 "-" "Mozilla/5.0 (Linux; Android 6.0.1; Nexus 5X Build/MMB29P) AppleWebKit/537.36 (KHTML, like Gecko) Chrome/141.0.7390.122 Mobile Safari/537.36 (compatible; Googlebot/2.1; +http://www.google.com/bot.html)" 
116.179.32.132 - - [13/Nov/2025:01:50:48 -0800] "GET /tag/ideals/ HTTP/1.1" 200 3480 "-" "Mozilla/5.0 (compatible; Baiduspider/2.0; +http://www.baidu.com/search/spider.html)" 
40.77.167.9 - - [13/Nov/2025:01:50:53 -0800] "GET /?t=390009517501 HTTP/2.0" 200 135 "-" "Mozilla/5.0 AppleWebKit/537.36 (KHTML, like Gecko; compatible; bingbot/2.0; +http://www.bing.com/bingbot.htm) Chrome/116.0.1938.76 Safari/537.36" 
34.194.233.48 - - [13/Nov/2025:01:51:07 -0800] "GET /category/essays/page/10/ HTTP/1.1" 200 18633 "-" "Mozilla/5.0 AppleWebKit/537.36 (KHTML, like Gecko; compatible; Amazonbot/0.1; +https://developer.amazon.com/support/amazonbot) Chrome/119.0.6045.214 Safari/537.36" 
69.163.187.215 - - [13/Nov/2025:01:51:07 -0800] "POST /wp-cron.php?doing_wp_cron=1763027467.2467160224914550781250 HTTP/1.1" 500 11555 "-" "WordPress/6.8.3; https://www.stevenfranssen.com" 
192.178.4.104 - - [13/Nov/2025:01:51:19 -0800] "GET /?t=07216297783302 HTTP/1.1" 200 3659 "-" "Mozilla/5.0 (Linux; Android 6.0.1; Nexus 5X Build/MMB29P) AppleWebKit/537.36 (KHTML, like Gecko) Chrome/141.0.7390.122 Mobile Safari/537.36 (compatible; Googlebot/2.1; +http://www.google.com/bot.html)" 
114.119.152.149 - - [13/Nov/2025:01:51:44 -0800] "GET /search.php?products/294cw31786 HTTP/1.1" 200 24864 "https://www.stevenfranssen.com/search.php?sitemap394.xml" "Mozilla/5.0 (Linux; Android 7.0;) AppleWebKit/537.36 (KHTML, like Gecko) Mobile Safari/537.36 (compatible; PetalBot;+https://webmaster.petalsearch.com/site/petalbot)" 
192.178.4.104 - - [13/Nov/2025:01:51:47 -0800] "GET /?t=1127429475601 HTTP/1.1" 200 3659 "-" "Mozilla/5.0 (Linux; Android 6.0.1; Nexus 5X Build/MMB29P) AppleWebKit/537.36 (KHTML, like Gecko) Chrome/141.0.7390.122 Mobile Safari/537.36 (compatible; Googlebot/2.1; +http://www.google.com/bot.html)" 
192.178.4.105 - - [13/Nov/2025:01:52:16 -0800] "GET /?t=66666238366506 HTTP/1.1" 200 3659 "-" "Mozilla/5.0 (Linux; Android 6.0.1; Nexus 5X Build/MMB29P) AppleWebKit/537.36 (KHTML, like Gecko) Chrome/141.0.7390.122 Mobile Safari/537.36 (compatible; Googlebot/2.1; +http://www.google.com/bot.html)" 
192.178.4.104 - - [13/Nov/2025:01:52:46 -0800] "GET /?t=30029185795311 HTTP/1.1" 200 18405 "-" "Mozilla/5.0 (Linux; Android 6.0.1; Nexus 5X Build/MMB29P) AppleWebKit/537.36 (KHTML, like Gecko) Chrome/141.0.7390.122 Mobile Safari/537.36 (compatible; Googlebot/2.1; +http://www.google.com/bot.html)" 
148.113.130.117 - - [13/Nov/2025:01:52:46 -0800] "GET /tag/steven-franssen/page/9/ HTTP/2.0" 200 15147 "-" "Mozilla/5.0 (compatible; AhrefsBot/7.0; +http://ahrefs.com/robot/)" 
69.163.187.215 - - [13/Nov/2025:01:52:46 -0800] "POST /wp-cron.php?doing_wp_cron=1763027566.6020278930664062500000 HTTP/1.1" 200 3838 "-" "WordPress/6.8.3; https://www.stevenfranssen.com" 
69.163.187.215 - - [13/Nov/2025:01:52:46 -0800] "POST /wp-cron.php?doing_wp_cron=1763027566.7079570293426513671875 HTTP/1.1" 200 3838 "-" "WordPress/6.8.3; https://www.stevenfranssen.com" 
114.119.145.137 - - [13/Nov/2025:01:53:07 -0800] "GET /search.php?products/294af8340 HTTP/1.1" 200 25280 "https://www.stevenfranssen.com/search.php?sitemap394.xml" "Mozilla/5.0 (Linux; Android 7.0;) AppleWebKit/537.36 (KHTML, like Gecko) Mobile Safari/537.36 (compatible; PetalBot;+https://webmaster.petalsearch.com/site/petalbot)" 
192.178.4.103 - - [13/Nov/2025:01:53:16 -0800] "GET /?t=4169247496303 HTTP/1.1" 200 3659 "-" "Mozilla/5.0 (Linux; Android 6.0.1; Nexus 5X Build/MMB29P) AppleWebKit/537.36 (KHTML, like Gecko) Chrome/141.0.7390.122 Mobile Safari/537.36 (compatible; Googlebot/2.1; +http://www.google.com/bot.html)" 
192.178.4.104 - - [13/Nov/2025:01:53:59 -0800] "GET /?t=2077254974706 HTTP/1.1" 200 3659 "-" "Mozilla/5.0 (Linux; Android 6.0.1; Nexus 5X Build/MMB29P) AppleWebKit/537.36 (KHTML, like Gecko) Chrome/141.0.7390.122 Mobile Safari/537.36 (compatible; Googlebot/2.1; +http://www.google.com/bot.html)" 
192.178.4.103 - - [13/Nov/2025:01:54:20 -0800] "GET /?t=78810123011901 HTTP/1.1" 200 3659 "-" "Mozilla/5.0 (Linux; Android 6.0.1; Nexus 5X Build/MMB29P) AppleWebKit/537.36 (KHTML, like Gecko) Chrome/141.0.7390.122 Mobile Safari/537.36 (compatible; Googlebot/2.1; +http://www.google.com/bot.html)" 
114.119.147.181 - - [13/Nov/2025:01:54:36 -0800] "GET /search.php?products/293zw30227 HTTP/1.1" 200 24827 "https://www.stevenfranssen.com/search.php?sitemap394.xml" "Mozilla/5.0 (Linux; Android 7.0;) AppleWebKit/537.36 (KHTML, like Gecko) Mobile Safari/537.36 (compatible; PetalBot;+https://webmaster.petalsearch.com/site/petalbot)" 
192.178.4.103 - - [13/Nov/2025:01:55:01 -0800] "GET /?t=1915875896204 HTTP/1.1" 200 3659 "-" "Mozilla/5.0 (Linux; Android 6.0.1; Nexus 5X Build/MMB29P) AppleWebKit/537.36 (KHTML, like Gecko) Chrome/141.0.7390.122 Mobile Safari/537.36 (compatible; Googlebot/2.1; +http://www.google.com/bot.html)" 
192.178.4.103 - - [13/Nov/2025:01:55:22 -0800] "GET /?t=80401182439900 HTTP/1.1" 200 3659 "-" "Mozilla/5.0 (Linux; Android 6.0.1; Nexus 5X Build/MMB29P) AppleWebKit/537.36 (KHTML, like Gecko) Chrome/141.0.7390.122 Mobile Safari/537.36 (compatible; Googlebot/2.1; +http://www.google.com/bot.html)" 
114.119.133.85 - - [13/Nov/2025:01:55:54 -0800] "GET /search.php?products/293yh29199 HTTP/1.1" 200 25375 "https://www.stevenfranssen.com/search.php?sitemap394.xml" "Mozilla/5.0 (Linux; Android 7.0;) AppleWebKit/537.36 (KHTML, like Gecko) Mobile Safari/537.36 (compatible; PetalBot;+https://webmaster.petalsearch.com/site/petalbot)" 
192.178.4.103 - - [13/Nov/2025:01:56:03 -0800] "GET /?t=37574100027200 HTTP/1.1" 200 3659 "-" "Mozilla/5.0 (Linux; Android 6.0.1; Nexus 5X Build/MMB29P) AppleWebKit/537.36 (KHTML, like Gecko) Chrome/141.0.7390.122 Mobile Safari/537.36 (compatible; Googlebot/2.1; +http://www.google.com/bot.html)" 
192.178.4.103 - - [13/Nov/2025:01:56:24 -0800] "GET /?t=7989944635502 HTTP/1.1" 200 3659 "-" "Mozilla/5.0 (Linux; Android 6.0.1; Nexus 5X Build/MMB29P) AppleWebKit/537.36 (KHTML, like Gecko) Chrome/141.0.7390.122 Mobile Safari/537.36 (compatible; Googlebot/2.1; +http://www.google.com/bot.html)" 
192.178.4.103 - - [13/Nov/2025:01:56:45 -0800] "GET /?t=79967147777205 HTTP/1.1" 200 3659 "-" "Mozilla/5.0 (Linux; Android 6.0.1; Nexus 5X Build/MMB29P) AppleWebKit/537.36 (KHTML, like Gecko) Chrome/141.0.7390.122 Mobile Safari/537.36 (compatible; Googlebot/2.1; +http://www.google.com/bot.html)" 
114.119.151.82 - - [13/Nov/2025:01:57:18 -0800] "GET /search.php?products/293lt38259 HTTP/1.1" 200 25062 "https://www.stevenfranssen.com/search.php?sitemap394.xml" "Mozilla/5.0 (Linux; Android 7.0;) AppleWebKit/537.36 (KHTML, like Gecko) Mobile Safari/537.36 (compatible; PetalBot;+https://webmaster.petalsearch.com/site/petalbot)" 
192.178.4.105 - - [13/Nov/2025:01:57:26 -0800] "GET /?t=7550296447101 HTTP/1.1" 200 3659 "-" "Mozilla/5.0 (Linux; Android 6.0.1; Nexus 5X Build/MMB29P) AppleWebKit/537.36 (KHTML, like Gecko) Chrome/141.0.7390.122 Mobile Safari/537.36 (compatible; Googlebot/2.1; +http://www.google.com/bot.html)" 
192.178.4.105 - - [13/Nov/2025:01:57:27 -0800] "GET /?t=79332212512705 HTTP/1.1" 200 310 "-" "Mozilla/5.0 (Linux; Android 6.0.1; Nexus 5X Build/MMB29P) AppleWebKit/537.36 (KHTML, like Gecko) Chrome/141.0.7390.122 Mobile Safari/537.36 (compatible; Googlebot/2.1; +http://www.google.com/bot.html)" 
192.178.4.105 - - [13/Nov/2025:01:57:28 -0800] "GET /?t=18049105891600 HTTP/1.1" 200 310 "-" "Mozilla/5.0 (Linux; Android 6.0.1; Nexus 5X Build/MMB29P) AppleWebKit/537.36 (KHTML, like Gecko) Chrome/141.0.7390.122 Mobile Safari/537.36 (compatible; Googlebot/2.1; +http://www.google.com/bot.html)" 
192.178.4.103 - - [13/Nov/2025:01:57:48 -0800] "GET /?t=8090966941401 HTTP/1.1" 200 3659 "-" "Mozilla/5.0 (Linux; Android 6.0.1; Nexus 5X Build/MMB29P) AppleWebKit/537.36 (KHTML, like Gecko) Chrome/141.0.7390.122 Mobile Safari/537.36 (compatible; Googlebot/2.1; +http://www.google.com/bot.html)" 
192.178.4.104 - - [13/Nov/2025:01:58:09 -0800] "GET /?t=00781138342801 HTTP/1.1" 200 3659 "-" "Mozilla/5.0 (Linux; Android 6.0.1; Nexus 5X Build/MMB29P) AppleWebKit/537.36 (KHTML, like Gecko) Chrome/141.0.7390.122 Mobile Safari/537.36 (compatible; Googlebot/2.1; +http://www.google.com/bot.html)" 
192.178.4.103 - - [13/Nov/2025:01:58:30 -0800] "GET /?t=9204270033402 HTTP/1.1" 200 3659 "-" "Mozilla/5.0 (Linux; Android 6.0.1; Nexus 5X Build/MMB29P) AppleWebKit/537.36 (KHTML, like Gecko) Chrome/141.0.7390.122 Mobile Safari/537.36 (compatible; Googlebot/2.1; +http://www.google.com/bot.html)" 
114.119.145.137 - - [13/Nov/2025:01:58:41 -0800] "GET /search.php?products/293ll17843 HTTP/1.1" 200 25039 "https://www.stevenfranssen.com/search.php?sitemap394.xml" "Mozilla/5.0 (Linux; Android 7.0;) AppleWebKit/537.36 (KHTML, like Gecko) Mobile Safari/537.36 (compatible; PetalBot;+https://webmaster.petalsearch.com/site/petalbot)" 
192.178.4.103 - - [13/Nov/2025:01:58:51 -0800] "GET /?t=206219313603 HTTP/1.1" 200 3659 "-" "Mozilla/5.0 (Linux; Android 6.0.1; Nexus 5X Build/MMB29P) AppleWebKit/537.36 (KHTML, like Gecko) Chrome/141.0.7390.122 Mobile Safari/537.36 (compatible; Googlebot/2.1; +http://www.google.com/bot.html)" 
192.178.4.103 - - [13/Nov/2025:01:58:52 -0800] "GET /art/?id=PROXY%20XNXX HTTP/1.1" 200 33658 "-" "Mozilla/5.0 (Linux; Android 6.0.1; Nexus 5X Build/MMB29P) AppleWebKit/537.36 (KHTML, like Gecko) Chrome/141.0.7390.122 Mobile Safari/537.36 (compatible; Googlebot/2.1; +http://www.google.com/bot.html)" 
192.178.4.104 - - [13/Nov/2025:01:59:12 -0800] "GET /?t=8172892020502 HTTP/1.1" 200 3659 "-" "Mozilla/5.0 (Linux; Android 6.0.1; Nexus 5X Build/MMB29P) AppleWebKit/537.36 (KHTML, like Gecko) Chrome/141.0.7390.122 Mobile Safari/537.36 (compatible; Googlebot/2.1; +http://www.google.com/bot.html)" 
192.178.4.103 - - [13/Nov/2025:01:59:13 -0800] "GET /?t=74618162513400 HTTP/1.1" 200 3659 "-" "Mozilla/5.0 (Linux; Android 6.0.1; Nexus 5X Build/MMB29P) AppleWebKit/537.36 (KHTML, like Gecko) Chrome/141.0.7390.122 Mobile Safari/537.36 (compatible; Googlebot/2.1; +http://www.google.com/bot.html)" 
192.178.4.103 - - [13/Nov/2025:01:59:34 -0800] "GET /?t=60716106612807 HTTP/1.1" 200 3659 "-" "Mozilla/5.0 (Linux; Android 6.0.1; Nexus 5X Build/MMB29P) AppleWebKit/537.36 (KHTML, like Gecko) Chrome/141.0.7390.122 Mobile Safari/537.36 (compatible; Googlebot/2.1; +http://www.google.com/bot.html)" 
192.178.4.103 - - [13/Nov/2025:01:59:55 -0800] "GET /?t=2021741533804 HTTP/1.1" 200 3659 "-" "Mozilla/5.0 (Linux; Android 6.0.1; Nexus 5X Build/MMB29P) AppleWebKit/537.36 (KHTML, like Gecko) Chrome/141.0.7390.122 Mobile Safari/537.36 (compatible; Googlebot/2.1; +http://www.google.com/bot.html)" 
170.106.187.106 - - [13/Nov/2025:02:00:05 -0800] "GET /wp-content/uploads/2025/08/boomin-1024x686.webp HTTP/1.1" 429 3796 "-" "Mozilla/5.0 (iPhone; CPU iPhone OS 13_2_3 like Mac OS X) AppleWebKit/605.1.15 (KHTML, like Gecko) Version/13.0.3 Mobile/15E148 Safari/604.1" 
114.119.151.82 - - [13/Nov/2025:02:00:08 -0800] "GET /search.php?products/293ho30849 HTTP/1.1" 200 24734 "https://www.stevenfranssen.com/search.php?sitemap394.xml" "Mozilla/5.0 (Linux; Android 7.0;) AppleWebKit/537.36 (KHTML, like Gecko) Mobile Safari/537.36 (compatible; PetalBot;+https://webmaster.petalsearch.com/site/petalbot)" 
192.178.4.104 - - [13/Nov/2025:02:00:16 -0800] "GET /?t=30382123492600 HTTP/1.1" 200 3659 "-" "Mozilla/5.0 (Linux; Android 6.0.1; Nexus 5X Build/MMB29P) AppleWebKit/537.36 (KHTML, like Gecko) Chrome/141.0.7390.122 Mobile Safari/537.36 (compatible; Googlebot/2.1; +http://www.google.com/bot.html)" 
192.178.4.105 - - [13/Nov/2025:02:00:17 -0800] "GET /?t=9822927215601 HTTP/1.1" 200 3659 "-" "Mozilla/5.0 (Linux; Android 6.0.1; Nexus 5X Build/MMB29P) AppleWebKit/537.36 (KHTML, like Gecko) Chrome/141.0.7390.122 Mobile Safari/537.36 (compatible; Googlebot/2.1; +http://www.google.com/bot.html)" 
192.178.4.103 - - [13/Nov/2025:02:00:58 -0800] "GET /?t=96679104875501 HTTP/1.1" 200 3659 "-" "Mozilla/5.0 (Linux; Android 6.0.1; Nexus 5X Build/MMB29P) AppleWebKit/537.36 (KHTML, like Gecko) Chrome/141.0.7390.122 Mobile Safari/537.36 (compatible; Googlebot/2.1; +http://www.google.com/bot.html)" 
192.178.4.103 - - [13/Nov/2025:02:00:58 -0800] "GET /?t=9722266228601 HTTP/1.1" 200 310 "-" "Mozilla/5.0 (Linux; Android 6.0.1; Nexus 5X Build/MMB29P) AppleWebKit/537.36 (KHTML, like Gecko) Chrome/141.0.7390.122 Mobile Safari/537.36 (compatible; Googlebot/2.1; +http://www.google.com/bot.html)" 
142.44.220.176 - - [13/Nov/2025:02:01:06 -0800] "GET /tag/sons/feed/ HTTP/2.0" 200 1115 "-" "Mozilla/5.0 (compatible; AhrefsBot/7.0; +http://ahrefs.com/robot/)" 
192.178.4.105 - - [13/Nov/2025:02:01:19 -0800] "GET /?t=1871914515604 HTTP/1.1" 200 3659 "-" "Mozilla/5.0 (Linux; Android 6.0.1; Nexus 5X Build/MMB29P) AppleWebKit/537.36 (KHTML, like Gecko) Chrome/141.0.7390.122 Mobile Safari/537.36 (compatible; Googlebot/2.1; +http://www.google.com/bot.html)" 
114.119.151.82 - - [13/Nov/2025:02:01:32 -0800] "GET /search.php?products/293ee939 HTTP/1.1" 200 24160 "https://www.stevenfranssen.com/search.php?sitemap394.xml" "Mozilla/5.0 (Linux; Android 7.0;) AppleWebKit/537.36 (KHTML, like Gecko) Mobile Safari/537.36 (compatible; PetalBot;+https://webmaster.petalsearch.com/site/petalbot)" 
192.178.4.103 - - [13/Nov/2025:02:02:00 -0800] "GET /?t=6796430934500 HTTP/1.1" 200 3659 "-" "Mozilla/5.0 (Linux; Android 6.0.1; Nexus 5X Build/MMB29P) AppleWebKit/537.36 (KHTML, like Gecko) Chrome/141.0.7390.122 Mobile Safari/537.36 (compatible; Googlebot/2.1; +http://www.google.com/bot.html)" 
192.178.4.103 - - [13/Nov/2025:02:02:21 -0800] "GET /?t=03420159030604 HTTP/1.1" 200 3659 "-" "Mozilla/5.0 (Linux; Android 6.0.1; Nexus 5X Build/MMB29P) AppleWebKit/537.36 (KHTML, like Gecko) Chrome/141.0.7390.122 Mobile Safari/537.36 (compatible; Googlebot/2.1; +http://www.google.com/bot.html)" 
192.178.4.103 - - [13/Nov/2025:02:02:42 -0800] "GET /?t=0113919521603 HTTP/1.1" 200 3659 "-" "Mozilla/5.0 (Linux; Android 6.0.1; Nexus 5X Build/MMB29P) AppleWebKit/537.36 (KHTML, like Gecko) Chrome/141.0.7390.122 Mobile Safari/537.36 (compatible; Googlebot/2.1; +http://www.google.com/bot.html)" 
114.119.147.181 - - [13/Nov/2025:02:02:52 -0800] "GET /search.php?products/292yv23490 HTTP/1.1" 200 25648 "https://www.stevenfranssen.com/search.php?sitemap394.xml" "Mozilla/5.0 (Linux; Android 7.0;) AppleWebKit/537.36 (KHTML, like Gecko) Mobile Safari/537.36 (compatible; PetalBot;+https://webmaster.petalsearch.com/site/petalbot)" 
110.249.201.49 - - [13/Nov/2025:02:03:21 -0800] "GET /robots.txt HTTP/1.1" 200 3674 "-" "Mozilla/5.0 (Linux; Android 5.0) AppleWebKit/537.36 (KHTML, like Gecko) Mobile Safari/537.36 (compatible; Bytespider; https://zhanzhang.toutiao.com/)" 
192.178.4.103 - - [13/Nov/2025:02:03:23 -0800] "GET /?t=6233112080401 HTTP/1.1" 200 3659 "-" "Mozilla/5.0 (Linux; Android 6.0.1; Nexus 5X Build/MMB29P) AppleWebKit/537.36 (KHTML, like Gecko) Chrome/141.0.7390.122 Mobile Safari/537.36 (compatible; Googlebot/2.1; +http://www.google.com/bot.html)" 
192.178.4.104 - - [13/Nov/2025:02:03:44 -0800] "GET /?t=14790154238400 HTTP/1.1" 200 3659 "-" "Mozilla/5.0 (Linux; Android 6.0.1; Nexus 5X Build/MMB29P) AppleWebKit/537.36 (KHTML, like Gecko) Chrome/141.0.7390.122 Mobile Safari/537.36 (compatible; Googlebot/2.1; +http://www.google.com/bot.html)" 
192.178.4.103 - - [13/Nov/2025:02:03:45 -0800] "GET /?t=07418119477103 HTTP/1.1" 200 3659 "-" "Mozilla/5.0 (Linux; Android 6.0.1; Nexus 5X Build/MMB29P) AppleWebKit/537.36 (KHTML, like Gecko) Chrome/141.0.7390.122 Mobile Safari/537.36 (compatible; Googlebot/2.1; +http://www.google.com/bot.html)" 
216.73.216.137 - - [13/Nov/2025:02:04:15 -0800] "GET /search.php HTTP/2.0" 200 21410 "-" "Mozilla/5.0 AppleWebKit/537.36 (KHTML, like Gecko; compatible; ClaudeBot/1.0; +claudebot@anthropic.com)" 
114.119.145.137 - - [13/Nov/2025:02:04:15 -0800] "GET /search.php?products/292wr21960 HTTP/1.1" 200 26172 "https://www.stevenfranssen.com/search.php?sitemap394.xml" "Mozilla/5.0 (Linux; Android 7.0;) AppleWebKit/537.36 (KHTML, like Gecko) Mobile Safari/537.36 (compatible; PetalBot;+https://webmaster.petalsearch.com/site/petalbot)" 
192.178.4.103 - - [13/Nov/2025:02:04:26 -0800] "GET /?t=07184116777201 HTTP/1.1" 200 3659 "-" "Mozilla/5.0 (Linux; Android 6.0.1; Nexus 5X Build/MMB29P) AppleWebKit/537.36 (KHTML, like Gecko) Chrome/141.0.7390.122 Mobile Safari/537.36 (compatible; Googlebot/2.1; +http://www.google.com/bot.html)" 
192.178.4.104 - - [13/Nov/2025:02:04:47 -0800] "GET /?t=82317137563100 HTTP/1.1" 200 3659 "-" "Mozilla/5.0 (Linux; Android 6.0.1; Nexus 5X Build/MMB29P) AppleWebKit/537.36 (KHTML, like Gecko) Chrome/141.0.7390.122 Mobile Safari/537.36 (compatible; Googlebot/2.1; +http://www.google.com/bot.html)" 
192.178.4.103 - - [13/Nov/2025:02:05:28 -0800] "GET /?t=75114178689405 HTTP/1.1" 200 3659 "-" "Mozilla/5.0 (Linux; Android 6.0.1; Nexus 5X Build/MMB29P) AppleWebKit/537.36 (KHTML, like Gecko) Chrome/141.0.7390.122 Mobile Safari/537.36 (compatible; Googlebot/2.1; +http://www.google.com/bot.html)" 
192.178.4.104 - - [13/Nov/2025:02:05:29 -0800] "GET /?t=72420205794609 HTTP/1.1" 200 3659 "-" "Mozilla/5.0 (Linux; Android 6.0.1; Nexus 5X Build/MMB29P) AppleWebKit/537.36 (KHTML, like Gecko) Chrome/141.0.7390.122 Mobile Safari/537.36 (compatible; Googlebot/2.1; +http://www.google.com/bot.html)" 
114.119.145.137 - - [13/Nov/2025:02:05:41 -0800] "GET /search.php?products/292vu4472 HTTP/1.1" 200 24094 "https://www.stevenfranssen.com/search.php?sitemap394.xml" "Mozilla/5.0 (Linux; Android 7.0;) AppleWebKit/537.36 (KHTML, like Gecko) Mobile Safari/537.36 (compatible; PetalBot;+https://webmaster.petalsearch.com/site/petalbot)" 
35.237.139.196 - - [13/Nov/2025:02:05:45 -0800] "GET /feed/ HTTP/1.0" 200 5484 "-" "ZoominfoBot (zoominfobot at zoominfo dot com)" 
192.178.4.103 - - [13/Nov/2025:02:05:50 -0800] "GET /?t=2069178588014 HTTP/1.1" 200 3659 "-" "Mozilla/5.0 (Linux; Android 6.0.1; Nexus 5X Build/MMB29P) AppleWebKit/537.36 (KHTML, like Gecko) Chrome/141.0.7390.122 Mobile Safari/537.36 (compatible; Googlebot/2.1; +http://www.google.com/bot.html)" 
192.178.4.104 - - [13/Nov/2025:02:06:10 -0800] "GET /?t=18006465401 HTTP/1.1" 200 3659 "-" "Mozilla/5.0 (Linux; Android 6.0.1; Nexus 5X Build/MMB29P) AppleWebKit/537.36 (KHTML, like Gecko) Chrome/141.0.7390.122 Mobile Safari/537.36 (compatible; Googlebot/2.1; +http://www.google.com/bot.html)" 
216.73.216.137 - - [13/Nov/2025:02:06:15 -0800] "GET / HTTP/2.0" 200 14706 "-" "Mozilla/5.0 AppleWebKit/537.36 (KHTML, like Gecko; compatible; ClaudeBot/1.0; +claudebot@anthropic.com)" 
192.178.4.103 - - [13/Nov/2025:02:06:52 -0800] "GET /?t=9951115256801 HTTP/1.1" 200 3659 "-" "Mozilla/5.0 (Linux; Android 6.0.1; Nexus 5X Build/MMB29P) AppleWebKit/537.36 (KHTML, like Gecko) Chrome/141.0.7390.122 Mobile Safari/537.36 (compatible; Googlebot/2.1; +http://www.google.com/bot.html)" 
114.119.151.82 - - [13/Nov/2025:02:07:02 -0800] "GET /search.php?products/292tq46976 HTTP/1.1" 200 24925 "https://www.stevenfranssen.com/search.php?sitemap394.xml" "Mozilla/5.0 (Linux; Android 7.0;) AppleWebKit/537.36 (KHTML, like Gecko) Mobile Safari/537.36 (compatible; PetalBot;+https://webmaster.petalsearch.com/site/petalbot)" 
192.178.4.104 - - [13/Nov/2025:02:07:13 -0800] "GET /?t=11809121056001 HTTP/1.1" 200 3659 "-" "Mozilla/5.0 (Linux; Android 6.0.1; Nexus 5X Build/MMB29P) AppleWebKit/537.36 (KHTML, like Gecko) Chrome/141.0.7390.122 Mobile Safari/537.36 (compatible; Googlebot/2.1; +http://www.google.com/bot.html)" 
40.77.167.30 - - [13/Nov/2025:02:07:38 -0800] "GET /?t=7217973680604 HTTP/2.0" 200 134 "-" "Mozilla/5.0 AppleWebKit/537.36 (KHTML, like Gecko; compatible; bingbot/2.0; +http://www.bing.com/bingbot.htm) Chrome/116.0.1938.76 Safari/537.36" 
192.178.4.104 - - [13/Nov/2025:02:07:54 -0800] "GET /?t=31561133104002 HTTP/1.1" 200 3659 "-" "Mozilla/5.0 (Linux; Android 6.0.1; Nexus 5X Build/MMB29P) AppleWebKit/537.36 (KHTML, like Gecko) Chrome/141.0.7390.122 Mobile Safari/537.36 (compatible; Googlebot/2.1; +http://www.google.com/bot.html)" 
17.241.219.184 - - [13/Nov/2025:02:08:05 -0800] "GET /robots.txt HTTP/1.1" 200 3869 "-" "Mozilla/5.0 (Macintosh; Intel Mac OS X 10_15_7) AppleWebKit/605.1.15 (KHTML, like Gecko) Version/17.4 Safari/605.1.15 (Applebot/0.1; +http://www.apple.com/go/applebot)" 
17.241.219.184 - - [13/Nov/2025:02:08:06 -0800] "GET /tag/goodwill/feed/ HTTP/1.1" 200 1311 "-" "Mozilla/5.0 (Macintosh; Intel Mac OS X 10_15_7) AppleWebKit/605.1.15 (KHTML, like Gecko) Version/17.4 Safari/605.1.15 (Applebot/0.1; +http://www.apple.com/go/applebot)" 
192.178.4.103 - - [13/Nov/2025:02:08:15 -0800] "GET /?t=22420117751503 HTTP/1.1" 200 3659 "-" "Mozilla/5.0 (Linux; Android 6.0.1; Nexus 5X Build/MMB29P) AppleWebKit/537.36 (KHTML, like Gecko) Chrome/141.0.7390.122 Mobile Safari/537.36 (compatible; Googlebot/2.1; +http://www.google.com/bot.html)" 
114.119.152.149 - - [13/Nov/2025:02:08:26 -0800] "GET /search.php?products/292sv7988 HTTP/1.1" 200 24399 "https://www.stevenfranssen.com/search.php?sitemap394.xml" "Mozilla/5.0 (Linux; Android 7.0;) AppleWebKit/537.36 (KHTML, like Gecko) Mobile Safari/537.36 (compatible; PetalBot;+https://webmaster.petalsearch.com/site/petalbot)" 
43.173.181.135 - - [13/Nov/2025:02:08:39 -0800] "GET /the-intimidating-father/ HTTP/1.1" 200 20710 "-" "Mozilla/5.0 (Windows NT 6.1; Win64; x64) AppleWebKit/537.36 (KHTML, like Gecko) Chrome/126.0.6478.114 Safari/537.36" 
43.164.197.177 - - [13/Nov/2025:02:08:44 -0800] "GET /wp-json/oembed/1.0/embed?url=https%3A%2F%2Fwww.stevenfranssen.com%2Fyou-were-born-disenfranchised%2F&format=xml HTTP/1.1" 200 5073 "-" "Mozilla/5.0 (iPhone; CPU iPhone OS 13_2_3 like Mac OS X) AppleWebKit/605.1.15 (KHTML, like Gecko) Version/13.0.3 Mobile/15E148 Safari/604.1" 
192.178.4.103 - - [13/Nov/2025:02:08:50 -0800] "GET /?t=90828121846603 HTTP/1.1" 200 3659 "-" "Mozilla/5.0 (Linux; Android 6.0.1; Nexus 5X Build/MMB29P) AppleWebKit/537.36 (KHTML, like Gecko) Chrome/141.0.7390.122 Mobile Safari/537.36 (compatible; Googlebot/2.1; +http://www.google.com/bot.html)" 
192.178.4.103 - - [13/Nov/2025:02:09:32 -0800] "GET /?t=2549164476900 HTTP/1.1" 200 3659 "-" "Mozilla/5.0 (Linux; Android 6.0.1; Nexus 5X Build/MMB29P) AppleWebKit/537.36 (KHTML, like Gecko) Chrome/141.0.7390.122 Mobile Safari/537.36 (compatible; Googlebot/2.1; +http://www.google.com/bot.html)" 
192.178.4.103 - - [13/Nov/2025:02:09:33 -0800] "GET /?t=7099473671601 HTTP/1.1" 200 310 "-" "Mozilla/5.0 (Linux; Android 6.0.1; Nexus 5X Build/MMB29P) AppleWebKit/537.36 (KHTML, like Gecko) Chrome/141.0.7390.122 Mobile Safari/537.36 (compatible; Googlebot/2.1; +http://www.google.com/bot.html)" 
142.44.228.151 - - [13/Nov/2025:02:09:44 -0800] "GET /tag/restraint/feed/ HTTP/2.0" 200 1087 "-" "Mozilla/5.0 (compatible; AhrefsBot/7.0; +http://ahrefs.com/robot/)" 
114.119.131.151 - - [13/Nov/2025:02:09:52 -0800] "GET /search.php?products/291xq44263 HTTP/1.1" 200 24676 "https://www.stevenfranssen.com/search.php?sitemap394.xml" "Mozilla/5.0 (Linux; Android 7.0;) AppleWebKit/537.36 (KHTML, like Gecko) Mobile Safari/537.36 (compatible; PetalBot;+https://webmaster.petalsearch.com/site/petalbot)" 
59.82.83.180 - - [13/Nov/2025:02:10:44 -0800] "GET /wp-content/uploads/2021/12/cropped-fire-franssen-32x32.jpg HTTP/1.1" 200 15962 "-" "Mozilla/5.0 (Windows NT 10.0; WOW64; x64) AppleWebKit/537.36 (KHTML, like Gecko) Chrome/113.0.5666.197 Safari/537.36" 
59.82.83.180 - - [13/Nov/2025:02:10:45 -0800] "GET / HTTP/1.1" 200 15081 "-" "Mozilla/5.0 (Windows NT 10.0; WOW64; x64) AppleWebKit/537.36 (KHTML, like Gecko) Chrome/113.0.5666.197 Safari/537.36" 
59.82.83.47 - - [13/Nov/2025:02:10:46 -0800] "GET /about/ HTTP/1.1" 200 15704 "-" "Mozilla/5.0 (Windows NT 10.0; WOW64; x64) AppleWebKit/537.36 (KHTML, like Gecko) Chrome/113.0.5666.197 Safari/537.36" 
59.82.83.180 - - [13/Nov/2025:02:10:46 -0800] "GET / HTTP/1.1" 200 15081 "-" "Mozilla/5.0 (Windows NT 10.0; WOW64; x64) AppleWebKit/537.36 (KHTML, like Gecko) Chrome/113.0.5666.197 Safari/537.36" 
59.82.83.180 - - [13/Nov/2025:02:10:47 -0800] "GET /wp-content/uploads/2021/12/cropped-fire-franssen-32x32.jpg HTTP/1.1" 200 12818 "-" "Mozilla/5.0 (Windows NT 10.0; WOW64; x64) AppleWebKit/537.36 (KHTML, like Gecko) Chrome/113.0.5666.197 Safari/537.36" 
59.82.83.47 - - [13/Nov/2025:02:10:46 -0800] "GET / HTTP/1.1" 200 15081 "-" "Mozilla/5.0 (Windows NT 10.0; WOW64; x64) AppleWebKit/537.36 (KHTML, like Gecko) Chrome/113.0.5666.197 Safari/537.36" 
59.82.83.47 - - [13/Nov/2025:02:10:47 -0800] "GET /wp-content/uploads/2021/12/cropped-fire-franssen-32x32.jpg HTTP/1.1" 200 12818 "-" "Mozilla/5.0 (Windows NT 10.0; WOW64; x64) AppleWebKit/537.36 (KHTML, like Gecko) Chrome/113.0.5666.197 Safari/537.36" 
59.82.83.180 - - [13/Nov/2025:02:10:47 -0800] "GET /category/essays/ HTTP/1.1" 200 15364 "-" "Mozilla/5.0 (Windows NT 10.0; WOW64; x64) AppleWebKit/537.36 (KHTML, like Gecko) Chrome/113.0.5666.197 Safari/537.36" 
59.82.83.180 - - [13/Nov/2025:02:10:48 -0800] "GET / HTTP/1.1" 200 15081 "-" "Mozilla/5.0 (Windows NT 10.0; WOW64; x64) AppleWebKit/537.36 (KHTML, like Gecko) Chrome/113.0.5666.197 Safari/537.36" 
59.82.83.180 - - [13/Nov/2025:02:10:49 -0800] "GET /wp-content/uploads/2021/12/cropped-fire-franssen-32x32.jpg HTTP/1.1" 200 12818 "-" "Mozilla/5.0 (Windows NT 10.0; WOW64; x64) AppleWebKit/537.36 (KHTML, like Gecko) Chrome/113.0.5666.197 Safari/537.36" 
59.82.83.180 - - [13/Nov/2025:02:10:50 -0800] "GET /contact/ HTTP/1.1" 404 544 "-" "Mozilla/5.0 (Windows NT 10.0; WOW64; x64) AppleWebKit/537.36 (KHTML, like Gecko) Chrome/113.0.5666.197 Safari/537.36" 
59.82.83.47 - - [13/Nov/2025:02:10:47 -0800] "GET /coaching/ HTTP/1.1" 200 15520 "-" "Mozilla/5.0 (Windows NT 10.0; WOW64; x64) AppleWebKit/537.36 (KHTML, like Gecko) Chrome/113.0.5666.197 Safari/537.36" 
59.82.83.180 - - [13/Nov/2025:02:10:50 -0800] "GET /donate/ HTTP/1.1" 200 14790 "-" "Mozilla/5.0 (Windows NT 10.0; WOW64; x64) AppleWebKit/537.36 (KHTML, like Gecko) Chrome/113.0.5666.197 Safari/537.36" 
59.82.83.47 - - [13/Nov/2025:02:10:50 -0800] "GET / HTTP/1.1" 200 15081 "-" "Mozilla/5.0 (Windows NT 10.0; WOW64; x64) AppleWebKit/537.36 (KHTML, like Gecko) Chrome/113.0.5666.197 Safari/537.36" 
59.82.83.180 - - [13/Nov/2025:02:10:50 -0800] "GET / HTTP/1.1" 200 15081 "-" "Mozilla/5.0 (Windows NT 10.0; WOW64; x64) AppleWebKit/537.36 (KHTML, like Gecko) Chrome/113.0.5666.197 Safari/537.36" 
59.82.83.47 - - [13/Nov/2025:02:10:51 -0800] "GET /wp-content/uploads/2021/12/cropped-fire-franssen-32x32.jpg HTTP/1.1" 200 12818 "-" "Mozilla/5.0 (Windows NT 10.0; WOW64; x64) AppleWebKit/537.36 (KHTML, like Gecko) Chrome/113.0.5666.197 Safari/537.36" 
59.82.83.180 - - [13/Nov/2025:02:10:51 -0800] "GET /wp-content/uploads/2021/12/cropped-fire-franssen-32x32.jpg HTTP/1.1" 200 12818 "-" "Mozilla/5.0 (Windows NT 10.0; WOW64; x64) AppleWebKit/537.36 (KHTML, like Gecko) Chrome/113.0.5666.197 Safari/537.36" 
59.82.83.47 - - [13/Nov/2025:02:10:51 -0800] "GET /links/ HTTP/1.1" 200 15126 "-" "Mozilla/5.0 (Windows NT 10.0; WOW64; x64) AppleWebKit/537.36 (KHTML, like Gecko) Chrome/113.0.5666.197 Safari/537.36" 
59.82.83.180 - - [13/Nov/2025:02:10:52 -0800] "GET /the-propaganda-you-tell-yourself/ HTTP/1.1" 200 18835 "-" "Mozilla/5.0 (Windows NT 10.0; WOW64; x64) AppleWebKit/537.36 (KHTML, like Gecko) Chrome/113.0.5666.197 Safari/537.36" 
59.82.83.47 - - [13/Nov/2025:02:10:52 -0800] "GET / HTTP/1.1" 200 15081 "-" "Mozilla/5.0 (Windows NT 10.0; WOW64; x64) AppleWebKit/537.36 (KHTML, like Gecko) Chrome/113.0.5666.197 Safari/537.36" 
59.82.83.47 - - [13/Nov/2025:02:10:53 -0800] "GET /wp-content/uploads/2021/12/cropped-fire-franssen-32x32.jpg HTTP/1.1" 200 12818 "-" "Mozilla/5.0 (Windows NT 10.0; WOW64; x64) AppleWebKit/537.36 (KHTML, like Gecko) Chrome/113.0.5666.197 Safari/537.36" 
59.82.83.180 - - [13/Nov/2025:02:10:53 -0800] "GET / HTTP/1.1" 200 15081 "-" "Mozilla/5.0 (Windows NT 10.0; WOW64; x64) AppleWebKit/537.36 (KHTML, like Gecko) Chrome/113.0.5666.197 Safari/537.36" 
59.82.83.47 - - [13/Nov/2025:02:10:53 -0800] "GET /updates/ HTTP/1.1" 200 301 "-" "Mozilla/5.0 (Windows NT 10.0; WOW64; x64) AppleWebKit/537.36 (KHTML, like Gecko) Chrome/113.0.5666.197 Safari/537.36" 
59.82.83.180 - - [13/Nov/2025:02:10:54 -0800] "GET /wp-content/uploads/2021/12/cropped-fire-franssen-32x32.jpg HTTP/1.1" 200 12818 "-" "Mozilla/5.0 (Windows NT 10.0; WOW64; x64) AppleWebKit/537.36 (KHTML, like Gecko) Chrome/113.0.5666.197 Safari/537.36" 
59.82.83.180 - - [13/Nov/2025:02:10:54 -0800] "GET /video/ HTTP/1.1" 404 544 "-" "Mozilla/5.0 (Windows NT 10.0; WOW64; x64) AppleWebKit/537.36 (KHTML, like Gecko) Chrome/113.0.5666.197 Safari/537.36" 
59.82.83.47 - - [13/Nov/2025:02:10:54 -0800] "GET / HTTP/1.1" 200 15081 "-" "Mozilla/5.0 (Windows NT 10.0; WOW64; x64) AppleWebKit/537.36 (KHTML, like Gecko) Chrome/113.0.5666.197 Safari/537.36" 
59.82.83.47 - - [13/Nov/2025:02:10:55 -0800] "GET /wp-content/uploads/2021/12/cropped-fire-franssen-32x32.jpg HTTP/1.1" 200 12818 "-" "Mozilla/5.0 (Windows NT 10.0; WOW64; x64) AppleWebKit/537.36 (KHTML, like Gecko) Chrome/113.0.5666.197 Safari/537.36" 
59.82.83.47 - - [13/Nov/2025:02:10:56 -0800] "GET /wp-content/uploads/2025/04/April-15th-screenshot-300x169.jpg HTTP/1.1" 200 8498 "-" "Mozilla/5.0 (Windows NT 10.0; WOW64; x64) AppleWebKit/537.36 (KHTML, like Gecko) Chrome/113.0.5666.197 Safari/537.36" 
59.82.83.47 - - [13/Nov/2025:02:10:56 -0800] "GET / HTTP/1.1" 200 15081 "-" "Mozilla/5.0 (Windows NT 10.0; WOW64; x64) AppleWebKit/537.36 (KHTML, like Gecko) Chrome/113.0.5666.197 Safari/537.36" 
59.82.83.47 - - [13/Nov/2025:02:10:57 -0800] "GET /wp-content/uploads/2021/12/cropped-fire-franssen-32x32.jpg HTTP/1.1" 200 12818 "-" "Mozilla/5.0 (Windows NT 10.0; WOW64; x64) AppleWebKit/537.36 (KHTML, like Gecko) Chrome/113.0.5666.197 Safari/537.36" 
59.82.83.47 - - [13/Nov/2025:02:10:57 -0800] "GET /wp-content/uploads/2025/10/first-feedback-300x243.png HTTP/1.1" 200 71893 "-" "Mozilla/5.0 (Windows NT 10.0; WOW64; x64) AppleWebKit/537.36 (KHTML, like Gecko) Chrome/113.0.5666.197 Safari/537.36" 
59.82.83.47 - - [13/Nov/2025:02:10:58 -0800] "GET / HTTP/1.1" 200 15081 "-" "Mozilla/5.0 (Windows NT 10.0; WOW64; x64) AppleWebKit/537.36 (KHTML, like Gecko) Chrome/113.0.5666.197 Safari/537.36" 
59.82.83.47 - - [13/Nov/2025:02:10:59 -0800] "GET /wp-content/uploads/2021/12/cropped-fire-franssen-32x32.jpg HTTP/1.1" 200 12818 "-" "Mozilla/5.0 (Windows NT 10.0; WOW64; x64) AppleWebKit/537.36 (KHTML, like Gecko) Chrome/113.0.5666.197 Safari/537.36" 
59.82.83.47 - - [13/Nov/2025:02:10:59 -0800] "GET /wp-content/uploads/2025/10/image-300x165.png HTTP/1.1" 200 80192 "-" "Mozilla/5.0 (Windows NT 10.0; WOW64; x64) AppleWebKit/537.36 (KHTML, like Gecko) Chrome/113.0.5666.197 Safari/537.36" 
59.82.83.47 - - [13/Nov/2025:02:11:00 -0800] "GET / HTTP/1.1" 200 15081 "-" "Mozilla/5.0 (Windows NT 10.0; WOW64; x64) AppleWebKit/537.36 (KHTML, like Gecko) Chrome/113.0.5666.197 Safari/537.36" 
59.82.83.47 - - [13/Nov/2025:02:11:01 -0800] "GET /wp-content/uploads/2021/12/cropped-fire-franssen-32x32.jpg HTTP/1.1" 200 12818 "-" "Mozilla/5.0 (Windows NT 10.0; WOW64; x64) AppleWebKit/537.36 (KHTML, like Gecko) Chrome/113.0.5666.197 Safari/537.36" 
59.82.83.155 - - [13/Nov/2025:02:11:01 -0800] "GET /wp-content/uploads/2025/10/not-listening-300x178.jpg HTTP/1.1" 200 17125 "-" "Mozilla/5.0 (Windows NT 10.0; WOW64; x64) AppleWebKit/537.36 (KHTML, like Gecko) Chrome/113.0.5666.197 Safari/537.36" 
59.82.83.155 - - [13/Nov/2025:02:11:02 -0800] "GET / HTTP/1.1" 200 15081 "-" "Mozilla/5.0 (Windows NT 10.0; WOW64; x64) AppleWebKit/537.36 (KHTML, like Gecko) Chrome/113.0.5666.197 Safari/537.36" 
59.82.83.155 - - [13/Nov/2025:02:11:02 -0800] "GET /wp-content/uploads/2021/12/cropped-fire-franssen-32x32.jpg HTTP/1.1" 200 12818 "-" "Mozilla/5.0 (Windows NT 10.0; WOW64; x64) AppleWebKit/537.36 (KHTML, like Gecko) Chrome/113.0.5666.197 Safari/537.36" 
192.178.4.104 - - [13/Nov/2025:02:11:06 -0800] "GET /?t=75829189908204 HTTP/1.1" 200 3659 "-" "Mozilla/5.0 (Linux; Android 6.0.1; Nexus 5X Build/MMB29P) AppleWebKit/537.36 (KHTML, like Gecko) Chrome/141.0.7390.122 Mobile Safari/537.36 (compatible; Googlebot/2.1; +http://www.google.com/bot.html)" 
114.119.152.149 - - [13/Nov/2025:02:11:14 -0800] "GET /search.php?products/291qs8485 HTTP/1.1" 200 24960 "https://www.stevenfranssen.com/search.php?sitemap394.xml" "Mozilla/5.0 (Linux; Android 7.0;) AppleWebKit/537.36 (KHTML, like Gecko) Mobile Safari/537.36 (compatible; PetalBot;+https://webmaster.petalsearch.com/site/petalbot)" 
192.178.4.104 - - [13/Nov/2025:02:11:31 -0800] "GET /?t=0794852989003 HTTP/1.1" 200 3659 "-" "Mozilla/5.0 (Linux; Android 6.0.1; Nexus 5X Build/MMB29P) AppleWebKit/537.36 (KHTML, like Gecko) Chrome/141.0.7390.122 Mobile Safari/537.36 (compatible; Googlebot/2.1; +http://www.google.com/bot.html)" 
220.181.108.111 - - [13/Nov/2025:02:11:40 -0800] "GET /tag/music-review/ HTTP/1.1" 429 3594 "-" "Mozilla/5.0 (compatible; Baiduspider/2.0; +http://www.baidu.com/search/spider.html)" 
220.181.51.116 - - [13/Nov/2025:02:11:41 -0800] "GET /tag/music-review/ HTTP/1.1" 429 3595 "-" "Mozilla/5.0 (Windows NT 10.0; WOW64) AppleWebKit/537.36 (KHTML, like Gecko) Chrome/48.0.2564.116 Safari/537.36" 
35.237.139.196 - - [13/Nov/2025:02:12:11 -0800] "GET /tag/rtring/ HTTP/1.0" 200 18518 "-" "ZoominfoBot (zoominfobot at zoominfo dot com)" 
192.178.4.105 - - [13/Nov/2025:02:12:22 -0800] "GET /?t=7114867245200 HTTP/1.1" 200 3659 "-" "Mozilla/5.0 (Linux; Android 6.0.1; Nexus 5X Build/MMB29P) AppleWebKit/537.36 (KHTML, like Gecko) Chrome/141.0.7390.122 Mobile Safari/537.36 (compatible; Googlebot/2.1; +http://www.google.com/bot.html)" 
114.119.152.149 - - [13/Nov/2025:02:12:37 -0800] "GET /search.php?products/291ma22517 HTTP/1.1" 200 24514 "https://www.stevenfranssen.com/search.php?sitemap394.xml" "Mozilla/5.0 (Linux; Android 7.0;) AppleWebKit/537.36 (KHTML, like Gecko) Mobile Safari/537.36 (compatible; PetalBot;+https://webmaster.petalsearch.com/site/petalbot)" 
