192.178.4.103 - - [13/Nov/2025:16:10:31 -0800] "GET /?t=49753195496206 HTTP/1.1" 200 3659 "-" "Mozilla/5.0 (Linux; Android 6.0.1; Nexus 5X Build/MMB29P) AppleWebKit/537.36 (KHTML, like Gecko) Chrome/141.0.7390.122 Mobile Safari/537.36 (compatible; Googlebot/2.1; +http://www.google.com/bot.html)" 
114.119.147.181 - - [13/Nov/2025:16:11:54 -0800] "GET /search.php?products/180sr47940 HTTP/1.1" 200 25718 "https://www.stevenfranssen.com/search.php?sitemap394.xml" "Mozilla/5.0 (Linux; Android 7.0;) AppleWebKit/537.36 (KHTML, like Gecko) Mobile Safari/537.36 (compatible; PetalBot;+https://webmaster.petalsearch.com/site/petalbot)" 
192.178.4.105 - - [13/Nov/2025:16:11:55 -0800] "GET /?t=0099950023200 HTTP/1.1" 200 3659 "-" "Mozilla/5.0 (Linux; Android 6.0.1; Nexus 5X Build/MMB29P) AppleWebKit/537.36 (KHTML, like Gecko) Chrome/141.0.7390.122 Mobile Safari/537.36 (compatible; Googlebot/2.1; +http://www.google.com/bot.html)" 
192.178.4.103 - - [13/Nov/2025:16:12:15 -0800] "GET /?t=80277126663500 HTTP/1.1" 200 3659 "-" "Mozilla/5.0 (Linux; Android 6.0.1; Nexus 5X Build/MMB29P) AppleWebKit/537.36 (KHTML, like Gecko) Chrome/141.0.7390.122 Mobile Safari/537.36 (compatible; Googlebot/2.1; +http://www.google.com/bot.html)" 
54.39.89.108 - - [13/Nov/2025:16:12:17 -0800] "GET /page/9/?fileloc=/home/dh_pvsc7i/stevenfranssen.com/sitemap.xml&path=/home/dh_pvsc7i/stevenfranssen.com HTTP/2.0" 200 2896 "-" "Mozilla/5.0 (compatible; AhrefsBot/7.0; +http://ahrefs.com/robot/)" 
192.178.4.104 - - [13/Nov/2025:16:12:34 -0800] "GET /?t=1633156502000 HTTP/1.1" 200 3659 "-" "Mozilla/5.0 (Linux; Android 6.0.1; Nexus 5X Build/MMB29P) AppleWebKit/537.36 (KHTML, like Gecko) Chrome/141.0.7390.122 Mobile Safari/537.36 (compatible; Googlebot/2.1; +http://www.google.com/bot.html)" 
192.178.4.103 - - [13/Nov/2025:16:12:35 -0800] "GET /?t=70170299183508 HTTP/1.1" 200 3659 "-" "Mozilla/5.0 (Linux; Android 6.0.1; Nexus 5X Build/MMB29P) AppleWebKit/537.36 (KHTML, like Gecko) Chrome/141.0.7390.122 Mobile Safari/537.36 (compatible; Googlebot/2.1; +http://www.google.com/bot.html)" 
192.178.4.104 - - [13/Nov/2025:16:12:36 -0800] "GET /?t=3157410454403 HTTP/1.1" 200 310 "-" "Mozilla/5.0 (Linux; Android 6.0.1; Nexus 5X Build/MMB29P) AppleWebKit/537.36 (KHTML, like Gecko) Chrome/141.0.7390.122 Mobile Safari/537.36 (compatible; Googlebot/2.1; +http://www.google.com/bot.html)" 
192.178.4.103 - - [13/Nov/2025:16:12:55 -0800] "GET /?t=478889597602 HTTP/1.1" 200 3659 "-" "Mozilla/5.0 (Linux; Android 6.0.1; Nexus 5X Build/MMB29P) AppleWebKit/537.36 (KHTML, like Gecko) Chrome/141.0.7390.122 Mobile Safari/537.36 (compatible; Googlebot/2.1; +http://www.google.com/bot.html)" 
114.119.145.42 - - [13/Nov/2025:16:13:12 -0800] "GET /search.php?products/180iv30216 HTTP/1.1" 200 25032 "https://www.stevenfranssen.com/search.php?sitemap394.xml" "Mozilla/5.0 (Linux; Android 7.0;) AppleWebKit/537.36 (KHTML, like Gecko) Mobile Safari/537.36 (compatible; PetalBot;+https://webmaster.petalsearch.com/site/petalbot)" 
192.178.4.105 - - [13/Nov/2025:16:13:14 -0800] "GET /?t=90223120310900 HTTP/1.1" 200 3659 "-" "Mozilla/5.0 (Linux; Android 6.0.1; Nexus 5X Build/MMB29P) AppleWebKit/537.36 (KHTML, like Gecko) Chrome/141.0.7390.122 Mobile Safari/537.36 (compatible; Googlebot/2.1; +http://www.google.com/bot.html)" 
192.178.4.104 - - [13/Nov/2025:16:13:33 -0800] "GET /?t=07970196971600 HTTP/1.1" 200 3659 "-" "Mozilla/5.0 (Linux; Android 6.0.1; Nexus 5X Build/MMB29P) AppleWebKit/537.36 (KHTML, like Gecko) Chrome/141.0.7390.122 Mobile Safari/537.36 (compatible; Googlebot/2.1; +http://www.google.com/bot.html)" 
167.114.139.227 - - [13/Nov/2025:16:13:51 -0800] "GET /?fileloc=/home/dh_pvsc7i/stevenfranssen.com/networks.php&path=/home/dh_pvsc7i/stevenfranssen.com HTTP/2.0" 200 3677 "-" "Mozilla/5.0 (compatible; AhrefsBot/7.0; +http://ahrefs.com/robot/)" 
192.178.4.103 - - [13/Nov/2025:16:14:11 -0800] "GET /?t=9476282712702 HTTP/1.1" 200 3659 "-" "Mozilla/5.0 (Linux; Android 6.0.1; Nexus 5X Build/MMB29P) AppleWebKit/537.36 (KHTML, like Gecko) Chrome/141.0.7390.122 Mobile Safari/537.36 (compatible; Googlebot/2.1; +http://www.google.com/bot.html)" 
192.178.4.104 - - [13/Nov/2025:16:14:30 -0800] "GET /?t=900076073200 HTTP/1.1" 200 3659 "-" "Mozilla/5.0 (Linux; Android 6.0.1; Nexus 5X Build/MMB29P) AppleWebKit/537.36 (KHTML, like Gecko) Chrome/141.0.7390.122 Mobile Safari/537.36 (compatible; Googlebot/2.1; +http://www.google.com/bot.html)" 
192.178.4.103 - - [13/Nov/2025:16:14:31 -0800] "GET /?t=6171698467600 HTTP/1.1" 200 3659 "-" "Mozilla/5.0 (Linux; Android 6.0.1; Nexus 5X Build/MMB29P) AppleWebKit/537.36 (KHTML, like Gecko) Chrome/141.0.7390.122 Mobile Safari/537.36 (compatible; Googlebot/2.1; +http://www.google.com/bot.html)" 
34.148.54.42 - - [13/Nov/2025:16:14:31 -0800] "GET /the-propaganda-you-tell-yourself/ HTTP/1.0" 200 8328 "-" "ZoominfoBot (zoominfobot at zoominfo dot com)" 
114.119.133.85 - - [13/Nov/2025:16:14:36 -0800] "GET /search.php?products/180ga10226 HTTP/1.1" 200 24810 "https://www.stevenfranssen.com/search.php?sitemap394.xml" "Mozilla/5.0 (Linux; Android 7.0;) AppleWebKit/537.36 (KHTML, like Gecko) Mobile Safari/537.36 (compatible; PetalBot;+https://webmaster.petalsearch.com/site/petalbot)" 
192.178.4.103 - - [13/Nov/2025:16:15:08 -0800] "GET /?t=9037326833802 HTTP/1.1" 200 3659 "-" "Mozilla/5.0 (Linux; Android 6.0.1; Nexus 5X Build/MMB29P) AppleWebKit/537.36 (KHTML, like Gecko) Chrome/141.0.7390.122 Mobile Safari/537.36 (compatible; Googlebot/2.1; +http://www.google.com/bot.html)" 
142.44.220.192 - - [13/Nov/2025:16:15:25 -0800] "GET /page/9/?fileloc=/home/dh_pvsc7i/stevenfranssen.com/search.php&path=/home/dh_pvsc7i/stevenfranssen.com HTTP/2.0" 200 3469 "-" "Mozilla/5.0 (compatible; AhrefsBot/7.0; +http://ahrefs.com/robot/)" 
192.178.4.103 - - [13/Nov/2025:16:15:28 -0800] "GET /?t=0915864462301 HTTP/1.1" 200 3659 "-" "Mozilla/5.0 (Linux; Android 6.0.1; Nexus 5X Build/MMB29P) AppleWebKit/537.36 (KHTML, like Gecko) Chrome/141.0.7390.122 Mobile Safari/537.36 (compatible; Googlebot/2.1; +http://www.google.com/bot.html)" 
216.73.216.137 - - [13/Nov/2025:16:15:50 -0800] "GET / HTTP/2.0" 200 4809 "-" "Mozilla/5.0 AppleWebKit/537.36 (KHTML, like Gecko; compatible; ClaudeBot/1.0; +claudebot@anthropic.com)" 
114.119.147.181 - - [13/Nov/2025:16:16:06 -0800] "GET /search.php?products/17zq33907 HTTP/1.1" 200 25355 "https://www.stevenfranssen.com/search.php?sitemap394.xml" "Mozilla/5.0 (Linux; Android 7.0;) AppleWebKit/537.36 (KHTML, like Gecko) Mobile Safari/537.36 (compatible; PetalBot;+https://webmaster.petalsearch.com/site/petalbot)" 
192.178.4.104 - - [13/Nov/2025:16:16:07 -0800] "GET /?t=27215162115806 HTTP/1.1" 200 3659 "-" "Mozilla/5.0 (Linux; Android 6.0.1; Nexus 5X Build/MMB29P) AppleWebKit/537.36 (KHTML, like Gecko) Chrome/141.0.7390.122 Mobile Safari/537.36 (compatible; Googlebot/2.1; +http://www.google.com/bot.html)" 
192.178.4.103 - - [13/Nov/2025:16:16:07 -0800] "GET /?t=0923394153501 HTTP/1.1" 200 3659 "-" "Mozilla/5.0 (Linux; Android 6.0.1; Nexus 5X Build/MMB29P) AppleWebKit/537.36 (KHTML, like Gecko) Chrome/141.0.7390.122 Mobile Safari/537.36 (compatible; Googlebot/2.1; +http://www.google.com/bot.html)" 
34.148.54.42 - - [13/Nov/2025:16:16:08 -0800] "GET /tag/honesty/ HTTP/1.0" 200 8328 "-" "ZoominfoBot (zoominfobot at zoominfo dot com)" 
192.178.4.103 - - [13/Nov/2025:16:16:08 -0800] "GET /?t=57106130358804 HTTP/1.1" 200 310 "-" "Mozilla/5.0 (Linux; Android 6.0.1; Nexus 5X Build/MMB29P) AppleWebKit/537.36 (KHTML, like Gecko) Chrome/141.0.7390.122 Mobile Safari/537.36 (compatible; Googlebot/2.1; +http://www.google.com/bot.html)" 
40.77.167.58 - - [13/Nov/2025:16:16:24 -0800] "GET /?t=12256121268600 HTTP/2.0" 200 134 "-" "Mozilla/5.0 AppleWebKit/537.36 (KHTML, like Gecko; compatible; bingbot/2.0; +http://www.bing.com/bingbot.htm) Chrome/116.0.1938.76 Safari/537.36" 
192.178.4.104 - - [13/Nov/2025:16:16:46 -0800] "GET /?t=112211014302 HTTP/1.1" 200 3659 "-" "Mozilla/5.0 (Linux; Android 6.0.1; Nexus 5X Build/MMB29P) AppleWebKit/537.36 (KHTML, like Gecko) Chrome/141.0.7390.122 Mobile Safari/537.36 (compatible; Googlebot/2.1; +http://www.google.com/bot.html)" 
192.178.4.104 - - [13/Nov/2025:16:17:05 -0800] "GET /?t=7034938328001 HTTP/1.1" 200 3659 "-" "Mozilla/5.0 (Linux; Android 6.0.1; Nexus 5X Build/MMB29P) AppleWebKit/537.36 (KHTML, like Gecko) Chrome/141.0.7390.122 Mobile Safari/537.36 (compatible; Googlebot/2.1; +http://www.google.com/bot.html)" 
54.39.136.248 - - [13/Nov/2025:16:17:18 -0800] "GET /?path=/home/dh_pvsc7i/stevenfranssen.com/wp-admin HTTP/2.0" 200 7799 "-" "Mozilla/5.0 (compatible; AhrefsBot/7.0; +http://ahrefs.com/robot/)" 
114.119.152.149 - - [13/Nov/2025:16:17:23 -0800] "GET /search.php?products/17ma22961 HTTP/1.1" 200 25483 "https://www.stevenfranssen.com/search.php?sitemap394.xml" "Mozilla/5.0 (Linux; Android 7.0;) AppleWebKit/537.36 (KHTML, like Gecko) Mobile Safari/537.36 (compatible; PetalBot;+https://webmaster.petalsearch.com/site/petalbot)" 
116.179.32.205 - - [13/Nov/2025:16:17:25 -0800] "GET /tag/conformity/ HTTP/1.1" 200 3480 "-" "Mozilla/5.0 (compatible; Baiduspider/2.0; +http://www.baidu.com/search/spider.html)" 
192.178.4.104 - - [13/Nov/2025:16:17:43 -0800] "GET /?t=20854132676802 HTTP/1.1" 200 3659 "-" "Mozilla/5.0 (Linux; Android 6.0.1; Nexus 5X Build/MMB29P) AppleWebKit/537.36 (KHTML, like Gecko) Chrome/141.0.7390.122 Mobile Safari/537.36 (compatible; Googlebot/2.1; +http://www.google.com/bot.html)" 
192.178.4.105 - - [13/Nov/2025:16:18:02 -0800] "GET /?t=3193896426900 HTTP/1.1" 200 3659 "-" "Mozilla/5.0 (Linux; Android 6.0.1; Nexus 5X Build/MMB29P) AppleWebKit/537.36 (KHTML, like Gecko) Chrome/141.0.7390.122 Mobile Safari/537.36 (compatible; Googlebot/2.1; +http://www.google.com/bot.html)" 
192.178.4.103 - - [13/Nov/2025:16:18:39 -0800] "GET /?t=23728122020200 HTTP/1.1" 200 3659 "-" "Mozilla/5.0 (Linux; Android 6.0.1; Nexus 5X Build/MMB29P) AppleWebKit/537.36 (KHTML, like Gecko) Chrome/141.0.7390.122 Mobile Safari/537.36 (compatible; Googlebot/2.1; +http://www.google.com/bot.html)" 
114.119.145.42 - - [13/Nov/2025:16:18:48 -0800] "GET /search.php?products/17lp4303 HTTP/1.1" 200 25013 "https://www.stevenfranssen.com/search.php?sitemap394.xml" "Mozilla/5.0 (Linux; Android 7.0;) AppleWebKit/537.36 (KHTML, like Gecko) Mobile Safari/537.36 (compatible; PetalBot;+https://webmaster.petalsearch.com/site/petalbot)" 
15.235.96.16 - - [13/Nov/2025:16:19:02 -0800] "GET /page/9/?fileloc=/home/dh_pvsc7i/stevenfranssen.com/robots.txt&path=/home/dh_pvsc7i/stevenfranssen.com HTTP/2.0" 200 2722 "-" "Mozilla/5.0 (compatible; AhrefsBot/7.0; +http://ahrefs.com/robot/)" 
192.178.4.104 - - [13/Nov/2025:16:19:17 -0800] "GET /?t=20782172437603 HTTP/1.1" 200 3659 "-" "Mozilla/5.0 (Linux; Android 6.0.1; Nexus 5X Build/MMB29P) AppleWebKit/537.36 (KHTML, like Gecko) Chrome/141.0.7390.122 Mobile Safari/537.36 (compatible; Googlebot/2.1; +http://www.google.com/bot.html)" 
192.178.4.104 - - [13/Nov/2025:16:19:36 -0800] "GET /?t=9779359359302 HTTP/1.1" 200 3659 "-" "Mozilla/5.0 (Linux; Android 6.0.1; Nexus 5X Build/MMB29P) AppleWebKit/537.36 (KHTML, like Gecko) Chrome/141.0.7390.122 Mobile Safari/537.36 (compatible; Googlebot/2.1; +http://www.google.com/bot.html)" 
192.178.4.103 - - [13/Nov/2025:16:19:55 -0800] "GET /art/?id=sayuri+hayama HTTP/1.1" 200 37013 "-" "Mozilla/5.0 (Linux; Android 6.0.1; Nexus 5X Build/MMB29P) AppleWebKit/537.36 (KHTML, like Gecko) Chrome/141.0.7390.122 Mobile Safari/537.36 (compatible; Googlebot/2.1; +http://www.google.com/bot.html)" 
114.119.133.85 - - [13/Nov/2025:16:20:11 -0800] "GET /search.php?products/17ic24337 HTTP/1.1" 200 24408 "https://www.stevenfranssen.com/search.php?sitemap394.xml" "Mozilla/5.0 (Linux; Android 7.0;) AppleWebKit/537.36 (KHTML, like Gecko) Mobile Safari/537.36 (compatible; PetalBot;+https://webmaster.petalsearch.com/site/petalbot)" 
192.178.4.104 - - [13/Nov/2025:16:20:14 -0800] "GET /?t=11187110601304 HTTP/1.1" 200 3659 "-" "Mozilla/5.0 (Linux; Android 6.0.1; Nexus 5X Build/MMB29P) AppleWebKit/537.36 (KHTML, like Gecko) Chrome/141.0.7390.122 Mobile Safari/537.36 (compatible; Googlebot/2.1; +http://www.google.com/bot.html)" 
192.178.4.103 - - [13/Nov/2025:16:20:15 -0800] "GET /?t=59802363301 HTTP/1.1" 200 3659 "-" "Mozilla/5.0 (Linux; Android 6.0.1; Nexus 5X Build/MMB29P) AppleWebKit/537.36 (KHTML, like Gecko) Chrome/141.0.7390.122 Mobile Safari/537.36 (compatible; Googlebot/2.1; +http://www.google.com/bot.html)" 
192.178.4.105 - - [13/Nov/2025:16:20:15 -0800] "GET /?t=0919428588000 HTTP/1.1" 200 3659 "-" "Mozilla/5.0 (Linux; Android 6.0.1; Nexus 5X Build/MMB29P) AppleWebKit/537.36 (KHTML, like Gecko) Chrome/141.0.7390.122 Mobile Safari/537.36 (compatible; Googlebot/2.1; +http://www.google.com/bot.html)" 
142.44.233.218 - - [13/Nov/2025:16:20:47 -0800] "GET /?fileloc=/home/dh_pvsc7i/stevenfranssen.com/search.php&path=/home/dh_pvsc7i/stevenfranssen.com HTTP/2.0" 200 3469 "-" "Mozilla/5.0 (compatible; AhrefsBot/7.0; +http://ahrefs.com/robot/)" 
192.178.4.104 - - [13/Nov/2025:16:20:53 -0800] "GET /?t=77097152111902 HTTP/1.1" 200 3659 "-" "Mozilla/5.0 (Linux; Android 6.0.1; Nexus 5X Build/MMB29P) AppleWebKit/537.36 (KHTML, like Gecko) Chrome/141.0.7390.122 Mobile Safari/537.36 (compatible; Googlebot/2.1; +http://www.google.com/bot.html)" 
192.178.4.103 - - [13/Nov/2025:16:21:12 -0800] "GET /?t=79289201520207 HTTP/1.1" 200 3659 "-" "Mozilla/5.0 (Linux; Android 6.0.1; Nexus 5X Build/MMB29P) AppleWebKit/537.36 (KHTML, like Gecko) Chrome/141.0.7390.122 Mobile Safari/537.36 (compatible; Googlebot/2.1; +http://www.google.com/bot.html)" 
114.119.131.151 - - [13/Nov/2025:16:21:34 -0800] "GET /search.php?products/17hf977 HTTP/1.1" 200 24898 "https://www.stevenfranssen.com/search.php?sitemap394.xml" "Mozilla/5.0 (Linux; Android 7.0;) AppleWebKit/537.36 (KHTML, like Gecko) Mobile Safari/537.36 (compatible; PetalBot;+https://webmaster.petalsearch.com/site/petalbot)" 
192.178.4.104 - - [13/Nov/2025:16:21:51 -0800] "GET /?t=50937144417604 HTTP/1.1" 200 3659 "-" "Mozilla/5.0 (Linux; Android 6.0.1; Nexus 5X Build/MMB29P) AppleWebKit/537.36 (KHTML, like Gecko) Chrome/141.0.7390.122 Mobile Safari/537.36 (compatible; Googlebot/2.1; +http://www.google.com/bot.html)" 
54.39.136.205 - - [13/Nov/2025:16:22:27 -0800] "GET /page/9/?fileloc=/home/dh_pvsc7i/stevenfranssen.com/readme.html&path=/home/dh_pvsc7i/stevenfranssen.com HTTP/2.0" 200 5733 "-" "Mozilla/5.0 (compatible; AhrefsBot/7.0; +http://ahrefs.com/robot/)" 
192.178.4.103 - - [13/Nov/2025:16:22:28 -0800] "GET /?t=87872282156901 HTTP/1.1" 200 3659 "-" "Mozilla/5.0 (Linux; Android 6.0.1; Nexus 5X Build/MMB29P) AppleWebKit/537.36 (KHTML, like Gecko) Chrome/141.0.7390.122 Mobile Safari/537.36 (compatible; Googlebot/2.1; +http://www.google.com/bot.html)" 
192.178.4.104 - - [13/Nov/2025:16:22:47 -0800] "GET /?t=67898115329000 HTTP/1.1" 200 3659 "-" "Mozilla/5.0 (Linux; Android 6.0.1; Nexus 5X Build/MMB29P) AppleWebKit/537.36 (KHTML, like Gecko) Chrome/141.0.7390.122 Mobile Safari/537.36 (compatible; Googlebot/2.1; +http://www.google.com/bot.html)" 
114.119.131.151 - - [13/Nov/2025:16:23:01 -0800] "GET /search.php?products/17gn4859 HTTP/1.1" 200 24953 "https://www.stevenfranssen.com/search.php?sitemap394.xml" "Mozilla/5.0 (Linux; Android 7.0;) AppleWebKit/537.36 (KHTML, like Gecko) Mobile Safari/537.36 (compatible; PetalBot;+https://webmaster.petalsearch.com/site/petalbot)" 
192.178.4.105 - - [13/Nov/2025:16:23:25 -0800] "GET /?t=21899277309801 HTTP/1.1" 200 3659 "-" "Mozilla/5.0 (Linux; Android 6.0.1; Nexus 5X Build/MMB29P) AppleWebKit/537.36 (KHTML, like Gecko) Chrome/141.0.7390.122 Mobile Safari/537.36 (compatible; Googlebot/2.1; +http://www.google.com/bot.html)" 
192.178.4.104 - - [13/Nov/2025:16:23:44 -0800] "GET /?t=2898361672000 HTTP/1.1" 200 3659 "-" "Mozilla/5.0 (Linux; Android 6.0.1; Nexus 5X Build/MMB29P) AppleWebKit/537.36 (KHTML, like Gecko) Chrome/141.0.7390.122 Mobile Safari/537.36 (compatible; Googlebot/2.1; +http://www.google.com/bot.html)" 
192.178.4.104 - - [13/Nov/2025:16:23:44 -0800] "GET /?t=38352120420400 HTTP/1.1" 200 310 "-" "Mozilla/5.0 (Linux; Android 6.0.1; Nexus 5X Build/MMB29P) AppleWebKit/537.36 (KHTML, like Gecko) Chrome/141.0.7390.122 Mobile Safari/537.36 (compatible; Googlebot/2.1; +http://www.google.com/bot.html)" 
54.39.89.115 - - [13/Nov/2025:16:23:57 -0800] "GET /?fileloc=/home/dh_pvsc7i/stevenfranssen.com/wp-links-opml.php&path=/home/dh_pvsc7i/stevenfranssen.com HTTP/2.0" 200 3821 "-" "Mozilla/5.0 (compatible; AhrefsBot/7.0; +http://ahrefs.com/robot/)" 
192.178.4.105 - - [13/Nov/2025:16:24:22 -0800] "GET /?t=1909267084500 HTTP/1.1" 200 3659 "-" "Mozilla/5.0 (Linux; Android 6.0.1; Nexus 5X Build/MMB29P) AppleWebKit/537.36 (KHTML, like Gecko) Chrome/141.0.7390.122 Mobile Safari/537.36 (compatible; Googlebot/2.1; +http://www.google.com/bot.html)" 
192.178.4.105 - - [13/Nov/2025:16:24:23 -0800] "GET /?t=59004190345701 HTTP/1.1" 200 310 "-" "Mozilla/5.0 (Linux; Android 6.0.1; Nexus 5X Build/MMB29P) AppleWebKit/537.36 (KHTML, like Gecko) Chrome/141.0.7390.122 Mobile Safari/537.36 (compatible; Googlebot/2.1; +http://www.google.com/bot.html)" 
114.119.133.85 - - [13/Nov/2025:16:24:23 -0800] "GET /search.php?products/179zl33051 HTTP/1.1" 200 25423 "https://www.stevenfranssen.com/search.php?sitemap394.xml" "Mozilla/5.0 (Linux; Android 7.0;) AppleWebKit/537.36 (KHTML, like Gecko) Mobile Safari/537.36 (compatible; PetalBot;+https://webmaster.petalsearch.com/site/petalbot)" 
3.90.73.206 - - [13/Nov/2025:16:24:58 -0800] "GET /robots.txt HTTP/1.1" 200 3678 "-" "Mozilla/5.0 AppleWebKit/537.36 (KHTML, like Gecko; compatible; Amazonbot/0.1; +https://developer.amazon.com/support/amazonbot) Chrome/119.0.6045.214 Safari/537.36" 
192.178.4.104 - - [13/Nov/2025:16:25:00 -0800] "GET /?t=87249120167605 HTTP/1.1" 200 3659 "-" "Mozilla/5.0 (Linux; Android 6.0.1; Nexus 5X Build/MMB29P) AppleWebKit/537.36 (KHTML, like Gecko) Chrome/141.0.7390.122 Mobile Safari/537.36 (compatible; Googlebot/2.1; +http://www.google.com/bot.html)" 
54.156.55.147 - - [13/Nov/2025:16:25:02 -0800] "GET /tag/gossip/ HTTP/1.1" 200 8184 "-" "Mozilla/5.0 AppleWebKit/537.36 (KHTML, like Gecko; compatible; Amazonbot/0.1; +https://developer.amazon.com/support/amazonbot) Chrome/119.0.6045.214 Safari/537.36" 
192.178.4.103 - - [13/Nov/2025:16:25:19 -0800] "GET /?t=18719180187900 HTTP/1.1" 200 3659 "-" "Mozilla/5.0 (Linux; Android 6.0.1; Nexus 5X Build/MMB29P) AppleWebKit/537.36 (KHTML, like Gecko) Chrome/141.0.7390.122 Mobile Safari/537.36 (compatible; Googlebot/2.1; +http://www.google.com/bot.html)" 
192.178.4.104 - - [13/Nov/2025:16:25:20 -0800] "GET /?t=790776729904 HTTP/1.1" 200 3659 "-" "Mozilla/5.0 (Linux; Android 6.0.1; Nexus 5X Build/MMB29P) AppleWebKit/537.36 (KHTML, like Gecko) Chrome/141.0.7390.122 Mobile Safari/537.36 (compatible; Googlebot/2.1; +http://www.google.com/bot.html)" 
114.119.145.137 - - [13/Nov/2025:16:25:46 -0800] "GET /search.php?products/179tx24381 HTTP/1.1" 200 25443 "https://www.stevenfranssen.com/search.php?sitemap394.xml" "Mozilla/5.0 (Linux; Android 7.0;) AppleWebKit/537.36 (KHTML, like Gecko) Mobile Safari/537.36 (compatible; PetalBot;+https://webmaster.petalsearch.com/site/petalbot)" 
51.222.95.172 - - [13/Nov/2025:16:25:46 -0800] "GET /page/9/?fileloc=/home/dh_pvsc7i/stevenfranssen.com/quickstart.html&path=/home/dh_pvsc7i/stevenfranssen.com HTTP/2.0" 200 3058 "-" "Mozilla/5.0 (compatible; AhrefsBot/7.0; +http://ahrefs.com/robot/)" 
192.178.4.103 - - [13/Nov/2025:16:25:58 -0800] "GET /?t=2204735744500 HTTP/1.1" 200 3659 "-" "Mozilla/5.0 (Linux; Android 6.0.1; Nexus 5X Build/MMB29P) AppleWebKit/537.36 (KHTML, like Gecko) Chrome/141.0.7390.122 Mobile Safari/537.36 (compatible; Googlebot/2.1; +http://www.google.com/bot.html)" 
192.178.4.103 - - [13/Nov/2025:16:26:00 -0800] "GET /?t=72126162946203 HTTP/1.1" 200 310 "-" "Mozilla/5.0 (Linux; Android 6.0.1; Nexus 5X Build/MMB29P) AppleWebKit/537.36 (KHTML, like Gecko) Chrome/141.0.7390.122 Mobile Safari/537.36 (compatible; Googlebot/2.1; +http://www.google.com/bot.html)" 
192.178.4.103 - - [13/Nov/2025:16:26:19 -0800] "GET /?t=09987291115803 HTTP/1.1" 200 3659 "-" "Mozilla/5.0 (Linux; Android 6.0.1; Nexus 5X Build/MMB29P) AppleWebKit/537.36 (KHTML, like Gecko) Chrome/141.0.7390.122 Mobile Safari/537.36 (compatible; Googlebot/2.1; +http://www.google.com/bot.html)" 
192.178.4.103 - - [13/Nov/2025:16:26:20 -0800] "GET /?t=35725149519200 HTTP/1.1" 200 310 "-" "Mozilla/5.0 (Linux; Android 6.0.1; Nexus 5X Build/MMB29P) AppleWebKit/537.36 (KHTML, like Gecko) Chrome/141.0.7390.122 Mobile Safari/537.36 (compatible; Googlebot/2.1; +http://www.google.com/bot.html)" 
192.178.4.103 - - [13/Nov/2025:16:26:58 -0800] "GET /?t=11807158184003 HTTP/1.1" 200 3659 "-" "Mozilla/5.0 (Linux; Android 6.0.1; Nexus 5X Build/MMB29P) AppleWebKit/537.36 (KHTML, like Gecko) Chrome/141.0.7390.122 Mobile Safari/537.36 (compatible; Googlebot/2.1; +http://www.google.com/bot.html)" 
114.119.145.137 - - [13/Nov/2025:16:27:09 -0800] "GET /search.php?products/179tk4903 HTTP/1.1" 200 25097 "https://www.stevenfranssen.com/search.php?sitemap394.xml" "Mozilla/5.0 (Linux; Android 7.0;) AppleWebKit/537.36 (KHTML, like Gecko) Mobile Safari/537.36 (compatible; PetalBot;+https://webmaster.petalsearch.com/site/petalbot)" 
54.39.0.197 - - [13/Nov/2025:16:27:30 -0800] "GET /?fileloc=/home/dh_pvsc7i/stevenfranssen.com/favicon.ico&path=/home/dh_pvsc7i/stevenfranssen.com HTTP/2.0" 200 2647 "-" "Mozilla/5.0 (compatible; AhrefsBot/7.0; +http://ahrefs.com/robot/)" 
192.178.4.105 - - [13/Nov/2025:16:27:35 -0800] "GET /?t=2010713039215 HTTP/1.1" 200 3659 "-" "Mozilla/5.0 (Linux; Android 6.0.1; Nexus 5X Build/MMB29P) AppleWebKit/537.36 (KHTML, like Gecko) Chrome/141.0.7390.122 Mobile Safari/537.36 (compatible; Googlebot/2.1; +http://www.google.com/bot.html)" 
192.178.4.104 - - [13/Nov/2025:16:27:55 -0800] "GET /?t=21407128684002 HTTP/1.1" 200 3659 "-" "Mozilla/5.0 (Linux; Android 6.0.1; Nexus 5X Build/MMB29P) AppleWebKit/537.36 (KHTML, like Gecko) Chrome/141.0.7390.122 Mobile Safari/537.36 (compatible; Googlebot/2.1; +http://www.google.com/bot.html)" 
192.178.4.103 - - [13/Nov/2025:16:27:56 -0800] "GET /?t=234522336400 HTTP/1.1" 200 3659 "-" "Mozilla/5.0 (Linux; Android 6.0.1; Nexus 5X Build/MMB29P) AppleWebKit/537.36 (KHTML, like Gecko) Chrome/141.0.7390.122 Mobile Safari/537.36 (compatible; Googlebot/2.1; +http://www.google.com/bot.html)" 
114.119.131.151 - - [13/Nov/2025:16:28:32 -0800] "GET /search.php?products/179rg2669 HTTP/1.1" 200 25415 "https://www.stevenfranssen.com/search.php?sitemap394.xml" "Mozilla/5.0 (Linux; Android 7.0;) AppleWebKit/537.36 (KHTML, like Gecko) Mobile Safari/537.36 (compatible; PetalBot;+https://webmaster.petalsearch.com/site/petalbot)" 
192.178.4.103 - - [13/Nov/2025:16:28:33 -0800] "GET /?t=0270252037208 HTTP/1.1" 200 3659 "-" "Mozilla/5.0 (Linux; Android 6.0.1; Nexus 5X Build/MMB29P) AppleWebKit/537.36 (KHTML, like Gecko) Chrome/141.0.7390.122 Mobile Safari/537.36 (compatible; Googlebot/2.1; +http://www.google.com/bot.html)" 
201.124.89.156 - - [13/Nov/2025:16:28:40 -0800] "GET /who-is-living-my-life-for-me/?fileloc=/home/dh_pvsc7i/stevenfranssen.com/3fa6cd/index.php&path=/home/dh_pvsc7i/stevenfranssen.com/3fa6cd HTTP/2.0" 200 37129 "-" "Mozilla/5.0 (Windows NT 10.0; Win64; x64) AppleWebKit/537.36 (KHTML, like Gecko) Chrome/129.0.0.0 Safari/537.36" 
178.44.59.56 - - [13/Nov/2025:16:28:43 -0800] "GET /who-is-living-my-life-for-me/?fileloc=/home/dh_pvsc7i/stevenfranssen.com/wp-config.php&path=/home/dh_pvsc7i/stevenfranssen.com HTTP/2.0" 418 627 "-" "Mozilla/5.0 (Windows NT 10.0; Win64; x64) AppleWebKit/537.36 (KHTML, like Gecko) Chrome/129.0.0.0 Safari/537.36" 
46.183.135.179 - - [13/Nov/2025:16:28:46 -0800] "GET /who-is-living-my-life-for-me/?fileloc=/home/dh_pvsc7i/stevenfranssen.com/art/sitemap.xml&path=/home/dh_pvsc7i/stevenfranssen.com/art HTTP/2.0" 200 36611 "-" "Mozilla/5.0 (Windows NT 10.0; Win64; x64) AppleWebKit/537.36 (KHTML, like Gecko) Chrome/129.0.0.0 Safari/537.36" 
45.190.251.143 - - [13/Nov/2025:16:28:47 -0800] "GET /who-is-living-my-life-for-me/?fileloc=/home/dh_pvsc7i/stevenfranssen.com/art/index.php&path=/home/dh_pvsc7i/stevenfranssen.com/art HTTP/2.0" 200 37940 "-" "Mozilla/5.0 (Windows NT 10.0; Win64; x64) AppleWebKit/537.36 (KHTML, like Gecko) Chrome/129.0.0.0 Safari/537.36" 
191.5.196.193 - - [13/Nov/2025:16:28:48 -0800] "GET /who-is-living-my-life-for-me/?fileloc=/home/dh_pvsc7i/stevenfranssen.com/wp-admin/f9ltM7ikFKu.php&path=/home/dh_pvsc7i/stevenfranssen.com/wp-admin HTTP/2.0" 200 37142 "-" "Mozilla/5.0 (Windows NT 10.0; Win64; x64) AppleWebKit/537.36 (KHTML, like Gecko) Chrome/129.0.0.0 Safari/537.36" 
137.184.109.228 - - [13/Nov/2025:16:28:51 -0800] "GET /who-is-living-my-life-for-me/?fileloc=/home/dh_pvsc7i/stevenfranssen.com/wp-admin/index.php&path=/home/dh_pvsc7i/stevenfranssen.com/wp-admin HTTP/2.0" 200 5749 "-" "Mozilla/5.0 (Windows NT 10.0; Win64; x64) AppleWebKit/537.36 (KHTML, like Gecko) Chrome/129.0.0.0 Safari/537.36" 
197.0.74.170 - - [13/Nov/2025:16:28:52 -0800] "GET /who-is-living-my-life-for-me/?fileloc=/home/dh_pvsc7i/stevenfranssen.com/wp-admin/profile.php&path=/home/dh_pvsc7i/stevenfranssen.com/wp-admin HTTP/2.0" 200 2860 "-" "Mozilla/5.0 (Windows NT 10.0; Win64; x64) AppleWebKit/537.36 (KHTML, like Gecko) Chrome/129.0.0.0 Safari/537.36" 
60.48.168.229 - - [13/Nov/2025:16:28:54 -0800] "GET /who-is-living-my-life-for-me/?fileloc=/home/dh_pvsc7i/stevenfranssen.com/wp-admin/edit-link-form.php&path=/home/dh_pvsc7i/stevenfranssen.com/wp-admin HTTP/2.0" 200 4890 "-" "Mozilla/5.0 (Windows NT 10.0; Win64; x64) AppleWebKit/537.36 (KHTML, like Gecko) Chrome/129.0.0.0 Safari/537.36" 
41.198.159.57 - - [13/Nov/2025:16:28:56 -0800] "GET /who-is-living-my-life-for-me/?fileloc=/home/dh_pvsc7i/stevenfranssen.com/wp-admin/edit-tags.php&path=/home/dh_pvsc7i/stevenfranssen.com/wp-admin HTTP/2.0" 200 8886 "-" "Mozilla/5.0 (Windows NT 10.0; Win64; x64) AppleWebKit/537.36 (KHTML, like Gecko) Chrome/129.0.0.0 Safari/537.36" 
190.242.26.124 - - [13/Nov/2025:16:28:58 -0800] "GET /who-is-living-my-life-for-me/?fileloc=/home/dh_pvsc7i/stevenfranssen.com/wp-admin/ms-upgrade-network.php&path=/home/dh_pvsc7i/stevenfranssen.com/wp-admin HTTP/2.0" 200 2826 "-" "Mozilla/5.0 (Windows NT 10.0; Win64; x64) AppleWebKit/537.36 (KHTML, like Gecko) Chrome/129.0.0.0 Safari/537.36" 
148.113.130.116 - - [13/Nov/2025:16:29:02 -0800] "GET /page/9/?fileloc=/home/dh_pvsc7i/stevenfranssen.com/php.ini&path=/home/dh_pvsc7i/stevenfranssen.com HTTP/2.0" 200 2706 "-" "Mozilla/5.0 (compatible; AhrefsBot/7.0; +http://ahrefs.com/robot/)" 
169.224.5.224 - - [13/Nov/2025:16:29:02 -0800] "GET /who-is-living-my-life-for-me/?fileloc=/home/dh_pvsc7i/stevenfranssen.com/wp-admin/press-this.php&path=/home/dh_pvsc7i/stevenfranssen.com/wp-admin HTTP/2.0" 200 3698 "-" "Mozilla/5.0 (Windows NT 10.0; Win64; x64) AppleWebKit/537.36 (KHTML, like Gecko) Chrome/129.0.0.0 Safari/537.36" 
84.47.253.25 - - [13/Nov/2025:16:29:04 -0800] "GET /who-is-living-my-life-for-me/?fileloc=/home/dh_pvsc7i/stevenfranssen.com/wp-admin/privacy-policy-guide.php&path=/home/dh_pvsc7i/stevenfranssen.com/wp-admin HTTP/2.0" 200 4173 "-" "Mozilla/5.0 (Windows NT 10.0; Win64; x64) AppleWebKit/537.36 (KHTML, like Gecko) Chrome/129.0.0.0 Safari/537.36" 
38.222.119.167 - - [13/Nov/2025:16:29:04 -0800] "GET /who-is-living-my-life-for-me/?fileloc=/home/dh_pvsc7i/stevenfranssen.com/wp-admin/my-sites.php&path=/home/dh_pvsc7i/stevenfranssen.com/wp-admin HTTP/2.0" 200 4702 "-" "Mozilla/5.0 (Windows NT 10.0; Win64; x64) AppleWebKit/537.36 (KHTML, like Gecko) Chrome/129.0.0.0 Safari/537.36" 
192.178.4.105 - - [13/Nov/2025:16:29:11 -0800] "GET /?t=32845165702 HTTP/1.1" 200 3659 "-" "Mozilla/5.0 (Linux; Android 6.0.1; Nexus 5X Build/MMB29P) AppleWebKit/537.36 (KHTML, like Gecko) Chrome/141.0.7390.122 Mobile Safari/537.36 (compatible; Googlebot/2.1; +http://www.google.com/bot.html)" 
192.178.4.105 - - [13/Nov/2025:16:29:11 -0800] "GET /?t=8994789900600 HTTP/1.1" 200 310 "-" "Mozilla/5.0 (Linux; Android 6.0.1; Nexus 5X Build/MMB29P) AppleWebKit/537.36 (KHTML, like Gecko) Chrome/141.0.7390.122 Mobile Safari/537.36 (compatible; Googlebot/2.1; +http://www.google.com/bot.html)" 
192.178.4.103 - - [13/Nov/2025:16:29:30 -0800] "GET /?t=2407822215606 HTTP/1.1" 200 3659 "-" "Mozilla/5.0 (Linux; Android 6.0.1; Nexus 5X Build/MMB29P) AppleWebKit/537.36 (KHTML, like Gecko) Chrome/141.0.7390.122 Mobile Safari/537.36 (compatible; Googlebot/2.1; +http://www.google.com/bot.html)" 
192.178.4.103 - - [13/Nov/2025:16:29:49 -0800] "GET /?t=6879881115203 HTTP/1.1" 200 3659 "-" "Mozilla/5.0 (Linux; Android 6.0.1; Nexus 5X Build/MMB29P) AppleWebKit/537.36 (KHTML, like Gecko) Chrome/141.0.7390.122 Mobile Safari/537.36 (compatible; Googlebot/2.1; +http://www.google.com/bot.html)" 
114.119.152.149 - - [13/Nov/2025:16:29:57 -0800] "GET /search.php?products/179ox33631 HTTP/1.1" 200 24402 "https://www.stevenfranssen.com/search.php?sitemap394.xml" "Mozilla/5.0 (Linux; Android 7.0;) AppleWebKit/537.36 (KHTML, like Gecko) Mobile Safari/537.36 (compatible; PetalBot;+https://webmaster.petalsearch.com/site/petalbot)" 
192.178.4.103 - - [13/Nov/2025:16:30:08 -0800] "GET /?t=61802114416802 HTTP/1.1" 200 3659 "-" "Mozilla/5.0 (Linux; Android 6.0.1; Nexus 5X Build/MMB29P) AppleWebKit/537.36 (KHTML, like Gecko) Chrome/141.0.7390.122 Mobile Safari/537.36 (compatible; Googlebot/2.1; +http://www.google.com/bot.html)" 
159.26.103.79 - - [13/Nov/2025:16:30:18 -0800] "GET /feed/ HTTP/2.0" 200 4818 "-" "SpaceCowboys Android RSS Reader / 2.16.0(3842)" 
192.178.4.103 - - [13/Nov/2025:16:30:46 -0800] "GET /?t=69766201944601 HTTP/1.1" 200 3659 "-" "Mozilla/5.0 (Linux; Android 6.0.1; Nexus 5X Build/MMB29P) AppleWebKit/537.36 (KHTML, like Gecko) Chrome/141.0.7390.122 Mobile Safari/537.36 (compatible; Googlebot/2.1; +http://www.google.com/bot.html)" 
51.161.37.16 - - [13/Nov/2025:16:30:49 -0800] "GET /page/9/?fileloc=/home/dh_pvsc7i/stevenfranssen.com/networks.php&path=/home/dh_pvsc7i/stevenfranssen.com HTTP/2.0" 200 3677 "-" "Mozilla/5.0 (compatible; AhrefsBot/7.0; +http://ahrefs.com/robot/)" 
192.178.4.103 - - [13/Nov/2025:16:31:05 -0800] "GET /?t=1312759933101 HTTP/1.1" 200 3659 "-" "Mozilla/5.0 (Linux; Android 6.0.1; Nexus 5X Build/MMB29P) AppleWebKit/537.36 (KHTML, like Gecko) Chrome/141.0.7390.122 Mobile Safari/537.36 (compatible; Googlebot/2.1; +http://www.google.com/bot.html)" 
192.178.4.105 - - [13/Nov/2025:16:31:06 -0800] "GET /?t=17972148352002 HTTP/1.1" 200 3659 "-" "Mozilla/5.0 (Linux; Android 6.0.1; Nexus 5X Build/MMB29P) AppleWebKit/537.36 (KHTML, like Gecko) Chrome/141.0.7390.122 Mobile Safari/537.36 (compatible; Googlebot/2.1; +http://www.google.com/bot.html)" 
114.119.151.82 - - [13/Nov/2025:16:31:20 -0800] "GET /search.php?products/179oe9607 HTTP/1.1" 200 24931 "https://www.stevenfranssen.com/search.php?sitemap394.xml" "Mozilla/5.0 (Linux; Android 7.0;) AppleWebKit/537.36 (KHTML, like Gecko) Mobile Safari/537.36 (compatible; PetalBot;+https://webmaster.petalsearch.com/site/petalbot)" 
192.178.4.104 - - [13/Nov/2025:16:31:25 -0800] "GET /?t=72907105951603 HTTP/1.1" 200 3659 "-" "Mozilla/5.0 (Linux; Android 6.0.1; Nexus 5X Build/MMB29P) AppleWebKit/537.36 (KHTML, like Gecko) Chrome/141.0.7390.122 Mobile Safari/537.36 (compatible; Googlebot/2.1; +http://www.google.com/bot.html)" 
192.178.4.103 - - [13/Nov/2025:16:31:44 -0800] "GET /?t=3497068886400 HTTP/1.1" 200 3659 "-" "Mozilla/5.0 (Linux; Android 6.0.1; Nexus 5X Build/MMB29P) AppleWebKit/537.36 (KHTML, like Gecko) Chrome/141.0.7390.122 Mobile Safari/537.36 (compatible; Googlebot/2.1; +http://www.google.com/bot.html)" 
192.178.4.104 - - [13/Nov/2025:16:32:03 -0800] "GET /?t=39898208044400 HTTP/1.1" 200 3659 "-" "Mozilla/5.0 (Linux; Android 6.0.1; Nexus 5X Build/MMB29P) AppleWebKit/537.36 (KHTML, like Gecko) Chrome/141.0.7390.122 Mobile Safari/537.36 (compatible; Googlebot/2.1; +http://www.google.com/bot.html)" 
216.73.216.137 - - [13/Nov/2025:16:32:13 -0800] "GET /robots.txt HTTP/2.0" 200 318 "-" "Mozilla/5.0 AppleWebKit/537.36 (KHTML, like Gecko; compatible; ClaudeBot/1.0; +claudebot@anthropic.com)" 
216.73.216.137 - - [13/Nov/2025:16:32:13 -0800] "GET / HTTP/2.0" 200 4756 "-" "Mozilla/5.0 AppleWebKit/537.36 (KHTML, like Gecko; compatible; ClaudeBot/1.0; +claudebot@anthropic.com)" 
192.178.4.103 - - [13/Nov/2025:16:32:22 -0800] "GET /?t=98795297719701 HTTP/1.1" 200 3659 "-" "Mozilla/5.0 (Linux; Android 6.0.1; Nexus 5X Build/MMB29P) AppleWebKit/537.36 (KHTML, like Gecko) Chrome/141.0.7390.122 Mobile Safari/537.36 (compatible; Googlebot/2.1; +http://www.google.com/bot.html)" 
192.178.4.103 - - [13/Nov/2025:16:32:23 -0800] "GET /?t=9599627172507 HTTP/1.1" 200 310 "-" "Mozilla/5.0 (Linux; Android 6.0.1; Nexus 5X Build/MMB29P) AppleWebKit/537.36 (KHTML, like Gecko) Chrome/141.0.7390.122 Mobile Safari/537.36 (compatible; Googlebot/2.1; +http://www.google.com/bot.html)" 
15.235.96.44 - - [13/Nov/2025:16:32:25 -0800] "GET /page/9/?fileloc=/home/dh_pvsc7i/stevenfranssen.com/license.txt&path=/home/dh_pvsc7i/stevenfranssen.com HTTP/2.0" 200 10014 "-" "Mozilla/5.0 (compatible; AhrefsBot/7.0; +http://ahrefs.com/robot/)" 
34.148.54.42 - - [13/Nov/2025:16:32:32 -0800] "GET /tag/stefan-molyneux/ HTTP/1.0" 200 8328 "-" "ZoominfoBot (zoominfobot at zoominfo dot com)" 
192.178.4.103 - - [13/Nov/2025:16:32:41 -0800] "GET /?t=7040014480100 HTTP/1.1" 200 3659 "-" "Mozilla/5.0 (Linux; Android 6.0.1; Nexus 5X Build/MMB29P) AppleWebKit/537.36 (KHTML, like Gecko) Chrome/141.0.7390.122 Mobile Safari/537.36 (compatible; Googlebot/2.1; +http://www.google.com/bot.html)" 
114.119.152.149 - - [13/Nov/2025:16:32:43 -0800] "GET /search.php?products/179dy8469 HTTP/1.1" 200 24303 "https://www.stevenfranssen.com/search.php?sitemap394.xml" "Mozilla/5.0 (Linux; Android 7.0;) AppleWebKit/537.36 (KHTML, like Gecko) Mobile Safari/537.36 (compatible; PetalBot;+https://webmaster.petalsearch.com/site/petalbot)" 
52.167.144.160 - - [13/Nov/2025:16:32:49 -0800] "GET /?t=99828223355603 HTTP/2.0" 200 134 "-" "Mozilla/5.0 AppleWebKit/537.36 (KHTML, like Gecko; compatible; bingbot/2.0; +http://www.bing.com/bingbot.htm) Chrome/116.0.1938.76 Safari/537.36" 
192.178.4.103 - - [13/Nov/2025:16:33:19 -0800] "GET /?t=31814198678600 HTTP/1.1" 200 3659 "-" "Mozilla/5.0 (Linux; Android 6.0.1; Nexus 5X Build/MMB29P) AppleWebKit/537.36 (KHTML, like Gecko) Chrome/141.0.7390.122 Mobile Safari/537.36 (compatible; Googlebot/2.1; +http://www.google.com/bot.html)" 
192.178.4.103 - - [13/Nov/2025:16:33:38 -0800] "GET /?t=9191067384203 HTTP/1.1" 200 3659 "-" "Mozilla/5.0 (Linux; Android 6.0.1; Nexus 5X Build/MMB29P) AppleWebKit/537.36 (KHTML, like Gecko) Chrome/141.0.7390.122 Mobile Safari/537.36 (compatible; Googlebot/2.1; +http://www.google.com/bot.html)" 
54.39.89.181 - - [13/Nov/2025:16:34:02 -0800] "GET /page/9/?fileloc=/home/dh_pvsc7i/stevenfranssen.com/item.php&path=/home/dh_pvsc7i/stevenfranssen.com HTTP/2.0" 200 3671 "-" "Mozilla/5.0 (compatible; AhrefsBot/7.0; +http://ahrefs.com/robot/)" 
114.119.133.85 - - [13/Nov/2025:16:34:08 -0800] "GET /search.php?products/178yd21968 HTTP/1.1" 200 25073 "https://www.stevenfranssen.com/search.php?sitemap394.xml" "Mozilla/5.0 (Linux; Android 7.0;) AppleWebKit/537.36 (KHTML, like Gecko) Mobile Safari/537.36 (compatible; PetalBot;+https://webmaster.petalsearch.com/site/petalbot)" 
192.178.4.105 - - [13/Nov/2025:16:34:16 -0800] "GET /?t=8027793225101 HTTP/1.1" 200 3659 "-" "Mozilla/5.0 (Linux; Android 6.0.1; Nexus 5X Build/MMB29P) AppleWebKit/537.36 (KHTML, like Gecko) Chrome/141.0.7390.122 Mobile Safari/537.36 (compatible; Googlebot/2.1; +http://www.google.com/bot.html)" 
192.178.4.105 - - [13/Nov/2025:16:34:16 -0800] "GET /?t=9878114312901 HTTP/1.1" 200 310 "-" "Mozilla/5.0 (Linux; Android 6.0.1; Nexus 5X Build/MMB29P) AppleWebKit/537.36 (KHTML, like Gecko) Chrome/141.0.7390.122 Mobile Safari/537.36 (compatible; Googlebot/2.1; +http://www.google.com/bot.html)" 
192.178.4.103 - - [13/Nov/2025:16:34:54 -0800] "GET /?t=161212328402 HTTP/1.1" 200 3659 "-" "Mozilla/5.0 (Linux; Android 6.0.1; Nexus 5X Build/MMB29P) AppleWebKit/537.36 (KHTML, like Gecko) Chrome/141.0.7390.122 Mobile Safari/537.36 (compatible; Googlebot/2.1; +http://www.google.com/bot.html)" 
192.178.4.104 - - [13/Nov/2025:16:35:13 -0800] "GET /?t=69830286857600 HTTP/1.1" 200 3659 "-" "Mozilla/5.0 (Linux; Android 6.0.1; Nexus 5X Build/MMB29P) AppleWebKit/537.36 (KHTML, like Gecko) Chrome/141.0.7390.122 Mobile Safari/537.36 (compatible; Googlebot/2.1; +http://www.google.com/bot.html)" 
192.178.4.104 - - [13/Nov/2025:16:35:32 -0800] "GET /?t=89817201251601 HTTP/1.1" 200 3659 "-" "Mozilla/5.0 (Linux; Android 6.0.1; Nexus 5X Build/MMB29P) AppleWebKit/537.36 (KHTML, like Gecko) Chrome/141.0.7390.122 Mobile Safari/537.36 (compatible; Googlebot/2.1; +http://www.google.com/bot.html)" 
192.178.4.103 - - [13/Nov/2025:16:35:33 -0800] "GET /?t=80090177000000 HTTP/1.1" 200 3659 "-" "Mozilla/5.0 (Linux; Android 6.0.1; Nexus 5X Build/MMB29P) AppleWebKit/537.36 (KHTML, like Gecko) Chrome/141.0.7390.122 Mobile Safari/537.36 (compatible; Googlebot/2.1; +http://www.google.com/bot.html)" 
114.119.147.181 - - [13/Nov/2025:16:35:33 -0800] "GET /search.php?products/178ui32118 HTTP/1.1" 200 25070 "https://www.stevenfranssen.com/search.php?sitemap394.xml" "Mozilla/5.0 (Linux; Android 7.0;) AppleWebKit/537.36 (KHTML, like Gecko) Mobile Safari/537.36 (compatible; PetalBot;+https://webmaster.petalsearch.com/site/petalbot)" 
192.178.4.103 - - [13/Nov/2025:16:35:33 -0800] "GET /?t=27221133214500 HTTP/1.1" 200 310 "-" "Mozilla/5.0 (Linux; Android 6.0.1; Nexus 5X Build/MMB29P) AppleWebKit/537.36 (KHTML, like Gecko) Chrome/141.0.7390.122 Mobile Safari/537.36 (compatible; Googlebot/2.1; +http://www.google.com/bot.html)" 
54.39.210.232 - - [13/Nov/2025:16:35:50 -0800] "GET /page/9/?fileloc=/home/dh_pvsc7i/stevenfranssen.com/ioxi-o2.php&path=/home/dh_pvsc7i/stevenfranssen.com HTTP/2.0" 200 29616 "-" "Mozilla/5.0 (compatible; AhrefsBot/7.0; +http://ahrefs.com/robot/)" 
192.178.4.103 - - [13/Nov/2025:16:35:53 -0800] "GET /?t=1762051769202 HTTP/1.1" 200 3659 "-" "Mozilla/5.0 (Linux; Android 6.0.1; Nexus 5X Build/MMB29P) AppleWebKit/537.36 (KHTML, like Gecko) Chrome/141.0.7390.122 Mobile Safari/537.36 (compatible; Googlebot/2.1; +http://www.google.com/bot.html)" 
192.178.4.103 - - [13/Nov/2025:16:35:54 -0800] "GET /?t=13419100194600 HTTP/1.1" 200 310 "-" "Mozilla/5.0 (Linux; Android 6.0.1; Nexus 5X Build/MMB29P) AppleWebKit/537.36 (KHTML, like Gecko) Chrome/141.0.7390.122 Mobile Safari/537.36 (compatible; Googlebot/2.1; +http://www.google.com/bot.html)" 
192.178.4.105 - - [13/Nov/2025:16:36:13 -0800] "GET /?t=89419139450505 HTTP/1.1" 200 3659 "-" "Mozilla/5.0 (Linux; Android 6.0.1; Nexus 5X Build/MMB29P) AppleWebKit/537.36 (KHTML, like Gecko) Chrome/141.0.7390.122 Mobile Safari/537.36 (compatible; Googlebot/2.1; +http://www.google.com/bot.html)" 
157.55.39.13 - - [13/Nov/2025:16:36:19 -0800] "GET /?t=70746280071013 HTTP/2.0" 200 134 "-" "Mozilla/5.0 AppleWebKit/537.36 (KHTML, like Gecko; compatible; bingbot/2.0; +http://www.bing.com/bingbot.htm) Chrome/116.0.1938.76 Safari/537.36" 
192.178.4.104 - - [13/Nov/2025:16:36:53 -0800] "GET /?t=5489170575800 HTTP/1.1" 200 3659 "-" "Mozilla/5.0 (Linux; Android 6.0.1; Nexus 5X Build/MMB29P) AppleWebKit/537.36 (KHTML, like Gecko) Chrome/141.0.7390.122 Mobile Safari/537.36 (compatible; Googlebot/2.1; +http://www.google.com/bot.html)" 
114.119.147.181 - - [13/Nov/2025:16:36:55 -0800] "GET /search.php?products/178ee31398 HTTP/1.1" 200 24787 "https://www.stevenfranssen.com/search.php?sitemap394.xml" "Mozilla/5.0 (Linux; Android 7.0;) AppleWebKit/537.36 (KHTML, like Gecko) Mobile Safari/537.36 (compatible; PetalBot;+https://webmaster.petalsearch.com/site/petalbot)" 
192.178.4.104 - - [13/Nov/2025:16:37:12 -0800] "GET /?t=4309259398603 HTTP/1.1" 200 3659 "-" "Mozilla/5.0 (Linux; Android 6.0.1; Nexus 5X Build/MMB29P) AppleWebKit/537.36 (KHTML, like Gecko) Chrome/141.0.7390.122 Mobile Safari/537.36 (compatible; Googlebot/2.1; +http://www.google.com/bot.html)" 
192.178.4.103 - - [13/Nov/2025:16:37:30 -0800] "GET /?t=0708764135900 HTTP/1.1" 200 3659 "-" "Mozilla/5.0 (Linux; Android 6.0.1; Nexus 5X Build/MMB29P) AppleWebKit/537.36 (KHTML, like Gecko) Chrome/141.0.7390.122 Mobile Safari/537.36 (compatible; Googlebot/2.1; +http://www.google.com/bot.html)" 
192.178.4.103 - - [13/Nov/2025:16:37:31 -0800] "GET /?t=5311228578900 HTTP/1.1" 200 310 "-" "Mozilla/5.0 (Linux; Android 6.0.1; Nexus 5X Build/MMB29P) AppleWebKit/537.36 (KHTML, like Gecko) Chrome/141.0.7390.122 Mobile Safari/537.36 (compatible; Googlebot/2.1; +http://www.google.com/bot.html)" 
51.222.95.180 - - [13/Nov/2025:16:37:31 -0800] "GET /page/9/?fileloc=/home/dh_pvsc7i/stevenfranssen.com/ioxi-o.php&path=/home/dh_pvsc7i/stevenfranssen.com HTTP/2.0" 200 288255 "-" "Mozilla/5.0 (compatible; AhrefsBot/7.0; +http://ahrefs.com/robot/)" 
192.178.4.103 - - [13/Nov/2025:16:37:51 -0800] "GET /?t=5941036484101 HTTP/1.1" 200 3659 "-" "Mozilla/5.0 (Linux; Android 6.0.1; Nexus 5X Build/MMB29P) AppleWebKit/537.36 (KHTML, like Gecko) Chrome/141.0.7390.122 Mobile Safari/537.36 (compatible; Googlebot/2.1; +http://www.google.com/bot.html)" 
104.210.140.143 - - [13/Nov/2025:16:38:02 -0800] "GET /robots.txt HTTP/2.0" 301 367 "-" "Mozilla/5.0 (Macintosh; Intel Mac OS X 10_15_7) AppleWebKit/537.36 (KHTML, like Gecko) Chrome/131.0.0.0 Safari/537.36; compatible; OAI-SearchBot/1.0; +https://openai.com/searchbot" 
114.119.159.208 - - [13/Nov/2025:16:38:20 -0800] "GET /search.php?products/178bz9392 HTTP/1.1" 200 25172 "https://www.stevenfranssen.com/search.php?sitemap394.xml" "Mozilla/5.0 (Linux; Android 7.0;) AppleWebKit/537.36 (KHTML, like Gecko) Mobile Safari/537.36 (compatible; PetalBot;+https://webmaster.petalsearch.com/site/petalbot)" 
40.77.167.24 - - [13/Nov/2025:16:38:26 -0800] "GET /?t=8814040638801 HTTP/2.0" 200 134 "-" "Mozilla/5.0 AppleWebKit/537.36 (KHTML, like Gecko; compatible; bingbot/2.0; +http://www.bing.com/bingbot.htm) Chrome/116.0.1938.76 Safari/537.36" 
192.178.4.105 - - [13/Nov/2025:16:38:29 -0800] "GET /?t=10518165101300 HTTP/1.1" 200 3659 "-" "Mozilla/5.0 (Linux; Android 6.0.1; Nexus 5X Build/MMB29P) AppleWebKit/537.36 (KHTML, like Gecko) Chrome/141.0.7390.122 Mobile Safari/537.36 (compatible; Googlebot/2.1; +http://www.google.com/bot.html)" 
192.178.4.104 - - [13/Nov/2025:16:38:48 -0800] "GET /?t=98709127315803 HTTP/1.1" 200 3659 "-" "Mozilla/5.0 (Linux; Android 6.0.1; Nexus 5X Build/MMB29P) AppleWebKit/537.36 (KHTML, like Gecko) Chrome/141.0.7390.122 Mobile Safari/537.36 (compatible; Googlebot/2.1; +http://www.google.com/bot.html)" 
54.39.89.195 - - [13/Nov/2025:16:39:07 -0800] "GET /page/9/?fileloc=/home/dh_pvsc7i/stevenfranssen.com/index.php0&path=/home/dh_pvsc7i/stevenfranssen.com HTTP/2.0" 200 2724 "-" "Mozilla/5.0 (compatible; AhrefsBot/7.0; +http://ahrefs.com/robot/)" 
192.178.4.105 - - [13/Nov/2025:16:39:30 -0800] "GET /?t=4312839740 HTTP/1.1" 200 3659 "-" "Mozilla/5.0 (Linux; Android 6.0.1; Nexus 5X Build/MMB29P) AppleWebKit/537.36 (KHTML, like Gecko) Chrome/141.0.7390.122 Mobile Safari/537.36 (compatible; Googlebot/2.1; +http://www.google.com/bot.html)" 
114.119.131.151 - - [13/Nov/2025:16:39:42 -0800] "GET /search.php?products/177ws38313 HTTP/1.1" 200 24647 "https://www.stevenfranssen.com/search.php?sitemap394.xml" "Mozilla/5.0 (Linux; Android 7.0;) AppleWebKit/537.36 (KHTML, like Gecko) Mobile Safari/537.36 (compatible; PetalBot;+https://webmaster.petalsearch.com/site/petalbot)" 
192.178.4.104 - - [13/Nov/2025:16:40:27 -0800] "GET /?t=80377170426300 HTTP/1.1" 200 3659 "-" "Mozilla/5.0 (Linux; Android 6.0.1; Nexus 5X Build/MMB29P) AppleWebKit/537.36 (KHTML, like Gecko) Chrome/141.0.7390.122 Mobile Safari/537.36 (compatible; Googlebot/2.1; +http://www.google.com/bot.html)" 
148.113.128.212 - - [13/Nov/2025:16:40:45 -0800] "GET /page/9/?fileloc=/home/dh_pvsc7i/stevenfranssen.com/index.php&path=/home/dh_pvsc7i/stevenfranssen.com HTTP/2.0" 200 2724 "-" "Mozilla/5.0 (compatible; AhrefsBot/7.0; +http://ahrefs.com/robot/)" 
192.178.4.105 - - [13/Nov/2025:16:41:05 -0800] "GET /?t=94488132497904 HTTP/1.1" 200 3659 "-" "Mozilla/5.0 (Linux; Android 6.0.1; Nexus 5X Build/MMB29P) AppleWebKit/537.36 (KHTML, like Gecko) Chrome/141.0.7390.122 Mobile Safari/537.36 (compatible; Googlebot/2.1; +http://www.google.com/bot.html)" 
114.119.151.82 - - [13/Nov/2025:16:41:09 -0800] "GET /search.php?products/177pa37471 HTTP/1.1" 200 25539 "https://www.stevenfranssen.com/search.php?sitemap394.xml" "Mozilla/5.0 (Linux; Android 7.0;) AppleWebKit/537.36 (KHTML, like Gecko) Mobile Safari/537.36 (compatible; PetalBot;+https://webmaster.petalsearch.com/site/petalbot)" 
192.178.4.104 - - [13/Nov/2025:16:41:24 -0800] "GET /?t=2207291516500 HTTP/1.1" 200 3659 "-" "Mozilla/5.0 (Linux; Android 6.0.1; Nexus 5X Build/MMB29P) AppleWebKit/537.36 (KHTML, like Gecko) Chrome/141.0.7390.122 Mobile Safari/537.36 (compatible; Googlebot/2.1; +http://www.google.com/bot.html)" 
192.178.4.103 - - [13/Nov/2025:16:41:44 -0800] "GET /?t=198697444804 HTTP/1.1" 200 3659 "-" "Mozilla/5.0 (Linux; Android 6.0.1; Nexus 5X Build/MMB29P) AppleWebKit/537.36 (KHTML, like Gecko) Chrome/141.0.7390.122 Mobile Safari/537.36 (compatible; Googlebot/2.1; +http://www.google.com/bot.html)" 
192.178.4.103 - - [13/Nov/2025:16:41:44 -0800] "GET /?t=929713410000 HTTP/1.1" 200 310 "-" "Mozilla/5.0 (Linux; Android 6.0.1; Nexus 5X Build/MMB29P) AppleWebKit/537.36 (KHTML, like Gecko) Chrome/141.0.7390.122 Mobile Safari/537.36 (compatible; Googlebot/2.1; +http://www.google.com/bot.html)" 
192.178.4.103 - - [13/Nov/2025:16:41:46 -0800] "GET /art/?id=LIVE%20DRAW%20SHANGHAIlicenses/standard HTTP/1.1" 404 293 "-" "Mozilla/5.0 (Linux; Android 6.0.1; Nexus 5X Build/MMB29P) AppleWebKit/537.36 (KHTML, like Gecko) Chrome/141.0.7390.122 Mobile Safari/537.36 (compatible; Googlebot/2.1; +http://www.google.com/bot.html)" 
43.173.178.63 - - [13/Nov/2025:16:41:47 -0800] "GET /forgiveness-is-earned/ HTTP/1.1" 200 8368 "-" "Mozilla/5.0 (Windows NT 6.1; Win64; x64) AppleWebKit/537.36 (KHTML, like Gecko) Chrome/126.0.6478.114 Safari/537.36" 
192.178.4.103 - - [13/Nov/2025:16:41:52 -0800] "GET /?t=2130821925201 HTTP/1.1" 200 3659 "-" "Mozilla/5.0 (Linux; Android 6.0.1; Nexus 5X Build/MMB29P) AppleWebKit/537.36 (KHTML, like Gecko) Chrome/141.0.7390.122 Mobile Safari/537.36 (compatible; Googlebot/2.1; +http://www.google.com/bot.html)" 
51.161.65.249 - - [13/Nov/2025:16:42:22 -0800] "GET /page/9/?fileloc=/home/dh_pvsc7i/stevenfranssen.com/favicon.ico&path=/home/dh_pvsc7i/stevenfranssen.com HTTP/2.0" 200 2647 "-" "Mozilla/5.0 (compatible; AhrefsBot/7.0; +http://ahrefs.com/robot/)" 
192.178.4.104 - - [13/Nov/2025:16:42:23 -0800] "GET /?t=96757122346501 HTTP/1.1" 200 3659 "-" "Mozilla/5.0 (Linux; Android 6.0.1; Nexus 5X Build/MMB29P) AppleWebKit/537.36 (KHTML, like Gecko) Chrome/141.0.7390.122 Mobile Safari/537.36 (compatible; Googlebot/2.1; +http://www.google.com/bot.html)" 
114.119.133.85 - - [13/Nov/2025:16:42:30 -0800] "GET /search.php?products/177hc9575 HTTP/1.1" 200 25095 "https://www.stevenfranssen.com/search.php?sitemap394.xml" "Mozilla/5.0 (Linux; Android 7.0;) AppleWebKit/537.36 (KHTML, like Gecko) Mobile Safari/537.36 (compatible; PetalBot;+https://webmaster.petalsearch.com/site/petalbot)" 
192.178.4.103 - - [13/Nov/2025:16:43:07 -0800] "GET /?t=06277161424002 HTTP/1.1" 200 3659 "-" "Mozilla/5.0 (Linux; Android 6.0.1; Nexus 5X Build/MMB29P) AppleWebKit/537.36 (KHTML, like Gecko) Chrome/141.0.7390.122 Mobile Safari/537.36 (compatible; Googlebot/2.1; +http://www.google.com/bot.html)" 
192.178.4.103 - - [13/Nov/2025:16:43:26 -0800] "GET /?t=8198277406801 HTTP/1.1" 200 3659 "-" "Mozilla/5.0 (Linux; Android 6.0.1; Nexus 5X Build/MMB29P) AppleWebKit/537.36 (KHTML, like Gecko) Chrome/141.0.7390.122 Mobile Safari/537.36 (compatible; Googlebot/2.1; +http://www.google.com/bot.html)" 
114.119.131.151 - - [13/Nov/2025:16:43:56 -0800] "GET /search.php?products/177gm6737 HTTP/1.1" 200 24635 "https://www.stevenfranssen.com/search.php?sitemap394.xml" "Mozilla/5.0 (Linux; Android 7.0;) AppleWebKit/537.36 (KHTML, like Gecko) Mobile Safari/537.36 (compatible; PetalBot;+https://webmaster.petalsearch.com/site/petalbot)" 
192.178.4.104 - - [13/Nov/2025:16:44:05 -0800] "GET /?t=70130263204201 HTTP/1.1" 200 3659 "-" "Mozilla/5.0 (Linux; Android 6.0.1; Nexus 5X Build/MMB29P) AppleWebKit/537.36 (KHTML, like Gecko) Chrome/141.0.7390.122 Mobile Safari/537.36 (compatible; Googlebot/2.1; +http://www.google.com/bot.html)" 
142.44.233.74 - - [13/Nov/2025:16:44:11 -0800] "GET /page/9/?fileloc=/home/dh_pvsc7i/stevenfranssen.com/favicon.gif&path=/home/dh_pvsc7i/stevenfranssen.com HTTP/2.0" 200 2648 "-" "Mozilla/5.0 (compatible; AhrefsBot/7.0; +http://ahrefs.com/robot/)" 
192.178.4.104 - - [13/Nov/2025:16:44:44 -0800] "GET /?t=48272154072501 HTTP/1.1" 200 3659 "-" "Mozilla/5.0 (Linux; Android 6.0.1; Nexus 5X Build/MMB29P) AppleWebKit/537.36 (KHTML, like Gecko) Chrome/141.0.7390.122 Mobile Safari/537.36 (compatible; Googlebot/2.1; +http://www.google.com/bot.html)" 
192.178.4.103 - - [13/Nov/2025:16:44:45 -0800] "GET /?t=9862956198803 HTTP/1.1" 200 3659 "-" "Mozilla/5.0 (Linux; Android 6.0.1; Nexus 5X Build/MMB29P) AppleWebKit/537.36 (KHTML, like Gecko) Chrome/141.0.7390.122 Mobile Safari/537.36 (compatible; Googlebot/2.1; +http://www.google.com/bot.html)" 
192.178.4.103 - - [13/Nov/2025:16:45:04 -0800] "GET /?t=80908134693200 HTTP/1.1" 200 3659 "-" "Mozilla/5.0 (Linux; Android 6.0.1; Nexus 5X Build/MMB29P) AppleWebKit/537.36 (KHTML, like Gecko) Chrome/141.0.7390.122 Mobile Safari/537.36 (compatible; Googlebot/2.1; +http://www.google.com/bot.html)" 
