192.178.4.104 - - [13/Nov/2025:06:58:11 -0800] "GET /?t=98291121102804 HTTP/1.1" 200 3659 "-" "Mozilla/5.0 (Linux; Android 6.0.1; Nexus 5X Build/MMB29P) AppleWebKit/537.36 (KHTML, like Gecko) Chrome/141.0.7390.122 Mobile Safari/537.36 (compatible; Googlebot/2.1; +http://www.google.com/bot.html)" 
114.119.151.82 - - [13/Nov/2025:06:58:22 -0800] "GET /search.php?products/253wq35193 HTTP/1.1" 200 25173 "https://www.stevenfranssen.com/search.php?sitemap394.xml" "Mozilla/5.0 (Linux; Android 7.0;) AppleWebKit/537.36 (KHTML, like Gecko) Mobile Safari/537.36 (compatible; PetalBot;+https://webmaster.petalsearch.com/site/petalbot)" 
192.178.4.103 - - [13/Nov/2025:06:58:49 -0800] "GET /?t=991144987200 HTTP/1.1" 200 3659 "-" "Mozilla/5.0 (Linux; Android 6.0.1; Nexus 5X Build/MMB29P) AppleWebKit/537.36 (KHTML, like Gecko) Chrome/141.0.7390.122 Mobile Safari/537.36 (compatible; Googlebot/2.1; +http://www.google.com/bot.html)" 
192.178.4.103 - - [13/Nov/2025:06:59:38 -0800] "GET /?t=7951187076201 HTTP/1.1" 200 3659 "-" "Mozilla/5.0 (Linux; Android 6.0.1; Nexus 5X Build/MMB29P) AppleWebKit/537.36 (KHTML, like Gecko) Chrome/141.0.7390.122 Mobile Safari/537.36 (compatible; Googlebot/2.1; +http://www.google.com/bot.html)" 
114.119.152.149 - - [13/Nov/2025:06:59:47 -0800] "GET /search.php?products/253vm26405 HTTP/1.1" 200 24712 "https://www.stevenfranssen.com/search.php?sitemap394.xml" "Mozilla/5.0 (Linux; Android 7.0;) AppleWebKit/537.36 (KHTML, like Gecko) Mobile Safari/537.36 (compatible; PetalBot;+https://webmaster.petalsearch.com/site/petalbot)" 
192.178.4.103 - - [13/Nov/2025:07:00:23 -0800] "GET /?t=9382169948203 HTTP/1.1" 200 3659 "-" "Mozilla/5.0 (Linux; Android 6.0.1; Nexus 5X Build/MMB29P) AppleWebKit/537.36 (KHTML, like Gecko) Chrome/141.0.7390.122 Mobile Safari/537.36 (compatible; Googlebot/2.1; +http://www.google.com/bot.html)" 
160.191.139.208 - - [13/Nov/2025:07:00:34 -0800] "GET /wp-login.php HTTP/2.0" 429 351 "-" "Mozilla/5.0 (compatible; MSIE 9.0; Windows NT 6.3; WOW64; Trident/7.0)" 
160.191.139.208 - - [13/Nov/2025:07:00:38 -0800] "POST /wp-login.php HTTP/2.0" 429 278 "https://www.stevenfranssen.com/wp-login.php" "Mozilla/5.0 (compatible; MSIE 9.0; Windows NT 6.3; WOW64; Trident/7.0)" 
114.119.133.85 - - [13/Nov/2025:07:01:10 -0800] "GET /search.php?products/253hg8607 HTTP/1.1" 200 24667 "https://www.stevenfranssen.com/search.php?sitemap394.xml" "Mozilla/5.0 (Linux; Android 7.0;) AppleWebKit/537.36 (KHTML, like Gecko) Mobile Safari/537.36 (compatible; PetalBot;+https://webmaster.petalsearch.com/site/petalbot)" 
216.73.216.137 - - [13/Nov/2025:07:01:26 -0800] "GET / HTTP/2.0" 200 14706 "-" "Mozilla/5.0 AppleWebKit/537.36 (KHTML, like Gecko; compatible; ClaudeBot/1.0; +claudebot@anthropic.com)" 
192.178.4.105 - - [13/Nov/2025:07:01:28 -0800] "GET /?t=55963145953702 HTTP/1.1" 200 3659 "-" "Mozilla/5.0 (Linux; Android 6.0.1; Nexus 5X Build/MMB29P) AppleWebKit/537.36 (KHTML, like Gecko) Chrome/141.0.7390.122 Mobile Safari/537.36 (compatible; Googlebot/2.1; +http://www.google.com/bot.html)" 
192.178.4.104 - - [13/Nov/2025:07:01:29 -0800] "GET /?t=7241651323808 HTTP/1.1" 200 3659 "-" "Mozilla/5.0 (Linux; Android 6.0.1; Nexus 5X Build/MMB29P) AppleWebKit/537.36 (KHTML, like Gecko) Chrome/141.0.7390.122 Mobile Safari/537.36 (compatible; Googlebot/2.1; +http://www.google.com/bot.html)" 
192.178.4.103 - - [13/Nov/2025:07:02:13 -0800] "GET /?t=7860014544900 HTTP/1.1" 200 3659 "-" "Mozilla/5.0 (Linux; Android 6.0.1; Nexus 5X Build/MMB29P) AppleWebKit/537.36 (KHTML, like Gecko) Chrome/141.0.7390.122 Mobile Safari/537.36 (compatible; Googlebot/2.1; +http://www.google.com/bot.html)" 
114.119.159.208 - - [13/Nov/2025:07:02:34 -0800] "GET /search.php?products/253fy39855 HTTP/1.1" 200 24918 "https://www.stevenfranssen.com/search.php?sitemap394.xml" "Mozilla/5.0 (Linux; Android 7.0;) AppleWebKit/537.36 (KHTML, like Gecko) Mobile Safari/537.36 (compatible; PetalBot;+https://webmaster.petalsearch.com/site/petalbot)" 
192.178.4.103 - - [13/Nov/2025:07:02:53 -0800] "GET /?t=20977111866800 HTTP/1.1" 200 3659 "-" "Mozilla/5.0 (Linux; Android 6.0.1; Nexus 5X Build/MMB29P) AppleWebKit/537.36 (KHTML, like Gecko) Chrome/141.0.7390.122 Mobile Safari/537.36 (compatible; Googlebot/2.1; +http://www.google.com/bot.html)" 
192.178.4.103 - - [13/Nov/2025:07:02:57 -0800] "GET /product/clerk35?c=g&l=995 HTTP/1.1" 200 370 "-" "Mozilla/5.0 (Linux; Android 6.0.1; Nexus 5X Build/MMB29P) AppleWebKit/537.36 (KHTML, like Gecko) Chrome/141.0.7390.122 Mobile Safari/537.36 (compatible; Googlebot/2.1; +http://www.google.com/bot.html)" 
192.178.4.103 - - [13/Nov/2025:07:02:58 -0800] "GET /?t=01813232576402 HTTP/1.1" 200 310 "-" "Mozilla/5.0 (Linux; Android 6.0.1; Nexus 5X Build/MMB29P) AppleWebKit/537.36 (KHTML, like Gecko) Chrome/141.0.7390.122 Mobile Safari/537.36 (compatible; Googlebot/2.1; +http://www.google.com/bot.html)" 
192.178.4.104 - - [13/Nov/2025:07:04:00 -0800] "GET /?t=16610140706603 HTTP/1.1" 200 3659 "-" "Mozilla/5.0 (Linux; Android 6.0.1; Nexus 5X Build/MMB29P) AppleWebKit/537.36 (KHTML, like Gecko) Chrome/141.0.7390.122 Mobile Safari/537.36 (compatible; Googlebot/2.1; +http://www.google.com/bot.html)" 
114.119.145.42 - - [13/Nov/2025:07:04:02 -0800] "GET /search.php?products/252zw762 HTTP/1.1" 200 25181 "https://www.stevenfranssen.com/search.php?sitemap394.xml" "Mozilla/5.0 (Linux; Android 7.0;) AppleWebKit/537.36 (KHTML, like Gecko) Mobile Safari/537.36 (compatible; PetalBot;+https://webmaster.petalsearch.com/site/petalbot)" 
192.178.4.104 - - [13/Nov/2025:07:04:13 -0800] "GET /?t=2761883441406 HTTP/1.1" 200 3659 "-" "Mozilla/5.0 (Linux; Android 6.0.1; Nexus 5X Build/MMB29P) AppleWebKit/537.36 (KHTML, like Gecko) Chrome/141.0.7390.122 Mobile Safari/537.36 (compatible; Googlebot/2.1; +http://www.google.com/bot.html)" 
52.167.144.23 - - [13/Nov/2025:07:04:37 -0800] "GET /the-seeds-of-discontent/ HTTP/2.0" 200 172 "-" "Mozilla/5.0 AppleWebKit/537.36 (KHTML, like Gecko; compatible; bingbot/2.0; +http://www.bing.com/bingbot.htm) Chrome/116.0.1938.76 Safari/537.36" 
192.178.4.103 - - [13/Nov/2025:07:04:46 -0800] "GET /?t=0140147251001 HTTP/1.1" 200 3659 "-" "Mozilla/5.0 (Linux; Android 6.0.1; Nexus 5X Build/MMB29P) AppleWebKit/537.36 (KHTML, like Gecko) Chrome/141.0.7390.122 Mobile Safari/537.36 (compatible; Googlebot/2.1; +http://www.google.com/bot.html)" 
142.44.228.138 - - [13/Nov/2025:07:05:04 -0800] "GET /?sitemap26.xml HTTP/2.0" 200 134 "-" "Mozilla/5.0 (compatible; AhrefsBot/7.0; +http://ahrefs.com/robot/)" 
114.119.145.42 - - [13/Nov/2025:07:05:26 -0800] "GET /search.php?products/252se27616 HTTP/1.1" 200 24655 "https://www.stevenfranssen.com/search.php?sitemap394.xml" "Mozilla/5.0 (Linux; Android 7.0;) AppleWebKit/537.36 (KHTML, like Gecko) Mobile Safari/537.36 (compatible; PetalBot;+https://webmaster.petalsearch.com/site/petalbot)" 
220.181.108.155 - - [13/Nov/2025:07:06:36 -0800] "GET /6-months-retired-from-politics/ HTTP/1.1" 429 3594 "-" "Mozilla/5.0 (compatible; Baiduspider/2.0; +http://www.baidu.com/search/spider.html)" 
119.249.100.117 - - [13/Nov/2025:07:06:37 -0800] "GET /6-months-retired-from-politics/ HTTP/1.1" 200 21934 "-" "Mozilla/5.0 (Windows NT 10.0; WOW64) AppleWebKit/537.36 (KHTML, like Gecko) Chrome/48.0.2564.116 Safari/537.36" 
114.119.147.181 - - [13/Nov/2025:07:06:44 -0800] "GET /search.php?products/252rs30456 HTTP/1.1" 200 25061 "https://www.stevenfranssen.com/search.php?sitemap394.xml" "Mozilla/5.0 (Linux; Android 7.0;) AppleWebKit/537.36 (KHTML, like Gecko) Mobile Safari/537.36 (compatible; PetalBot;+https://webmaster.petalsearch.com/site/petalbot)" 
192.178.4.103 - - [13/Nov/2025:07:07:24 -0800] "GET /?t=2589646893301 HTTP/1.1" 200 3659 "-" "Mozilla/5.0 (Linux; Android 6.0.1; Nexus 5X Build/MMB29P) AppleWebKit/537.36 (KHTML, like Gecko) Chrome/141.0.7390.122 Mobile Safari/537.36 (compatible; Googlebot/2.1; +http://www.google.com/bot.html)" 
192.178.4.103 - - [13/Nov/2025:07:07:37 -0800] "GET /?t=1955171018600 HTTP/1.1" 200 3659 "-" "Mozilla/5.0 (Linux; Android 6.0.1; Nexus 5X Build/MMB29P) AppleWebKit/537.36 (KHTML, like Gecko) Chrome/141.0.7390.122 Mobile Safari/537.36 (compatible; Googlebot/2.1; +http://www.google.com/bot.html)" 
192.178.4.103 - - [13/Nov/2025:07:07:50 -0800] "GET /?t=2051976414001 HTTP/1.1" 200 3659 "-" "Mozilla/5.0 (Linux; Android 6.0.1; Nexus 5X Build/MMB29P) AppleWebKit/537.36 (KHTML, like Gecko) Chrome/141.0.7390.122 Mobile Safari/537.36 (compatible; Googlebot/2.1; +http://www.google.com/bot.html)" 
192.178.4.103 - - [13/Nov/2025:07:07:51 -0800] "GET /?t=7158835720001 HTTP/1.1" 200 310 "-" "Mozilla/5.0 (Linux; Android 6.0.1; Nexus 5X Build/MMB29P) AppleWebKit/537.36 (KHTML, like Gecko) Chrome/141.0.7390.122 Mobile Safari/537.36 (compatible; Googlebot/2.1; +http://www.google.com/bot.html)" 
192.178.4.103 - - [13/Nov/2025:07:07:52 -0800] "GET /product/fan6?c=g&l=788 HTTP/1.1" 200 370 "-" "Mozilla/5.0 (Linux; Android 6.0.1; Nexus 5X Build/MMB29P) AppleWebKit/537.36 (KHTML, like Gecko) Chrome/141.0.7390.122 Mobile Safari/537.36 (compatible; Googlebot/2.1; +http://www.google.com/bot.html)" 
192.178.4.105 - - [13/Nov/2025:07:08:07 -0800] "GET /?t=89030226396800 HTTP/1.1" 200 3659 "-" "Mozilla/5.0 (Linux; Android 6.0.1; Nexus 5X Build/MMB29P) AppleWebKit/537.36 (KHTML, like Gecko) Chrome/141.0.7390.122 Mobile Safari/537.36 (compatible; Googlebot/2.1; +http://www.google.com/bot.html)" 
114.119.152.149 - - [13/Nov/2025:07:08:08 -0800] "GET /search.php?products/252rn18400 HTTP/1.1" 200 24314 "https://www.stevenfranssen.com/search.php?sitemap394.xml" "Mozilla/5.0 (Linux; Android 7.0;) AppleWebKit/537.36 (KHTML, like Gecko) Mobile Safari/537.36 (compatible; PetalBot;+https://webmaster.petalsearch.com/site/petalbot)" 
192.178.4.103 - - [13/Nov/2025:07:08:20 -0800] "GET /?t=50797299636500 HTTP/1.1" 200 3659 "-" "Mozilla/5.0 (Linux; Android 6.0.1; Nexus 5X Build/MMB29P) AppleWebKit/537.36 (KHTML, like Gecko) Chrome/141.0.7390.122 Mobile Safari/537.36 (compatible; Googlebot/2.1; +http://www.google.com/bot.html)" 
192.178.4.103 - - [13/Nov/2025:07:08:34 -0800] "GET /sympathy094000789.html HTTP/1.1" 200 3719 "-" "Mozilla/5.0 (Linux; Android 6.0.1; Nexus 5X Build/MMB29P) AppleWebKit/537.36 (KHTML, like Gecko) Chrome/141.0.7390.122 Mobile Safari/537.36 (compatible; Googlebot/2.1; +http://www.google.com/bot.html)" 
192.178.4.103 - - [13/Nov/2025:07:08:35 -0800] "GET /?t=70965169136902 HTTP/1.1" 200 310 "-" "Mozilla/5.0 (Linux; Android 6.0.1; Nexus 5X Build/MMB29P) AppleWebKit/537.36 (KHTML, like Gecko) Chrome/141.0.7390.122 Mobile Safari/537.36 (compatible; Googlebot/2.1; +http://www.google.com/bot.html)" 
192.178.4.103 - - [13/Nov/2025:07:08:36 -0800] "GET /?t=2288037749900 HTTP/1.1" 200 310 "-" "Mozilla/5.0 (Linux; Android 6.0.1; Nexus 5X Build/MMB29P) AppleWebKit/537.36 (KHTML, like Gecko) Chrome/141.0.7390.122 Mobile Safari/537.36 (compatible; Googlebot/2.1; +http://www.google.com/bot.html)" 
192.178.4.103 - - [13/Nov/2025:07:08:49 -0800] "GET /art/?id=FLM%20BOKEP%20JEPANGlicenses/standard HTTP/1.1" 404 3642 "-" "Mozilla/5.0 (Linux; Android 6.0.1; Nexus 5X Build/MMB29P) AppleWebKit/537.36 (KHTML, like Gecko) Chrome/141.0.7390.122 Mobile Safari/537.36 (compatible; Googlebot/2.1; +http://www.google.com/bot.html)" 
192.178.4.103 - - [13/Nov/2025:07:09:01 -0800] "GET /art/?id=JAV%20SEKSlicenses HTTP/1.1" 404 3642 "-" "Mozilla/5.0 (Linux; Android 6.0.1; Nexus 5X Build/MMB29P) AppleWebKit/537.36 (KHTML, like Gecko) Chrome/141.0.7390.122 Mobile Safari/537.36 (compatible; Googlebot/2.1; +http://www.google.com/bot.html)" 
114.119.147.181 - - [13/Nov/2025:07:09:33 -0800] "GET /search.php?products/252pk19194 HTTP/1.1" 200 25296 "https://www.stevenfranssen.com/search.php?sitemap394.xml" "Mozilla/5.0 (Linux; Android 7.0;) AppleWebKit/537.36 (KHTML, like Gecko) Mobile Safari/537.36 (compatible; PetalBot;+https://webmaster.petalsearch.com/site/petalbot)" 
192.178.4.103 - - [13/Nov/2025:07:09:48 -0800] "GET /art/?id=BOKEP%20JEPANG HTTP/1.1" 200 37013 "-" "Mozilla/5.0 (Linux; Android 6.0.1; Nexus 5X Build/MMB29P) AppleWebKit/537.36 (KHTML, like Gecko) Chrome/141.0.7390.122 Mobile Safari/537.36 (compatible; Googlebot/2.1; +http://www.google.com/bot.html)" 
192.178.4.104 - - [13/Nov/2025:07:10:00 -0800] "GET /art/?id=CASINO%20OPUS HTTP/1.1" 200 37013 "-" "Mozilla/5.0 (Linux; Android 6.0.1; Nexus 5X Build/MMB29P) AppleWebKit/537.36 (KHTML, like Gecko) Chrome/141.0.7390.122 Mobile Safari/537.36 (compatible; Googlebot/2.1; +http://www.google.com/bot.html)" 
192.178.4.104 - - [13/Nov/2025:07:10:11 -0800] "GET /art/?id=GAMBAR%20PORNO HTTP/1.1" 200 37012 "-" "Mozilla/5.0 (Linux; Android 6.0.1; Nexus 5X Build/MMB29P) AppleWebKit/537.36 (KHTML, like Gecko) Chrome/141.0.7390.122 Mobile Safari/537.36 (compatible; Googlebot/2.1; +http://www.google.com/bot.html)" 
192.178.4.103 - - [13/Nov/2025:07:10:22 -0800] "GET /art/?id=BOKEP%20MANHWA HTTP/1.1" 200 37005 "-" "Mozilla/5.0 (Linux; Android 6.0.1; Nexus 5X Build/MMB29P) AppleWebKit/537.36 (KHTML, like Gecko) Chrome/141.0.7390.122 Mobile Safari/537.36 (compatible; Googlebot/2.1; +http://www.google.com/bot.html)" 
192.178.4.103 - - [13/Nov/2025:07:10:23 -0800] "GET /booth066000445.html HTTP/1.1" 200 370 "-" "Mozilla/5.0 (Linux; Android 6.0.1; Nexus 5X Build/MMB29P) AppleWebKit/537.36 (KHTML, like Gecko) Chrome/141.0.7390.122 Mobile Safari/537.36 (compatible; Googlebot/2.1; +http://www.google.com/bot.html)" 
192.178.4.103 - - [13/Nov/2025:07:10:34 -0800] "GET /art/?id=SLOT%20AMERIKA HTTP/1.1" 200 36999 "-" "Mozilla/5.0 (Linux; Android 6.0.1; Nexus 5X Build/MMB29P) AppleWebKit/537.36 (KHTML, like Gecko) Chrome/141.0.7390.122 Mobile Safari/537.36 (compatible; Googlebot/2.1; +http://www.google.com/bot.html)" 
192.178.4.103 - - [13/Nov/2025:07:10:34 -0800] "GET /art/?id=BOKEB%20BACOL HTTP/1.1" 200 33664 "-" "Mozilla/5.0 (Linux; Android 6.0.1; Nexus 5X Build/MMB29P) AppleWebKit/537.36 (KHTML, like Gecko) Chrome/141.0.7390.122 Mobile Safari/537.36 (compatible; Googlebot/2.1; +http://www.google.com/bot.html)" 
192.178.4.103 - - [13/Nov/2025:07:10:40 -0800] "GET /art/?id=BNNTOTO%20LOGIN HTTP/1.1" 200 37015 "-" "Mozilla/5.0 (Linux; Android 6.0.1; Nexus 5X Build/MMB29P) AppleWebKit/537.36 (KHTML, like Gecko) Chrome/141.0.7390.122 Mobile Safari/537.36 (compatible; Googlebot/2.1; +http://www.google.com/bot.html)" 
114.119.145.42 - - [13/Nov/2025:07:10:54 -0800] "GET /search.php?products/251zk16313 HTTP/1.1" 200 24791 "https://www.stevenfranssen.com/search.php?sitemap394.xml" "Mozilla/5.0 (Linux; Android 7.0;) AppleWebKit/537.36 (KHTML, like Gecko) Mobile Safari/537.36 (compatible; PetalBot;+https://webmaster.petalsearch.com/site/petalbot)" 
192.178.4.103 - - [13/Nov/2025:07:10:59 -0800] "GET /art/?id=BIGO%20LIVE%20COLMEK HTTP/1.1" 200 36983 "-" "Mozilla/5.0 (Linux; Android 6.0.1; Nexus 5X Build/MMB29P) AppleWebKit/537.36 (KHTML, like Gecko) Chrome/141.0.7390.122 Mobile Safari/537.36 (compatible; Googlebot/2.1; +http://www.google.com/bot.html)" 
192.178.4.103 - - [13/Nov/2025:07:11:06 -0800] "GET /art/?id=JAV%20SEX%20PHIM HTTP/1.1" 200 37013 "-" "Mozilla/5.0 (Linux; Android 6.0.1; Nexus 5X Build/MMB29P) AppleWebKit/537.36 (KHTML, like Gecko) Chrome/141.0.7390.122 Mobile Safari/537.36 (compatible; Googlebot/2.1; +http://www.google.com/bot.html)" 
192.178.4.103 - - [13/Nov/2025:07:11:22 -0800] "GET /art/?id=XNXX%20TANTE HTTP/1.1" 200 37003 "-" "Mozilla/5.0 (Linux; Android 6.0.1; Nexus 5X Build/MMB29P) AppleWebKit/537.36 (KHTML, like Gecko) Chrome/141.0.7390.122 Mobile Safari/537.36 (compatible; Googlebot/2.1; +http://www.google.com/bot.html)" 
192.178.4.103 - - [13/Nov/2025:07:11:22 -0800] "GET /?t=91227553002 HTTP/1.1" 200 310 "-" "Mozilla/5.0 (Linux; Android 6.0.1; Nexus 5X Build/MMB29P) AppleWebKit/537.36 (KHTML, like Gecko) Chrome/141.0.7390.122 Mobile Safari/537.36 (compatible; Googlebot/2.1; +http://www.google.com/bot.html)" 
192.178.4.103 - - [13/Nov/2025:07:11:29 -0800] "GET /art/?id=GUDANG%20BOKEP HTTP/1.1" 200 37011 "-" "Mozilla/5.0 (Linux; Android 6.0.1; Nexus 5X Build/MMB29P) AppleWebKit/537.36 (KHTML, like Gecko) Chrome/141.0.7390.122 Mobile Safari/537.36 (compatible; Googlebot/2.1; +http://www.google.com/bot.html)" 
192.178.4.103 - - [13/Nov/2025:07:11:35 -0800] "GET /art/?id=HIJAB%20KACAMATA%20BOKEP HTTP/1.1" 200 37018 "-" "Mozilla/5.0 (Linux; Android 6.0.1; Nexus 5X Build/MMB29P) AppleWebKit/537.36 (KHTML, like Gecko) Chrome/141.0.7390.122 Mobile Safari/537.36 (compatible; Googlebot/2.1; +http://www.google.com/bot.html)" 
192.178.4.103 - - [13/Nov/2025:07:11:48 -0800] "GET /art/?id=BOKEP%20BANGBROS HTTP/1.1" 200 37005 "-" "Mozilla/5.0 (Linux; Android 6.0.1; Nexus 5X Build/MMB29P) AppleWebKit/537.36 (KHTML, like Gecko) Chrome/141.0.7390.122 Mobile Safari/537.36 (compatible; Googlebot/2.1; +http://www.google.com/bot.html)" 
114.119.151.82 - - [13/Nov/2025:07:12:20 -0800] "GET /search.php?products/251xx43535 HTTP/1.1" 200 25418 "https://www.stevenfranssen.com/search.php?sitemap394.xml" "Mozilla/5.0 (Linux; Android 7.0;) AppleWebKit/537.36 (KHTML, like Gecko) Mobile Safari/537.36 (compatible; PetalBot;+https://webmaster.petalsearch.com/site/petalbot)" 
192.178.4.104 - - [13/Nov/2025:07:12:55 -0800] "GET /?t=7082478481501 HTTP/1.1" 200 3659 "-" "Mozilla/5.0 (Linux; Android 6.0.1; Nexus 5X Build/MMB29P) AppleWebKit/537.36 (KHTML, like Gecko) Chrome/141.0.7390.122 Mobile Safari/537.36 (compatible; Googlebot/2.1; +http://www.google.com/bot.html)" 
216.73.216.137 - - [13/Nov/2025:07:12:58 -0800] "GET / HTTP/2.0" 200 14706 "-" "Mozilla/5.0 AppleWebKit/537.36 (KHTML, like Gecko; compatible; ClaudeBot/1.0; +claudebot@anthropic.com)" 
192.178.4.104 - - [13/Nov/2025:07:13:17 -0800] "GET /?t=7625947015105 HTTP/1.1" 200 3659 "-" "Mozilla/5.0 (Linux; Android 6.0.1; Nexus 5X Build/MMB29P) AppleWebKit/537.36 (KHTML, like Gecko) Chrome/141.0.7390.122 Mobile Safari/537.36 (compatible; Googlebot/2.1; +http://www.google.com/bot.html)" 
192.178.4.104 - - [13/Nov/2025:07:13:28 -0800] "GET /?t=00308216239905 HTTP/1.1" 200 3659 "-" "Mozilla/5.0 (Linux; Android 6.0.1; Nexus 5X Build/MMB29P) AppleWebKit/537.36 (KHTML, like Gecko) Chrome/141.0.7390.122 Mobile Safari/537.36 (compatible; Googlebot/2.1; +http://www.google.com/bot.html)" 
98.98.19.212 - - [13/Nov/2025:07:13:41 -0800] "POST /xmlrpc.php HTTP/1.1" 429 3567 "-" "Mozilla/5.0 (Windows NT 10.0; Win64; x64) AppleWebKit/537.36 (KHTML, like Gecko) Chrome/114.0.0.0 Safari/537.36" 
98.98.19.212 - - [13/Nov/2025:07:13:42 -0800] "POST /xmlrpc.php HTTP/1.1" 429 620 "-" "Mozilla/5.0 (Windows NT 10.0; Win64; x64) AppleWebKit/537.36 (KHTML, like Gecko) Chrome/114.0.0.0 Safari/537.36" 
114.119.145.42 - - [13/Nov/2025:07:13:42 -0800] "GET /search.php?products/251wq30043 HTTP/1.1" 200 24935 "https://www.stevenfranssen.com/search.php?sitemap394.xml" "Mozilla/5.0 (Linux; Android 7.0;) AppleWebKit/537.36 (KHTML, like Gecko) Mobile Safari/537.36 (compatible; PetalBot;+https://webmaster.petalsearch.com/site/petalbot)" 
192.178.4.103 - - [13/Nov/2025:07:13:50 -0800] "GET /?t=9489982077906 HTTP/1.1" 200 3659 "-" "Mozilla/5.0 (Linux; Android 6.0.1; Nexus 5X Build/MMB29P) AppleWebKit/537.36 (KHTML, like Gecko) Chrome/141.0.7390.122 Mobile Safari/537.36 (compatible; Googlebot/2.1; +http://www.google.com/bot.html)" 
192.178.4.103 - - [13/Nov/2025:07:14:01 -0800] "GET /?t=8382657613802 HTTP/1.1" 200 3659 "-" "Mozilla/5.0 (Linux; Android 6.0.1; Nexus 5X Build/MMB29P) AppleWebKit/537.36 (KHTML, like Gecko) Chrome/141.0.7390.122 Mobile Safari/537.36 (compatible; Googlebot/2.1; +http://www.google.com/bot.html)" 
192.178.4.103 - - [13/Nov/2025:07:14:08 -0800] "GET /?t=5881775589200 HTTP/1.1" 200 3659 "-" "Mozilla/5.0 (Linux; Android 6.0.1; Nexus 5X Build/MMB29P) AppleWebKit/537.36 (KHTML, like Gecko) Chrome/141.0.7390.122 Mobile Safari/537.36 (compatible; Googlebot/2.1; +http://www.google.com/bot.html)" 
192.178.4.103 - - [13/Nov/2025:07:14:14 -0800] "GET /?t=80132139137301 HTTP/1.1" 200 3659 "-" "Mozilla/5.0 (Linux; Android 6.0.1; Nexus 5X Build/MMB29P) AppleWebKit/537.36 (KHTML, like Gecko) Chrome/141.0.7390.122 Mobile Safari/537.36 (compatible; Googlebot/2.1; +http://www.google.com/bot.html)" 
192.178.4.103 - - [13/Nov/2025:07:14:24 -0800] "GET /?t=10329276936801 HTTP/1.1" 200 3659 "-" "Mozilla/5.0 (Linux; Android 6.0.1; Nexus 5X Build/MMB29P) AppleWebKit/537.36 (KHTML, like Gecko) Chrome/141.0.7390.122 Mobile Safari/537.36 (compatible; Googlebot/2.1; +http://www.google.com/bot.html)" 
192.178.4.103 - - [13/Nov/2025:07:14:37 -0800] "GET /?t=9691067976602 HTTP/1.1" 200 3659 "-" "Mozilla/5.0 (Linux; Android 6.0.1; Nexus 5X Build/MMB29P) AppleWebKit/537.36 (KHTML, like Gecko) Chrome/141.0.7390.122 Mobile Safari/537.36 (compatible; Googlebot/2.1; +http://www.google.com/bot.html)" 
15.235.96.211 - - [13/Nov/2025:07:14:49 -0800] "GET /page/11/?t=02306150558402 HTTP/2.0" 200 15016 "-" "Mozilla/5.0 (compatible; AhrefsBot/7.0; +http://ahrefs.com/robot/)" 
192.178.4.103 - - [13/Nov/2025:07:15:00 -0800] "GET /?t=41695214020805 HTTP/1.1" 200 3659 "-" "Mozilla/5.0 (Linux; Android 6.0.1; Nexus 5X Build/MMB29P) AppleWebKit/537.36 (KHTML, like Gecko) Chrome/141.0.7390.122 Mobile Safari/537.36 (compatible; Googlebot/2.1; +http://www.google.com/bot.html)" 
114.119.151.82 - - [13/Nov/2025:07:15:06 -0800] "GET /search.php?products/251wg29689 HTTP/1.1" 200 25604 "https://www.stevenfranssen.com/search.php?sitemap394.xml" "Mozilla/5.0 (Linux; Android 7.0;) AppleWebKit/537.36 (KHTML, like Gecko) Mobile Safari/537.36 (compatible; PetalBot;+https://webmaster.petalsearch.com/site/petalbot)" 
192.178.4.103 - - [13/Nov/2025:07:15:11 -0800] "GET /?t=60768102107001 HTTP/1.1" 200 3659 "-" "Mozilla/5.0 (Linux; Android 6.0.1; Nexus 5X Build/MMB29P) AppleWebKit/537.36 (KHTML, like Gecko) Chrome/141.0.7390.122 Mobile Safari/537.36 (compatible; Googlebot/2.1; +http://www.google.com/bot.html)" 
216.73.216.137 - - [13/Nov/2025:07:15:22 -0800] "GET /search.php HTTP/2.0" 200 21870 "-" "Mozilla/5.0 AppleWebKit/537.36 (KHTML, like Gecko; compatible; ClaudeBot/1.0; +claudebot@anthropic.com)" 
192.178.4.103 - - [13/Nov/2025:07:15:22 -0800] "GET /?t=37890137231003 HTTP/1.1" 200 3659 "-" "Mozilla/5.0 (Linux; Android 6.0.1; Nexus 5X Build/MMB29P) AppleWebKit/537.36 (KHTML, like Gecko) Chrome/141.0.7390.122 Mobile Safari/537.36 (compatible; Googlebot/2.1; +http://www.google.com/bot.html)" 
192.178.4.103 - - [13/Nov/2025:07:15:35 -0800] "GET /?t=60102168704703 HTTP/1.1" 200 3659 "-" "Mozilla/5.0 (Linux; Android 6.0.1; Nexus 5X Build/MMB29P) AppleWebKit/537.36 (KHTML, like Gecko) Chrome/141.0.7390.122 Mobile Safari/537.36 (compatible; Googlebot/2.1; +http://www.google.com/bot.html)" 
202.46.63.56 - - [13/Nov/2025:07:15:43 -0800] "GET /tag/comedy/ HTTP/1.1" 429 3594 "-" "Mozilla/5.0 (Windows NT 10.0; Win64; x64) AppleWebKit/537.36 (KHTML, like Gecko) Chrome/133.0.6943.141 Safari/537.36" 
192.178.4.103 - - [13/Nov/2025:07:15:46 -0800] "GET /?t=69021249762900 HTTP/1.1" 200 3659 "-" "Mozilla/5.0 (Linux; Android 6.0.1; Nexus 5X Build/MMB29P) AppleWebKit/537.36 (KHTML, like Gecko) Chrome/141.0.7390.122 Mobile Safari/537.36 (compatible; Googlebot/2.1; +http://www.google.com/bot.html)" 
202.46.63.57 - - [13/Nov/2025:07:15:47 -0800] "GET /tag/comedy/ HTTP/1.1" 429 3811 "-" "Mozilla/5.0 (Windows NT 6.1; Win64; x64) AppleWebKit/537.36 (KHTML, like Gecko) Chrome/106.0.0.0 Safari/537.36 Edg/106.0.1370.52" 
202.46.63.64 - - [13/Nov/2025:07:15:53 -0800] "GET /tag/comedy/ HTTP/1.1" 429 3796 "-" "Mozilla/5.0 (Windows NT 10.0; Win64; x64) AppleWebKit/537.36 (KHTML, like Gecko) Chrome/107.0.0.0 Safari/537.36 Edg/107.0.1418.42" 
192.178.4.104 - - [13/Nov/2025:07:16:07 -0800] "GET /?t=90874180588506 HTTP/1.1" 200 3659 "-" "Mozilla/5.0 (Linux; Android 6.0.1; Nexus 5X Build/MMB29P) AppleWebKit/537.36 (KHTML, like Gecko) Chrome/141.0.7390.122 Mobile Safari/537.36 (compatible; Googlebot/2.1; +http://www.google.com/bot.html)" 
192.178.4.104 - - [13/Nov/2025:07:16:18 -0800] "GET /?t=9396263500800 HTTP/1.1" 200 3659 "-" "Mozilla/5.0 (Linux; Android 6.0.1; Nexus 5X Build/MMB29P) AppleWebKit/537.36 (KHTML, like Gecko) Chrome/141.0.7390.122 Mobile Safari/537.36 (compatible; Googlebot/2.1; +http://www.google.com/bot.html)" 
192.178.4.103 - - [13/Nov/2025:07:16:19 -0800] "GET /?t=0412992268503 HTTP/1.1" 200 3659 "-" "Mozilla/5.0 (Linux; Android 6.0.1; Nexus 5X Build/MMB29P) AppleWebKit/537.36 (KHTML, like Gecko) Chrome/141.0.7390.122 Mobile Safari/537.36 (compatible; Googlebot/2.1; +http://www.google.com/bot.html)" 
192.178.4.103 - - [13/Nov/2025:07:16:20 -0800] "GET /?t=9661715212303 HTTP/1.1" 200 310 "-" "Mozilla/5.0 (Linux; Android 6.0.1; Nexus 5X Build/MMB29P) AppleWebKit/537.36 (KHTML, like Gecko) Chrome/141.0.7390.122 Mobile Safari/537.36 (compatible; Googlebot/2.1; +http://www.google.com/bot.html)" 
192.178.4.103 - - [13/Nov/2025:07:16:20 -0800] "GET /?t=7248854099002 HTTP/1.1" 200 310 "-" "Mozilla/5.0 (Linux; Android 6.0.1; Nexus 5X Build/MMB29P) AppleWebKit/537.36 (KHTML, like Gecko) Chrome/141.0.7390.122 Mobile Safari/537.36 (compatible; Googlebot/2.1; +http://www.google.com/bot.html)" 
114.119.151.82 - - [13/Nov/2025:07:16:30 -0800] "GET /search.php?products/251og44641 HTTP/1.1" 200 24569 "https://www.stevenfranssen.com/search.php?sitemap394.xml" "Mozilla/5.0 (Linux; Android 7.0;) AppleWebKit/537.36 (KHTML, like Gecko) Mobile Safari/537.36 (compatible; PetalBot;+https://webmaster.petalsearch.com/site/petalbot)" 
192.178.4.103 - - [13/Nov/2025:07:16:31 -0800] "GET /?t=33088235016606 HTTP/1.1" 200 3659 "-" "Mozilla/5.0 (Linux; Android 6.0.1; Nexus 5X Build/MMB29P) AppleWebKit/537.36 (KHTML, like Gecko) Chrome/141.0.7390.122 Mobile Safari/537.36 (compatible; Googlebot/2.1; +http://www.google.com/bot.html)" 
192.178.4.103 - - [13/Nov/2025:07:16:42 -0800] "GET /?t=7902835358403 HTTP/1.1" 200 3659 "-" "Mozilla/5.0 (Linux; Android 6.0.1; Nexus 5X Build/MMB29P) AppleWebKit/537.36 (KHTML, like Gecko) Chrome/141.0.7390.122 Mobile Safari/537.36 (compatible; Googlebot/2.1; +http://www.google.com/bot.html)" 
159.26.103.79 - - [13/Nov/2025:07:16:43 -0800] "GET /feed/ HTTP/2.0" 200 1911 "-" "SpaceCowboys Android RSS Reader / 2.16.0(3842)" 
192.178.4.103 - - [13/Nov/2025:07:16:43 -0800] "GET /?t=2761883441406 HTTP/1.1" 200 310 "-" "Mozilla/5.0 (Linux; Android 6.0.1; Nexus 5X Build/MMB29P) AppleWebKit/537.36 (KHTML, like Gecko) Chrome/141.0.7390.122 Mobile Safari/537.36 (compatible; Googlebot/2.1; +http://www.google.com/bot.html)" 
192.178.4.103 - - [13/Nov/2025:07:16:55 -0800] "GET /?t=27392137531200 HTTP/1.1" 200 3659 "-" "Mozilla/5.0 (Linux; Android 6.0.1; Nexus 5X Build/MMB29P) AppleWebKit/537.36 (KHTML, like Gecko) Chrome/141.0.7390.122 Mobile Safari/537.36 (compatible; Googlebot/2.1; +http://www.google.com/bot.html)" 
192.178.4.104 - - [13/Nov/2025:07:17:07 -0800] "GET /?t=1478630225306 HTTP/1.1" 200 3659 "-" "Mozilla/5.0 (Linux; Android 6.0.1; Nexus 5X Build/MMB29P) AppleWebKit/537.36 (KHTML, like Gecko) Chrome/141.0.7390.122 Mobile Safari/537.36 (compatible; Googlebot/2.1; +http://www.google.com/bot.html)" 
94.250.251.7 - - [13/Nov/2025:07:17:12 -0800] "GET /wp-login.php HTTP/2.0" 429 351 "-" "Mozilla/5.0 (Windows NT 6.1; WOW64; Trident/7.0; MATP; MATP; MATPJS; rv:11.0) like Gecko" 
43.175.169.93 - - [13/Nov/2025:07:17:14 -0800] "GET /feminist-disaffection/ HTTP/2.0" 200 16428 "-" "Mozilla/5.0 (Windows NT 10.0; Win64; x64) AppleWebKit/537.36 (KHTML, like Gecko) Chrome/134.0.0.0 Safari/537.36" 
43.175.169.93 - - [13/Nov/2025:07:17:15 -0800] "GET /wp-includes/blocks/navigation/style.min.css?ver=6.8.3 HTTP/2.0" 200 2479 "https://www.stevenfranssen.com/feminist-disaffection/" "Mozilla/5.0 (Windows NT 10.0; Win64; x64) AppleWebKit/537.36 (KHTML, like Gecko) Chrome/134.0.0.0 Safari/537.36" 
43.175.169.93 - - [13/Nov/2025:07:17:15 -0800] "GET /wp-includes/blocks/social-links/style.min.css?ver=6.8.3 HTTP/2.0" 200 1670 "https://www.stevenfranssen.com/feminist-disaffection/" "Mozilla/5.0 (Windows NT 10.0; Win64; x64) AppleWebKit/537.36 (KHTML, like Gecko) Chrome/134.0.0.0 Safari/537.36" 
43.175.169.93 - - [13/Nov/2025:07:17:15 -0800] "GET /wp-content/themes/bitacora/style.css?ver=1.0.8 HTTP/2.0" 200 1417 "https://www.stevenfranssen.com/feminist-disaffection/" "Mozilla/5.0 (Windows NT 10.0; Win64; x64) AppleWebKit/537.36 (KHTML, like Gecko) Chrome/134.0.0.0 Safari/537.36" 
43.175.169.93 - - [13/Nov/2025:07:17:15 -0800] "GET /wp-includes/js/dist/script-modules/block-library/navigation/view.min.js?ver=61572d447d60c0aa5240 HTTP/2.0" 200 1251 "https://www.stevenfranssen.com/feminist-disaffection/" "Mozilla/5.0 (Windows NT 10.0; Win64; x64) AppleWebKit/537.36 (KHTML, like Gecko) Chrome/134.0.0.0 Safari/537.36" 
43.175.169.93 - - [13/Nov/2025:07:17:15 -0800] "GET /wp-includes/js/dist/script-modules/interactivity/index.min.js?ver=55aebb6e0a16726baffb HTTP/2.0" 200 14249 "-" "Mozilla/5.0 (Windows NT 10.0; Win64; x64) AppleWebKit/537.36 (KHTML, like Gecko) Chrome/134.0.0.0 Safari/537.36" 
43.175.169.93 - - [13/Nov/2025:07:17:15 -0800] "GET /wp-includes/js/wp-emoji-release.min.js?ver=6.8.3 HTTP/2.0" 200 5313 "https://www.stevenfranssen.com/feminist-disaffection/" "Mozilla/5.0 (Windows NT 10.0; Win64; x64) AppleWebKit/537.36 (KHTML, like Gecko) Chrome/134.0.0.0 Safari/537.36" 
43.175.169.93 - - [13/Nov/2025:07:17:15 -0800] "GET /wp-content/themes/bitacora/assets/fonts/alegreya-sans_regular.ttf HTTP/2.0" 200 119610 "https://www.stevenfranssen.com/feminist-disaffection/" "Mozilla/5.0 (Windows NT 10.0; Win64; x64) AppleWebKit/537.36 (KHTML, like Gecko) Chrome/134.0.0.0 Safari/537.36" 
43.175.169.93 - - [13/Nov/2025:07:17:15 -0800] "GET /wp-content/themes/bitacora/assets/fonts/alegreya_regular.ttf HTTP/2.0" 200 120387 "https://www.stevenfranssen.com/feminist-disaffection/" "Mozilla/5.0 (Windows NT 10.0; Win64; x64) AppleWebKit/537.36 (KHTML, like Gecko) Chrome/134.0.0.0 Safari/537.36" 
43.175.169.93 - - [13/Nov/2025:07:17:15 -0800] "GET /wp-content/themes/bitacora/assets/fonts/alegreya_italic.ttf HTTP/2.0" 200 127476 "https://www.stevenfranssen.com/feminist-disaffection/" "Mozilla/5.0 (Windows NT 10.0; Win64; x64) AppleWebKit/537.36 (KHTML, like Gecko) Chrome/134.0.0.0 Safari/537.36" 
43.175.169.93 - - [13/Nov/2025:07:17:15 -0800] "GET /wp-content/themes/bitacora/assets/fonts/alegreya_600.ttf HTTP/2.0" 200 126236 "https://www.stevenfranssen.com/feminist-disaffection/" "Mozilla/5.0 (Windows NT 10.0; Win64; x64) AppleWebKit/537.36 (KHTML, like Gecko) Chrome/134.0.0.0 Safari/537.36" 
43.175.169.93 - - [13/Nov/2025:07:17:15 -0800] "GET /wp-content/themes/bitacora/assets/fonts/alegreya-sans_700.ttf HTTP/2.0" 200 120711 "https://www.stevenfranssen.com/feminist-disaffection/" "Mozilla/5.0 (Windows NT 10.0; Win64; x64) AppleWebKit/537.36 (KHTML, like Gecko) Chrome/134.0.0.0 Safari/537.36" 
43.175.169.93 - - [13/Nov/2025:07:17:15 -0800] "GET /wp-content/themes/bitacora/assets/fonts/alegreya_500.ttf HTTP/2.0" 200 126009 "https://www.stevenfranssen.com/feminist-disaffection/" "Mozilla/5.0 (Windows NT 10.0; Win64; x64) AppleWebKit/537.36 (KHTML, like Gecko) Chrome/134.0.0.0 Safari/537.36" 
43.175.169.93 - - [13/Nov/2025:07:17:16 -0800] "GET /wp-content/uploads/2021/12/cropped-fire-franssen-32x32.jpg HTTP/2.0" 200 12538 "https://www.stevenfranssen.com/feminist-disaffection/" "Mozilla/5.0 (Windows NT 10.0; Win64; x64) AppleWebKit/537.36 (KHTML, like Gecko) Chrome/134.0.0.0 Safari/537.36" 
192.178.4.104 - - [13/Nov/2025:07:17:18 -0800] "GET /?t=2937269915200 HTTP/1.1" 200 3659 "-" "Mozilla/5.0 (Linux; Android 6.0.1; Nexus 5X Build/MMB29P) AppleWebKit/537.36 (KHTML, like Gecko) Chrome/141.0.7390.122 Mobile Safari/537.36 (compatible; Googlebot/2.1; +http://www.google.com/bot.html)" 
157.245.128.144 - - [13/Nov/2025:07:17:19 -0800] "GET /lying-by-omission/ HTTP/1.1" 200 19927 "-" "Mozilla/5.0 (Windows NT 6.1; Win64; x64) AppleWebKit/537.36 (KHTML, like Gecko) Chrome/126.0.6478.114 Safari/537.36" 
43.174.136.31 - - [13/Nov/2025:07:17:21 -0800] "GET /tag/bullying/ HTTP/2.0" 200 14852 "-" "Mozilla/5.0 (Windows NT 10.0; Win64; x64) AppleWebKit/537.36 (KHTML, like Gecko) Chrome/134.0.0.0 Safari/537.36" 
43.174.136.31 - - [13/Nov/2025:07:17:22 -0800] "GET /wp-includes/blocks/navigation/style.min.css?ver=6.8.3 HTTP/2.0" 200 2479 "https://www.stevenfranssen.com/tag/bullying/" "Mozilla/5.0 (Windows NT 10.0; Win64; x64) AppleWebKit/537.36 (KHTML, like Gecko) Chrome/134.0.0.0 Safari/537.36" 
43.174.136.31 - - [13/Nov/2025:07:17:22 -0800] "GET /wp-includes/blocks/social-links/style.min.css?ver=6.8.3 HTTP/2.0" 200 1670 "https://www.stevenfranssen.com/tag/bullying/" "Mozilla/5.0 (Windows NT 10.0; Win64; x64) AppleWebKit/537.36 (KHTML, like Gecko) Chrome/134.0.0.0 Safari/537.36" 
43.174.136.31 - - [13/Nov/2025:07:17:22 -0800] "GET /wp-includes/js/dist/script-modules/block-library/navigation/view.min.js?ver=61572d447d60c0aa5240 HTTP/2.0" 200 1251 "https://www.stevenfranssen.com/tag/bullying/" "Mozilla/5.0 (Windows NT 10.0; Win64; x64) AppleWebKit/537.36 (KHTML, like Gecko) Chrome/134.0.0.0 Safari/537.36" 
43.174.136.31 - - [13/Nov/2025:07:17:22 -0800] "GET /wp-content/themes/bitacora/style.css?ver=1.0.8 HTTP/2.0" 200 1417 "https://www.stevenfranssen.com/tag/bullying/" "Mozilla/5.0 (Windows NT 10.0; Win64; x64) AppleWebKit/537.36 (KHTML, like Gecko) Chrome/134.0.0.0 Safari/537.36" 
43.174.136.31 - - [13/Nov/2025:07:17:22 -0800] "GET /wp-includes/js/dist/script-modules/interactivity/index.min.js?ver=55aebb6e0a16726baffb HTTP/2.0" 200 14249 "-" "Mozilla/5.0 (Windows NT 10.0; Win64; x64) AppleWebKit/537.36 (KHTML, like Gecko) Chrome/134.0.0.0 Safari/537.36" 
43.174.7.23 - - [13/Nov/2025:07:17:22 -0800] "GET /sam-hydes-bullying-skit-is-anti-philosophical/ HTTP/2.0" 200 18810 "-" "Mozilla/5.0 (Windows NT 10.0; Win64; x64) AppleWebKit/537.36 (KHTML, like Gecko) Chrome/134.0.0.0 Safari/537.36" 
43.174.136.31 - - [13/Nov/2025:07:17:22 -0800] "GET /wp-includes/js/wp-emoji-release.min.js?ver=6.8.3 HTTP/2.0" 200 5313 "https://www.stevenfranssen.com/tag/bullying/" "Mozilla/5.0 (Windows NT 10.0; Win64; x64) AppleWebKit/537.36 (KHTML, like Gecko) Chrome/134.0.0.0 Safari/537.36" 
43.174.136.31 - - [13/Nov/2025:07:17:22 -0800] "GET /wp-content/themes/bitacora/assets/fonts/alegreya_600.ttf HTTP/2.0" 200 126236 "https://www.stevenfranssen.com/tag/bullying/" "Mozilla/5.0 (Windows NT 10.0; Win64; x64) AppleWebKit/537.36 (KHTML, like Gecko) Chrome/134.0.0.0 Safari/537.36" 
43.174.7.23 - - [13/Nov/2025:07:17:23 -0800] "GET /wp-includes/blocks/navigation/style.min.css?ver=6.8.3 HTTP/2.0" 200 2479 "https://www.stevenfranssen.com/sam-hydes-bullying-skit-is-anti-philosophical/" "Mozilla/5.0 (Windows NT 10.0; Win64; x64) AppleWebKit/537.36 (KHTML, like Gecko) Chrome/134.0.0.0 Safari/537.36" 
43.174.7.23 - - [13/Nov/2025:07:17:23 -0800] "GET /wp-includes/blocks/social-links/style.min.css?ver=6.8.3 HTTP/2.0" 200 1670 "https://www.stevenfranssen.com/sam-hydes-bullying-skit-is-anti-philosophical/" "Mozilla/5.0 (Windows NT 10.0; Win64; x64) AppleWebKit/537.36 (KHTML, like Gecko) Chrome/134.0.0.0 Safari/537.36" 
43.174.136.31 - - [13/Nov/2025:07:17:22 -0800] "GET /wp-content/themes/bitacora/assets/fonts/alegreya_regular.ttf HTTP/2.0" 200 120378 "https://www.stevenfranssen.com/tag/bullying/" "Mozilla/5.0 (Windows NT 10.0; Win64; x64) AppleWebKit/537.36 (KHTML, like Gecko) Chrome/134.0.0.0 Safari/537.36" 
43.174.136.31 - - [13/Nov/2025:07:17:22 -0800] "GET /wp-content/themes/bitacora/assets/fonts/alegreya_italic.ttf HTTP/2.0" 200 127476 "https://www.stevenfranssen.com/tag/bullying/" "Mozilla/5.0 (Windows NT 10.0; Win64; x64) AppleWebKit/537.36 (KHTML, like Gecko) Chrome/134.0.0.0 Safari/537.36" 
43.174.136.31 - - [13/Nov/2025:07:17:22 -0800] "GET /wp-content/themes/bitacora/assets/fonts/alegreya_500.ttf HTTP/2.0" 200 126018 "https://www.stevenfranssen.com/tag/bullying/" "Mozilla/5.0 (Windows NT 10.0; Win64; x64) AppleWebKit/537.36 (KHTML, like Gecko) Chrome/134.0.0.0 Safari/537.36" 
43.174.136.31 - - [13/Nov/2025:07:17:22 -0800] "GET /wp-content/themes/bitacora/assets/fonts/alegreya-sans_700.ttf HTTP/2.0" 200 120720 "https://www.stevenfranssen.com/tag/bullying/" "Mozilla/5.0 (Windows NT 10.0; Win64; x64) AppleWebKit/537.36 (KHTML, like Gecko) Chrome/134.0.0.0 Safari/537.36" 
43.174.7.23 - - [13/Nov/2025:07:17:23 -0800] "GET /wp-content/uploads/2024/02/pointing-haha-1024x685.jpg HTTP/2.0" 200 86628 "https://www.stevenfranssen.com/sam-hydes-bullying-skit-is-anti-philosophical/" "Mozilla/5.0 (Windows NT 10.0; Win64; x64) AppleWebKit/537.36 (KHTML, like Gecko) Chrome/134.0.0.0 Safari/537.36" 
43.174.7.23 - - [13/Nov/2025:07:17:23 -0800] "GET /wp-includes/js/dist/script-modules/interactivity/index.min.js?ver=55aebb6e0a16726baffb HTTP/2.0" 200 14284 "-" "Mozilla/5.0 (Windows NT 10.0; Win64; x64) AppleWebKit/537.36 (KHTML, like Gecko) Chrome/134.0.0.0 Safari/537.36" 
43.174.7.23 - - [13/Nov/2025:07:17:23 -0800] "GET /wp-content/themes/bitacora/style.css?ver=1.0.8 HTTP/2.0" 200 1417 "https://www.stevenfranssen.com/sam-hydes-bullying-skit-is-anti-philosophical/" "Mozilla/5.0 (Windows NT 10.0; Win64; x64) AppleWebKit/537.36 (KHTML, like Gecko) Chrome/134.0.0.0 Safari/537.36" 
43.174.7.23 - - [13/Nov/2025:07:17:23 -0800] "GET /wp-includes/js/dist/script-modules/block-library/navigation/view.min.js?ver=61572d447d60c0aa5240 HTTP/2.0" 200 1216 "https://www.stevenfranssen.com/sam-hydes-bullying-skit-is-anti-philosophical/" "Mozilla/5.0 (Windows NT 10.0; Win64; x64) AppleWebKit/537.36 (KHTML, like Gecko) Chrome/134.0.0.0 Safari/537.36" 
43.174.136.31 - - [13/Nov/2025:07:17:23 -0800] "GET /wp-content/uploads/2021/12/cropped-fire-franssen-32x32.jpg HTTP/2.0" 200 12538 "https://www.stevenfranssen.com/tag/bullying/" "Mozilla/5.0 (Windows NT 10.0; Win64; x64) AppleWebKit/537.36 (KHTML, like Gecko) Chrome/134.0.0.0 Safari/537.36" 
43.174.7.23 - - [13/Nov/2025:07:17:23 -0800] "GET /wp-includes/js/wp-emoji-release.min.js?ver=6.8.3 HTTP/2.0" 200 5313 "https://www.stevenfranssen.com/sam-hydes-bullying-skit-is-anti-philosophical/" "Mozilla/5.0 (Windows NT 10.0; Win64; x64) AppleWebKit/537.36 (KHTML, like Gecko) Chrome/134.0.0.0 Safari/537.36" 
43.174.7.23 - - [13/Nov/2025:07:17:23 -0800] "GET /wp-content/themes/bitacora/assets/fonts/alegreya_500.ttf HTTP/2.0" 200 126000 "https://www.stevenfranssen.com/sam-hydes-bullying-skit-is-anti-philosophical/" "Mozilla/5.0 (Windows NT 10.0; Win64; x64) AppleWebKit/537.36 (KHTML, like Gecko) Chrome/134.0.0.0 Safari/537.36" 
43.174.7.23 - - [13/Nov/2025:07:17:23 -0800] "GET /wp-content/themes/bitacora/assets/fonts/alegreya-sans_700.ttf HTTP/2.0" 200 120720 "https://www.stevenfranssen.com/sam-hydes-bullying-skit-is-anti-philosophical/" "Mozilla/5.0 (Windows NT 10.0; Win64; x64) AppleWebKit/537.36 (KHTML, like Gecko) Chrome/134.0.0.0 Safari/537.36" 
43.174.7.23 - - [13/Nov/2025:07:17:23 -0800] "GET /wp-content/themes/bitacora/assets/fonts/alegreya_regular.ttf HTTP/2.0" 200 120360 "https://www.stevenfranssen.com/sam-hydes-bullying-skit-is-anti-philosophical/" "Mozilla/5.0 (Windows NT 10.0; Win64; x64) AppleWebKit/537.36 (KHTML, like Gecko) Chrome/134.0.0.0 Safari/537.36" 
43.174.7.23 - - [13/Nov/2025:07:17:23 -0800] "GET /wp-content/themes/bitacora/assets/fonts/alegreya_italic.ttf HTTP/2.0" 200 127444 "https://www.stevenfranssen.com/sam-hydes-bullying-skit-is-anti-philosophical/" "Mozilla/5.0 (Windows NT 10.0; Win64; x64) AppleWebKit/537.36 (KHTML, like Gecko) Chrome/134.0.0.0 Safari/537.36" 
43.174.7.23 - - [13/Nov/2025:07:17:23 -0800] "GET /wp-content/themes/bitacora/assets/fonts/alegreya_700.ttf HTTP/2.0" 200 126309 "https://www.stevenfranssen.com/sam-hydes-bullying-skit-is-anti-philosophical/" "Mozilla/5.0 (Windows NT 10.0; Win64; x64) AppleWebKit/537.36 (KHTML, like Gecko) Chrome/134.0.0.0 Safari/537.36" 
43.174.7.23 - - [13/Nov/2025:07:17:23 -0800] "GET /wp-content/themes/bitacora/assets/fonts/alegreya-sans_regular.ttf HTTP/2.0" 200 119610 "https://www.stevenfranssen.com/sam-hydes-bullying-skit-is-anti-philosophical/" "Mozilla/5.0 (Windows NT 10.0; Win64; x64) AppleWebKit/537.36 (KHTML, like Gecko) Chrome/134.0.0.0 Safari/537.36" 
43.174.7.23 - - [13/Nov/2025:07:17:23 -0800] "GET /wp-content/themes/bitacora/assets/fonts/alegreya_600.ttf HTTP/2.0" 200 126227 "https://www.stevenfranssen.com/sam-hydes-bullying-skit-is-anti-philosophical/" "Mozilla/5.0 (Windows NT 10.0; Win64; x64) AppleWebKit/537.36 (KHTML, like Gecko) Chrome/134.0.0.0 Safari/537.36" 
43.174.7.23 - - [13/Nov/2025:07:17:23 -0800] "GET /wp-content/uploads/2021/12/cropped-fire-franssen-32x32.jpg HTTP/2.0" 200 12474 "https://www.stevenfranssen.com/sam-hydes-bullying-skit-is-anti-philosophical/" "Mozilla/5.0 (Windows NT 10.0; Win64; x64) AppleWebKit/537.36 (KHTML, like Gecko) Chrome/134.0.0.0 Safari/537.36" 
43.175.196.37 - - [13/Nov/2025:07:17:25 -0800] "GET /tag/bodybuilding/ HTTP/2.0" 200 14622 "-" "Mozilla/5.0 (Windows NT 10.0; Win64; x64) AppleWebKit/537.36 (KHTML, like Gecko) Chrome/134.0.0.0 Safari/537.36" 
43.175.196.37 - - [13/Nov/2025:07:17:26 -0800] "GET /wp-includes/blocks/social-links/style.min.css?ver=6.8.3 HTTP/2.0" 200 1763 "https://www.stevenfranssen.com/tag/bodybuilding/" "Mozilla/5.0 (Windows NT 10.0; Win64; x64) AppleWebKit/537.36 (KHTML, like Gecko) Chrome/134.0.0.0 Safari/537.36" 
43.175.196.37 - - [13/Nov/2025:07:17:26 -0800] "GET /wp-includes/blocks/navigation/style.min.css?ver=6.8.3 HTTP/2.0" 200 2386 "https://www.stevenfranssen.com/tag/bodybuilding/" "Mozilla/5.0 (Windows NT 10.0; Win64; x64) AppleWebKit/537.36 (KHTML, like Gecko) Chrome/134.0.0.0 Safari/537.36" 
43.175.196.37 - - [13/Nov/2025:07:17:26 -0800] "GET /wp-content/themes/bitacora/style.css?ver=1.0.8 HTTP/2.0" 200 1417 "https://www.stevenfranssen.com/tag/bodybuilding/" "Mozilla/5.0 (Windows NT 10.0; Win64; x64) AppleWebKit/537.36 (KHTML, like Gecko) Chrome/134.0.0.0 Safari/537.36" 
43.175.196.37 - - [13/Nov/2025:07:17:26 -0800] "GET /wp-includes/js/dist/script-modules/block-library/navigation/view.min.js?ver=61572d447d60c0aa5240 HTTP/2.0" 200 1251 "https://www.stevenfranssen.com/tag/bodybuilding/" "Mozilla/5.0 (Windows NT 10.0; Win64; x64) AppleWebKit/537.36 (KHTML, like Gecko) Chrome/134.0.0.0 Safari/537.36" 
43.175.196.37 - - [13/Nov/2025:07:17:26 -0800] "GET /wp-includes/js/dist/script-modules/interactivity/index.min.js?ver=55aebb6e0a16726baffb HTTP/2.0" 200 14249 "-" "Mozilla/5.0 (Windows NT 10.0; Win64; x64) AppleWebKit/537.36 (KHTML, like Gecko) Chrome/134.0.0.0 Safari/537.36" 
43.175.196.37 - - [13/Nov/2025:07:17:26 -0800] "GET /wp-includes/js/wp-emoji-release.min.js?ver=6.8.3 HTTP/2.0" 200 5313 "https://www.stevenfranssen.com/tag/bodybuilding/" "Mozilla/5.0 (Windows NT 10.0; Win64; x64) AppleWebKit/537.36 (KHTML, like Gecko) Chrome/134.0.0.0 Safari/537.36" 
43.175.196.37 - - [13/Nov/2025:07:17:26 -0800] "GET /wp-content/themes/bitacora/assets/fonts/alegreya_regular.ttf HTTP/2.0" 200 120428 "https://www.stevenfranssen.com/tag/bodybuilding/" "Mozilla/5.0 (Windows NT 10.0; Win64; x64) AppleWebKit/537.36 (KHTML, like Gecko) Chrome/134.0.0.0 Safari/537.36" 
43.175.196.37 - - [13/Nov/2025:07:17:26 -0800] "GET /wp-content/themes/bitacora/assets/fonts/alegreya_italic.ttf HTTP/2.0" 200 127417 "https://www.stevenfranssen.com/tag/bodybuilding/" "Mozilla/5.0 (Windows NT 10.0; Win64; x64) AppleWebKit/537.36 (KHTML, like Gecko) Chrome/134.0.0.0 Safari/537.36" 
43.175.196.37 - - [13/Nov/2025:07:17:26 -0800] "GET /wp-content/themes/bitacora/assets/fonts/alegreya_500.ttf HTTP/2.0" 200 126018 "https://www.stevenfranssen.com/tag/bodybuilding/" "Mozilla/5.0 (Windows NT 10.0; Win64; x64) AppleWebKit/537.36 (KHTML, like Gecko) Chrome/134.0.0.0 Safari/537.36" 
43.175.196.37 - - [13/Nov/2025:07:17:26 -0800] "GET /wp-content/themes/bitacora/assets/fonts/alegreya_600.ttf HTTP/2.0" 200 126227 "https://www.stevenfranssen.com/tag/bodybuilding/" "Mozilla/5.0 (Windows NT 10.0; Win64; x64) AppleWebKit/537.36 (KHTML, like Gecko) Chrome/134.0.0.0 Safari/537.36" 
43.175.196.37 - - [13/Nov/2025:07:17:26 -0800] "GET /wp-content/themes/bitacora/assets/fonts/alegreya-sans_700.ttf HTTP/2.0" 200 120711 "https://www.stevenfranssen.com/tag/bodybuilding/" "Mozilla/5.0 (Windows NT 10.0; Win64; x64) AppleWebKit/537.36 (KHTML, like Gecko) Chrome/134.0.0.0 Safari/537.36" 
43.175.196.37 - - [13/Nov/2025:07:17:27 -0800] "GET /wp-content/uploads/2021/12/cropped-fire-franssen-32x32.jpg HTTP/2.0" 200 12538 "https://www.stevenfranssen.com/tag/bodybuilding/" "Mozilla/5.0 (Windows NT 10.0; Win64; x64) AppleWebKit/537.36 (KHTML, like Gecko) Chrome/134.0.0.0 Safari/537.36" 
94.250.251.7 - - [13/Nov/2025:07:17:32 -0800] "POST /wp-login.php HTTP/2.0" 429 351 "https://www.stevenfranssen.com/wp-login.php" "Mozilla/5.0 (Windows NT 6.1; WOW64; Trident/7.0; MATP; MATP; MATPJS; rv:11.0) like Gecko" 
192.178.4.103 - - [13/Nov/2025:07:17:39 -0800] "GET /?t=5255891532706 HTTP/1.1" 200 3659 "-" "Mozilla/5.0 (Linux; Android 6.0.1; Nexus 5X Build/MMB29P) AppleWebKit/537.36 (KHTML, like Gecko) Chrome/141.0.7390.122 Mobile Safari/537.36 (compatible; Googlebot/2.1; +http://www.google.com/bot.html)" 
192.178.4.103 - - [13/Nov/2025:07:17:50 -0800] "GET /art/?id=SLOT%20JEPANG HTTP/1.1" 200 37009 "-" "Mozilla/5.0 (Linux; Android 6.0.1; Nexus 5X Build/MMB29P) AppleWebKit/537.36 (KHTML, like Gecko) Chrome/141.0.7390.122 Mobile Safari/537.36 (compatible; Googlebot/2.1; +http://www.google.com/bot.html)" 
192.178.4.103 - - [13/Nov/2025:07:17:51 -0800] "GET /?t=1331859738802 HTTP/1.1" 200 310 "-" "Mozilla/5.0 (Linux; Android 6.0.1; Nexus 5X Build/MMB29P) AppleWebKit/537.36 (KHTML, like Gecko) Chrome/141.0.7390.122 Mobile Safari/537.36 (compatible; Googlebot/2.1; +http://www.google.com/bot.html)" 
114.119.151.82 - - [13/Nov/2025:07:18:00 -0800] "GET /search.php?products/250yk34678 HTTP/1.1" 200 25014 "https://www.stevenfranssen.com/search.php?sitemap394.xml" "Mozilla/5.0 (Linux; Android 7.0;) AppleWebKit/537.36 (KHTML, like Gecko) Mobile Safari/537.36 (compatible; PetalBot;+https://webmaster.petalsearch.com/site/petalbot)" 
192.178.4.105 - - [13/Nov/2025:07:18:03 -0800] "GET /?t=47127395102 HTTP/1.1" 200 3659 "-" "Mozilla/5.0 (Linux; Android 6.0.1; Nexus 5X Build/MMB29P) AppleWebKit/537.36 (KHTML, like Gecko) Chrome/141.0.7390.122 Mobile Safari/537.36 (compatible; Googlebot/2.1; +http://www.google.com/bot.html)" 
192.178.4.103 - - [13/Nov/2025:07:18:14 -0800] "GET /?t=27919281599002 HTTP/1.1" 200 3659 "-" "Mozilla/5.0 (Linux; Android 6.0.1; Nexus 5X Build/MMB29P) AppleWebKit/537.36 (KHTML, like Gecko) Chrome/141.0.7390.122 Mobile Safari/537.36 (compatible; Googlebot/2.1; +http://www.google.com/bot.html)" 
43.173.174.13 - - [13/Nov/2025:07:18:14 -0800] "GET /cortisol-addiction/ HTTP/1.1" 200 21614 "-" "Mozilla/5.0 (Windows NT 6.1; Win64; x64) AppleWebKit/537.36 (KHTML, like Gecko) Chrome/126.0.6478.114 Safari/537.36" 
192.178.4.103 - - [13/Nov/2025:07:18:29 -0800] "GET /?t=76259190982300 HTTP/1.1" 200 3659 "-" "Mozilla/5.0 (Linux; Android 6.0.1; Nexus 5X Build/MMB29P) AppleWebKit/537.36 (KHTML, like Gecko) Chrome/141.0.7390.122 Mobile Safari/537.36 (compatible; Googlebot/2.1; +http://www.google.com/bot.html)" 
157.55.39.13 - - [13/Nov/2025:07:18:30 -0800] "GET /?t=91081255750101 HTTP/2.0" 200 134 "-" "Mozilla/5.0 AppleWebKit/537.36 (KHTML, like Gecko; compatible; bingbot/2.0; +http://www.bing.com/bingbot.htm) Chrome/116.0.1938.76 Safari/537.36" 
192.178.4.103 - - [13/Nov/2025:07:18:42 -0800] "GET /?t=06295181975004 HTTP/1.1" 200 3659 "-" "Mozilla/5.0 (Linux; Android 6.0.1; Nexus 5X Build/MMB29P) AppleWebKit/537.36 (KHTML, like Gecko) Chrome/141.0.7390.122 Mobile Safari/537.36 (compatible; Googlebot/2.1; +http://www.google.com/bot.html)" 
192.178.4.103 - - [13/Nov/2025:07:18:54 -0800] "GET /art/?id=PORTUGAL%20VS%20PRANCIShc/en-us/articles/41383541904281-Envato-Market-Terms HTTP/1.1" 404 3642 "-" "Mozilla/5.0 (Linux; Android 6.0.1; Nexus 5X Build/MMB29P) AppleWebKit/537.36 (KHTML, like Gecko) Chrome/141.0.7390.122 Mobile Safari/537.36 (compatible; Googlebot/2.1; +http://www.google.com/bot.html)" 
192.178.4.103 - - [13/Nov/2025:07:18:55 -0800] "GET /art/?id=FILM%20SEMI%20TERBARU HTTP/1.1" 200 33658 "-" "Mozilla/5.0 (Linux; Android 6.0.1; Nexus 5X Build/MMB29P) AppleWebKit/537.36 (KHTML, like Gecko) Chrome/141.0.7390.122 Mobile Safari/537.36 (compatible; Googlebot/2.1; +http://www.google.com/bot.html)" 
192.178.4.103 - - [13/Nov/2025:07:18:57 -0800] "GET /?t=9168067089904 HTTP/1.1" 200 310 "-" "Mozilla/5.0 (Linux; Android 6.0.1; Nexus 5X Build/MMB29P) AppleWebKit/537.36 (KHTML, like Gecko) Chrome/141.0.7390.122 Mobile Safari/537.36 (compatible; Googlebot/2.1; +http://www.google.com/bot.html)" 
192.178.4.103 - - [13/Nov/2025:07:19:08 -0800] "GET /?t=4788830882601 HTTP/1.1" 200 3659 "-" "Mozilla/5.0 (Linux; Android 6.0.1; Nexus 5X Build/MMB29P) AppleWebKit/537.36 (KHTML, like Gecko) Chrome/141.0.7390.122 Mobile Safari/537.36 (compatible; Googlebot/2.1; +http://www.google.com/bot.html)" 
114.119.131.151 - - [13/Nov/2025:07:19:17 -0800] "GET /search.php?products/250tl14786 HTTP/1.1" 200 25136 "https://www.stevenfranssen.com/search.php?sitemap394.xml" "Mozilla/5.0 (Linux; Android 7.0;) AppleWebKit/537.36 (KHTML, like Gecko) Mobile Safari/537.36 (compatible; PetalBot;+https://webmaster.petalsearch.com/site/petalbot)" 
192.178.4.104 - - [13/Nov/2025:07:19:29 -0800] "GET /?t=4010132666410 HTTP/1.1" 200 3659 "-" "Mozilla/5.0 (Linux; Android 6.0.1; Nexus 5X Build/MMB29P) AppleWebKit/537.36 (KHTML, like Gecko) Chrome/141.0.7390.122 Mobile Safari/537.36 (compatible; Googlebot/2.1; +http://www.google.com/bot.html)" 
192.178.4.103 - - [13/Nov/2025:07:19:38 -0800] "GET /?t=01899198001500 HTTP/1.1" 200 3659 "-" "Mozilla/5.0 (Linux; Android 6.0.1; Nexus 5X Build/MMB29P) AppleWebKit/537.36 (KHTML, like Gecko) Chrome/141.0.7390.122 Mobile Safari/537.36 (compatible; Googlebot/2.1; +http://www.google.com/bot.html)" 
192.178.4.103 - - [13/Nov/2025:07:19:51 -0800] "GET /product/whose22?c=g&l=456 HTTP/1.1" 200 3719 "-" "Mozilla/5.0 (Linux; Android 6.0.1; Nexus 5X Build/MMB29P) AppleWebKit/537.36 (KHTML, like Gecko) Chrome/141.0.7390.122 Mobile Safari/537.36 (compatible; Googlebot/2.1; +http://www.google.com/bot.html)" 
