192.178.4.103 - - [13/Nov/2025:13:48:46 -0800] "GET /?t=6441747177500 HTTP/1.1" 200 310 "-" "Mozilla/5.0 (Linux; Android 6.0.1; Nexus 5X Build/MMB29P) AppleWebKit/537.36 (KHTML, like Gecko) Chrome/141.0.7390.122 Mobile Safari/537.36 (compatible; Googlebot/2.1; +http://www.google.com/bot.html)" 
192.178.4.103 - - [13/Nov/2025:13:48:47 -0800] "GET /?t=6376167122201 HTTP/1.1" 200 310 "-" "Mozilla/5.0 (Linux; Android 6.0.1; Nexus 5X Build/MMB29P) AppleWebKit/537.36 (KHTML, like Gecko) Chrome/141.0.7390.122 Mobile Safari/537.36 (compatible; Googlebot/2.1; +http://www.google.com/bot.html)" 
54.39.136.107 - - [13/Nov/2025:13:49:02 -0800] "GET /page/9/?path=/home/dh_pvsc7i/stevenfranssen.com/well-known HTTP/2.0" 200 2975 "-" "Mozilla/5.0 (compatible; AhrefsBot/7.0; +http://ahrefs.com/robot/)" 
192.178.4.103 - - [13/Nov/2025:13:49:04 -0800] "GET /?t=19150120499001 HTTP/1.1" 200 3659 "-" "Mozilla/5.0 (Linux; Android 6.0.1; Nexus 5X Build/MMB29P) AppleWebKit/537.36 (KHTML, like Gecko) Chrome/141.0.7390.122 Mobile Safari/537.36 (compatible; Googlebot/2.1; +http://www.google.com/bot.html)" 
192.178.4.103 - - [13/Nov/2025:13:49:27 -0800] "GET /?t=33081119919902 HTTP/1.1" 200 3659 "-" "Mozilla/5.0 (Linux; Android 6.0.1; Nexus 5X Build/MMB29P) AppleWebKit/537.36 (KHTML, like Gecko) Chrome/141.0.7390.122 Mobile Safari/537.36 (compatible; Googlebot/2.1; +http://www.google.com/bot.html)" 
114.119.145.42 - - [13/Nov/2025:13:49:39 -0800] "GET /search.php?products/199yx18219 HTTP/1.1" 200 25129 "https://www.stevenfranssen.com/search.php?sitemap394.xml" "Mozilla/5.0 (Linux; Android 7.0;) AppleWebKit/537.36 (KHTML, like Gecko) Mobile Safari/537.36 (compatible; PetalBot;+https://webmaster.petalsearch.com/site/petalbot)" 
192.178.4.103 - - [13/Nov/2025:13:49:57 -0800] "GET /?t=0728781471609 HTTP/1.1" 200 3659 "-" "Mozilla/5.0 (Linux; Android 6.0.1; Nexus 5X Build/MMB29P) AppleWebKit/537.36 (KHTML, like Gecko) Chrome/141.0.7390.122 Mobile Safari/537.36 (compatible; Googlebot/2.1; +http://www.google.com/bot.html)" 
192.178.4.104 - - [13/Nov/2025:13:50:12 -0800] "GET /?t=3752386485801 HTTP/1.1" 200 3659 "-" "Mozilla/5.0 (Linux; Android 6.0.1; Nexus 5X Build/MMB29P) AppleWebKit/537.36 (KHTML, like Gecko) Chrome/141.0.7390.122 Mobile Safari/537.36 (compatible; Googlebot/2.1; +http://www.google.com/bot.html)" 
192.178.4.104 - - [13/Nov/2025:13:50:28 -0800] "GET /?t=94600140131202 HTTP/1.1" 200 3659 "-" "Mozilla/5.0 (Linux; Android 6.0.1; Nexus 5X Build/MMB29P) AppleWebKit/537.36 (KHTML, like Gecko) Chrome/141.0.7390.122 Mobile Safari/537.36 (compatible; Googlebot/2.1; +http://www.google.com/bot.html)" 
192.178.4.103 - - [13/Nov/2025:13:50:57 -0800] "GET /?t=5828295552806 HTTP/1.1" 200 3659 "-" "Mozilla/5.0 (Linux; Android 6.0.1; Nexus 5X Build/MMB29P) AppleWebKit/537.36 (KHTML, like Gecko) Chrome/141.0.7390.122 Mobile Safari/537.36 (compatible; Googlebot/2.1; +http://www.google.com/bot.html)" 
114.119.147.181 - - [13/Nov/2025:13:51:11 -0800] "GET /search.php?products/199ye24439 HTTP/1.1" 200 24949 "https://www.stevenfranssen.com/search.php?sitemap394.xml" "Mozilla/5.0 (Linux; Android 7.0;) AppleWebKit/537.36 (KHTML, like Gecko) Mobile Safari/537.36 (compatible; PetalBot;+https://webmaster.petalsearch.com/site/petalbot)" 
192.178.4.105 - - [13/Nov/2025:13:51:14 -0800] "GET /?t=98531101658403 HTTP/1.1" 200 3659 "-" "Mozilla/5.0 (Linux; Android 6.0.1; Nexus 5X Build/MMB29P) AppleWebKit/537.36 (KHTML, like Gecko) Chrome/141.0.7390.122 Mobile Safari/537.36 (compatible; Googlebot/2.1; +http://www.google.com/bot.html)" 
192.178.4.103 - - [13/Nov/2025:13:51:29 -0800] "GET /?t=4131795017300 HTTP/1.1" 200 3659 "-" "Mozilla/5.0 (Linux; Android 6.0.1; Nexus 5X Build/MMB29P) AppleWebKit/537.36 (KHTML, like Gecko) Chrome/141.0.7390.122 Mobile Safari/537.36 (compatible; Googlebot/2.1; +http://www.google.com/bot.html)" 
51.161.65.192 - - [13/Nov/2025:13:51:43 -0800] "GET /?fileloc=/home/dh_pvsc7i/stevenfranssen.com/readme.html&path=/home/dh_pvsc7i/stevenfranssen.com HTTP/2.0" 200 5733 "-" "Mozilla/5.0 (compatible; AhrefsBot/7.0; +http://ahrefs.com/robot/)" 
192.178.4.103 - - [13/Nov/2025:13:51:59 -0800] "GET /?t=78013166100203 HTTP/1.1" 200 3659 "-" "Mozilla/5.0 (Linux; Android 6.0.1; Nexus 5X Build/MMB29P) AppleWebKit/537.36 (KHTML, like Gecko) Chrome/141.0.7390.122 Mobile Safari/537.36 (compatible; Googlebot/2.1; +http://www.google.com/bot.html)" 
192.178.4.103 - - [13/Nov/2025:13:52:15 -0800] "GET /?t=186738290102 HTTP/1.1" 200 3659 "-" "Mozilla/5.0 (Linux; Android 6.0.1; Nexus 5X Build/MMB29P) AppleWebKit/537.36 (KHTML, like Gecko) Chrome/141.0.7390.122 Mobile Safari/537.36 (compatible; Googlebot/2.1; +http://www.google.com/bot.html)" 
192.178.4.103 - - [13/Nov/2025:13:52:15 -0800] "GET /?t=2691269831004 HTTP/1.1" 200 310 "-" "Mozilla/5.0 (Linux; Android 6.0.1; Nexus 5X Build/MMB29P) AppleWebKit/537.36 (KHTML, like Gecko) Chrome/141.0.7390.122 Mobile Safari/537.36 (compatible; Googlebot/2.1; +http://www.google.com/bot.html)" 
114.119.151.82 - - [13/Nov/2025:13:52:22 -0800] "GET /search.php?products/199xq39961 HTTP/1.1" 200 24891 "https://www.stevenfranssen.com/search.php?sitemap394.xml" "Mozilla/5.0 (Linux; Android 7.0;) AppleWebKit/537.36 (KHTML, like Gecko) Mobile Safari/537.36 (compatible; PetalBot;+https://webmaster.petalsearch.com/site/petalbot)" 
192.178.4.103 - - [13/Nov/2025:13:52:30 -0800] "GET /?t=9717236873003 HTTP/1.1" 200 3659 "-" "Mozilla/5.0 (Linux; Android 6.0.1; Nexus 5X Build/MMB29P) AppleWebKit/537.36 (KHTML, like Gecko) Chrome/141.0.7390.122 Mobile Safari/537.36 (compatible; Googlebot/2.1; +http://www.google.com/bot.html)" 
192.178.4.105 - - [13/Nov/2025:13:53:00 -0800] "GET /?t=84820144347001 HTTP/1.1" 200 3659 "-" "Mozilla/5.0 (Linux; Android 6.0.1; Nexus 5X Build/MMB29P) AppleWebKit/537.36 (KHTML, like Gecko) Chrome/141.0.7390.122 Mobile Safari/537.36 (compatible; Googlebot/2.1; +http://www.google.com/bot.html)" 
192.178.4.103 - - [13/Nov/2025:13:53:15 -0800] "GET /?t=7783064676002 HTTP/1.1" 200 3659 "-" "Mozilla/5.0 (Linux; Android 6.0.1; Nexus 5X Build/MMB29P) AppleWebKit/537.36 (KHTML, like Gecko) Chrome/141.0.7390.122 Mobile Safari/537.36 (compatible; Googlebot/2.1; +http://www.google.com/bot.html)" 
192.178.4.104 - - [13/Nov/2025:13:53:16 -0800] "GET /?t=19922119554502 HTTP/1.1" 200 3659 "-" "Mozilla/5.0 (Linux; Android 6.0.1; Nexus 5X Build/MMB29P) AppleWebKit/537.36 (KHTML, like Gecko) Chrome/141.0.7390.122 Mobile Safari/537.36 (compatible; Googlebot/2.1; +http://www.google.com/bot.html)" 
192.178.4.103 - - [13/Nov/2025:13:53:31 -0800] "GET /?t=4939169640100 HTTP/1.1" 200 3659 "-" "Mozilla/5.0 (Linux; Android 6.0.1; Nexus 5X Build/MMB29P) AppleWebKit/537.36 (KHTML, like Gecko) Chrome/141.0.7390.122 Mobile Safari/537.36 (compatible; Googlebot/2.1; +http://www.google.com/bot.html)" 
192.178.4.103 - - [13/Nov/2025:13:53:32 -0800] "GET /?t=3118764005700 HTTP/1.1" 200 310 "-" "Mozilla/5.0 (Linux; Android 6.0.1; Nexus 5X Build/MMB29P) AppleWebKit/537.36 (KHTML, like Gecko) Chrome/141.0.7390.122 Mobile Safari/537.36 (compatible; Googlebot/2.1; +http://www.google.com/bot.html)" 
114.119.133.85 - - [13/Nov/2025:13:53:54 -0800] "GET /search.php?products/199mk11731 HTTP/1.1" 200 25185 "https://www.stevenfranssen.com/search.php?sitemap394.xml" "Mozilla/5.0 (Linux; Android 7.0;) AppleWebKit/537.36 (KHTML, like Gecko) Mobile Safari/537.36 (compatible; PetalBot;+https://webmaster.petalsearch.com/site/petalbot)" 
192.178.4.103 - - [13/Nov/2025:13:54:01 -0800] "GET /?t=7421074888002 HTTP/1.1" 200 3659 "-" "Mozilla/5.0 (Linux; Android 6.0.1; Nexus 5X Build/MMB29P) AppleWebKit/537.36 (KHTML, like Gecko) Chrome/141.0.7390.122 Mobile Safari/537.36 (compatible; Googlebot/2.1; +http://www.google.com/bot.html)" 
192.178.4.104 - - [13/Nov/2025:13:54:17 -0800] "GET /?t=61031160172802 HTTP/1.1" 200 3659 "-" "Mozilla/5.0 (Linux; Android 6.0.1; Nexus 5X Build/MMB29P) AppleWebKit/537.36 (KHTML, like Gecko) Chrome/141.0.7390.122 Mobile Safari/537.36 (compatible; Googlebot/2.1; +http://www.google.com/bot.html)" 
216.73.216.137 - - [13/Nov/2025:13:54:25 -0800] "GET / HTTP/2.0" 200 4809 "-" "Mozilla/5.0 AppleWebKit/537.36 (KHTML, like Gecko; compatible; ClaudeBot/1.0; +claudebot@anthropic.com)" 
142.44.228.204 - - [13/Nov/2025:13:54:30 -0800] "GET /page/9/?path=/home/dh_pvsc7i/stevenfranssen.com/blog HTTP/2.0" 200 3062 "-" "Mozilla/5.0 (compatible; AhrefsBot/7.0; +http://ahrefs.com/robot/)" 
192.178.4.103 - - [13/Nov/2025:13:54:32 -0800] "GET /?t=1730294272603 HTTP/1.1" 200 3659 "-" "Mozilla/5.0 (Linux; Android 6.0.1; Nexus 5X Build/MMB29P) AppleWebKit/537.36 (KHTML, like Gecko) Chrome/141.0.7390.122 Mobile Safari/537.36 (compatible; Googlebot/2.1; +http://www.google.com/bot.html)" 
192.178.4.103 - - [13/Nov/2025:13:55:02 -0800] "GET /?t=0838445162000 HTTP/1.1" 200 3659 "-" "Mozilla/5.0 (Linux; Android 6.0.1; Nexus 5X Build/MMB29P) AppleWebKit/537.36 (KHTML, like Gecko) Chrome/141.0.7390.122 Mobile Safari/537.36 (compatible; Googlebot/2.1; +http://www.google.com/bot.html)" 
192.178.4.104 - - [13/Nov/2025:13:55:02 -0800] "GET /?t=3497234749000 HTTP/1.1" 200 3659 "-" "Mozilla/5.0 (Linux; Android 6.0.1; Nexus 5X Build/MMB29P) AppleWebKit/537.36 (KHTML, like Gecko) Chrome/141.0.7390.122 Mobile Safari/537.36 (compatible; Googlebot/2.1; +http://www.google.com/bot.html)" 
114.119.145.137 - - [13/Nov/2025:13:55:12 -0800] "GET /search.php?products/198zo30534 HTTP/1.1" 200 25155 "https://www.stevenfranssen.com/search.php?sitemap394.xml" "Mozilla/5.0 (Linux; Android 7.0;) AppleWebKit/537.36 (KHTML, like Gecko) Mobile Safari/537.36 (compatible; PetalBot;+https://webmaster.petalsearch.com/site/petalbot)" 
192.178.4.104 - - [13/Nov/2025:13:55:17 -0800] "GET /?t=2898062766000 HTTP/1.1" 200 3659 "-" "Mozilla/5.0 (Linux; Android 6.0.1; Nexus 5X Build/MMB29P) AppleWebKit/537.36 (KHTML, like Gecko) Chrome/141.0.7390.122 Mobile Safari/537.36 (compatible; Googlebot/2.1; +http://www.google.com/bot.html)" 
192.178.4.103 - - [13/Nov/2025:13:55:33 -0800] "GET /?t=4073136944400 HTTP/1.1" 200 3659 "-" "Mozilla/5.0 (Linux; Android 6.0.1; Nexus 5X Build/MMB29P) AppleWebKit/537.36 (KHTML, like Gecko) Chrome/141.0.7390.122 Mobile Safari/537.36 (compatible; Googlebot/2.1; +http://www.google.com/bot.html)" 
34.148.54.42 - - [13/Nov/2025:13:55:39 -0800] "GET /links/ HTTP/1.0" 200 8328 "-" "ZoominfoBot (zoominfobot at zoominfo dot com)" 
192.178.4.103 - - [13/Nov/2025:13:55:48 -0800] "GET /?t=904223646503 HTTP/1.1" 200 3659 "-" "Mozilla/5.0 (Linux; Android 6.0.1; Nexus 5X Build/MMB29P) AppleWebKit/537.36 (KHTML, like Gecko) Chrome/141.0.7390.122 Mobile Safari/537.36 (compatible; Googlebot/2.1; +http://www.google.com/bot.html)" 
192.178.4.103 - - [13/Nov/2025:13:55:49 -0800] "GET /?t=0095734852801 HTTP/1.1" 200 310 "-" "Mozilla/5.0 (Linux; Android 6.0.1; Nexus 5X Build/MMB29P) AppleWebKit/537.36 (KHTML, like Gecko) Chrome/141.0.7390.122 Mobile Safari/537.36 (compatible; Googlebot/2.1; +http://www.google.com/bot.html)" 
192.178.4.103 - - [13/Nov/2025:13:55:51 -0800] "GET /?t=02842131840001 HTTP/1.1" 200 310 "-" "Mozilla/5.0 (Linux; Android 6.0.1; Nexus 5X Build/MMB29P) AppleWebKit/537.36 (KHTML, like Gecko) Chrome/141.0.7390.122 Mobile Safari/537.36 (compatible; Googlebot/2.1; +http://www.google.com/bot.html)" 
192.178.4.103 - - [13/Nov/2025:13:55:52 -0800] "GET /?t=4944879178403 HTTP/1.1" 200 310 "-" "Mozilla/5.0 (Linux; Android 6.0.1; Nexus 5X Build/MMB29P) AppleWebKit/537.36 (KHTML, like Gecko) Chrome/141.0.7390.122 Mobile Safari/537.36 (compatible; Googlebot/2.1; +http://www.google.com/bot.html)" 
181.169.33.9 - - [13/Nov/2025:13:56:10 -0800] "GET /worldwide-tall-poppy-syndrome/ HTTP/1.1" 200 8390 "-" "Mozilla/5.0 (iPhone; CPU iPhone OS 17_1 like Mac OS X) AppleWebKit/605.1.15 (KHTML, like Gecko) EdgiOS/120.0.2210.86 Version/17.0 Mobile/15E148 Safari/604.1" 
192.178.4.104 - - [13/Nov/2025:13:56:12 -0800] "GET /?t=65108141666401 HTTP/1.1" 200 3659 "-" "Mozilla/5.0 (Linux; Android 6.0.1; Nexus 5X Build/MMB29P) AppleWebKit/537.36 (KHTML, like Gecko) Chrome/141.0.7390.122 Mobile Safari/537.36 (compatible; Googlebot/2.1; +http://www.google.com/bot.html)" 
192.178.4.103 - - [13/Nov/2025:13:56:33 -0800] "GET /?t=6191252641900 HTTP/1.1" 200 3659 "-" "Mozilla/5.0 (Linux; Android 6.0.1; Nexus 5X Build/MMB29P) AppleWebKit/537.36 (KHTML, like Gecko) Chrome/141.0.7390.122 Mobile Safari/537.36 (compatible; Googlebot/2.1; +http://www.google.com/bot.html)" 
114.119.133.85 - - [13/Nov/2025:13:56:34 -0800] "GET /search.php?products/198yc27740 HTTP/1.1" 200 25577 "https://www.stevenfranssen.com/search.php?sitemap394.xml" "Mozilla/5.0 (Linux; Android 7.0;) AppleWebKit/537.36 (KHTML, like Gecko) Mobile Safari/537.36 (compatible; PetalBot;+https://webmaster.petalsearch.com/site/petalbot)" 
192.178.4.103 - - [13/Nov/2025:13:56:53 -0800] "GET /?t=530937547801 HTTP/1.1" 200 3659 "-" "Mozilla/5.0 (Linux; Android 6.0.1; Nexus 5X Build/MMB29P) AppleWebKit/537.36 (KHTML, like Gecko) Chrome/141.0.7390.122 Mobile Safari/537.36 (compatible; Googlebot/2.1; +http://www.google.com/bot.html)" 
167.114.139.53 - - [13/Nov/2025:13:57:03 -0800] "GET /?fileloc=/home/dh_pvsc7i/stevenfranssen.com/quickstart.html&path=/home/dh_pvsc7i/stevenfranssen.com HTTP/2.0" 200 3058 "-" "Mozilla/5.0 (compatible; AhrefsBot/7.0; +http://ahrefs.com/robot/)" 
192.178.4.104 - - [13/Nov/2025:13:57:13 -0800] "GET /?t=8726222573203 HTTP/1.1" 200 3659 "-" "Mozilla/5.0 (Linux; Android 6.0.1; Nexus 5X Build/MMB29P) AppleWebKit/537.36 (KHTML, like Gecko) Chrome/141.0.7390.122 Mobile Safari/537.36 (compatible; Googlebot/2.1; +http://www.google.com/bot.html)" 
192.178.4.104 - - [13/Nov/2025:13:57:33 -0800] "GET /?t=1750813486204 HTTP/1.1" 200 3659 "-" "Mozilla/5.0 (Linux; Android 6.0.1; Nexus 5X Build/MMB29P) AppleWebKit/537.36 (KHTML, like Gecko) Chrome/141.0.7390.122 Mobile Safari/537.36 (compatible; Googlebot/2.1; +http://www.google.com/bot.html)" 
192.178.4.103 - - [13/Nov/2025:13:58:02 -0800] "GET /?t=3129884623203 HTTP/1.1" 200 3659 "-" "Mozilla/5.0 (Linux; Android 6.0.1; Nexus 5X Build/MMB29P) AppleWebKit/537.36 (KHTML, like Gecko) Chrome/141.0.7390.122 Mobile Safari/537.36 (compatible; Googlebot/2.1; +http://www.google.com/bot.html)" 
114.119.131.151 - - [13/Nov/2025:13:58:09 -0800] "GET /search.php?products/198wc41804 HTTP/1.1" 200 25599 "https://www.stevenfranssen.com/search.php?sitemap394.xml" "Mozilla/5.0 (Linux; Android 7.0;) AppleWebKit/537.36 (KHTML, like Gecko) Mobile Safari/537.36 (compatible; PetalBot;+https://webmaster.petalsearch.com/site/petalbot)" 
192.178.4.104 - - [13/Nov/2025:13:58:18 -0800] "GET /?t=70389192137101 HTTP/1.1" 200 3659 "-" "Mozilla/5.0 (Linux; Android 6.0.1; Nexus 5X Build/MMB29P) AppleWebKit/537.36 (KHTML, like Gecko) Chrome/141.0.7390.122 Mobile Safari/537.36 (compatible; Googlebot/2.1; +http://www.google.com/bot.html)" 
192.178.4.104 - - [13/Nov/2025:13:58:18 -0800] "GET /?t=6589929931003 HTTP/1.1" 200 310 "-" "Mozilla/5.0 (Linux; Android 6.0.1; Nexus 5X Build/MMB29P) AppleWebKit/537.36 (KHTML, like Gecko) Chrome/141.0.7390.122 Mobile Safari/537.36 (compatible; Googlebot/2.1; +http://www.google.com/bot.html)" 
54.39.89.229 - - [13/Nov/2025:13:58:22 -0800] "GET /page/9/?path=/home/dh_pvsc7i/stevenfranssen.com/bckp HTTP/2.0" 200 3008 "-" "Mozilla/5.0 (compatible; AhrefsBot/7.0; +http://ahrefs.com/robot/)" 
192.178.4.103 - - [13/Nov/2025:13:58:48 -0800] "GET /?t=47829172272306 HTTP/1.1" 200 3659 "-" "Mozilla/5.0 (Linux; Android 6.0.1; Nexus 5X Build/MMB29P) AppleWebKit/537.36 (KHTML, like Gecko) Chrome/141.0.7390.122 Mobile Safari/537.36 (compatible; Googlebot/2.1; +http://www.google.com/bot.html)" 
192.178.4.104 - - [13/Nov/2025:13:59:03 -0800] "GET /?t=1102058383208 HTTP/1.1" 200 3659 "-" "Mozilla/5.0 (Linux; Android 6.0.1; Nexus 5X Build/MMB29P) AppleWebKit/537.36 (KHTML, like Gecko) Chrome/141.0.7390.122 Mobile Safari/537.36 (compatible; Googlebot/2.1; +http://www.google.com/bot.html)" 
192.178.4.104 - - [13/Nov/2025:13:59:18 -0800] "GET /?t=8992750130607 HTTP/1.1" 200 3659 "-" "Mozilla/5.0 (Linux; Android 6.0.1; Nexus 5X Build/MMB29P) AppleWebKit/537.36 (KHTML, like Gecko) Chrome/141.0.7390.122 Mobile Safari/537.36 (compatible; Googlebot/2.1; +http://www.google.com/bot.html)" 
114.119.147.181 - - [13/Nov/2025:13:59:19 -0800] "GET /search.php?products/198uw24282 HTTP/1.1" 200 24706 "https://www.stevenfranssen.com/search.php?sitemap394.xml" "Mozilla/5.0 (Linux; Android 7.0;) AppleWebKit/537.36 (KHTML, like Gecko) Mobile Safari/537.36 (compatible; PetalBot;+https://webmaster.petalsearch.com/site/petalbot)" 
148.113.128.144 - - [13/Nov/2025:13:59:48 -0800] "GET /?fileloc=/home/dh_pvsc7i/stevenfranssen.com/ioxi-o.php&path=/home/dh_pvsc7i/stevenfranssen.com HTTP/2.0" 200 288216 "-" "Mozilla/5.0 (compatible; AhrefsBot/7.0; +http://ahrefs.com/robot/)" 
192.178.4.103 - - [13/Nov/2025:13:59:48 -0800] "GET /?t=9726486496001 HTTP/1.1" 200 3659 "-" "Mozilla/5.0 (Linux; Android 6.0.1; Nexus 5X Build/MMB29P) AppleWebKit/537.36 (KHTML, like Gecko) Chrome/141.0.7390.122 Mobile Safari/537.36 (compatible; Googlebot/2.1; +http://www.google.com/bot.html)" 
192.178.4.105 - - [13/Nov/2025:14:00:03 -0800] "GET /?t=90479217846801 HTTP/1.1" 200 3659 "-" "Mozilla/5.0 (Linux; Android 6.0.1; Nexus 5X Build/MMB29P) AppleWebKit/537.36 (KHTML, like Gecko) Chrome/141.0.7390.122 Mobile Safari/537.36 (compatible; Googlebot/2.1; +http://www.google.com/bot.html)" 
192.178.4.104 - - [13/Nov/2025:14:00:18 -0800] "GET /?t=45172169218400 HTTP/1.1" 200 3659 "-" "Mozilla/5.0 (Linux; Android 6.0.1; Nexus 5X Build/MMB29P) AppleWebKit/537.36 (KHTML, like Gecko) Chrome/141.0.7390.122 Mobile Safari/537.36 (compatible; Googlebot/2.1; +http://www.google.com/bot.html)" 
192.178.4.103 - - [13/Nov/2025:14:00:19 -0800] "GET /?t=4310237698801 HTTP/1.1" 200 3659 "-" "Mozilla/5.0 (Linux; Android 6.0.1; Nexus 5X Build/MMB29P) AppleWebKit/537.36 (KHTML, like Gecko) Chrome/141.0.7390.122 Mobile Safari/537.36 (compatible; Googlebot/2.1; +http://www.google.com/bot.html)" 
192.178.4.103 - - [13/Nov/2025:14:00:34 -0800] "GET /?t=1478999234401 HTTP/1.1" 200 3659 "-" "Mozilla/5.0 (Linux; Android 6.0.1; Nexus 5X Build/MMB29P) AppleWebKit/537.36 (KHTML, like Gecko) Chrome/141.0.7390.122 Mobile Safari/537.36 (compatible; Googlebot/2.1; +http://www.google.com/bot.html)" 
114.119.159.208 - - [13/Nov/2025:14:00:44 -0800] "GET /search.php?products/198iu21138 HTTP/1.1" 200 24979 "https://www.stevenfranssen.com/search.php?sitemap394.xml" "Mozilla/5.0 (Linux; Android 7.0;) AppleWebKit/537.36 (KHTML, like Gecko) Mobile Safari/537.36 (compatible; PetalBot;+https://webmaster.petalsearch.com/site/petalbot)" 
192.178.4.103 - - [13/Nov/2025:14:00:50 -0800] "GET /?t=41990217099301 HTTP/1.1" 200 3659 "-" "Mozilla/5.0 (Linux; Android 6.0.1; Nexus 5X Build/MMB29P) AppleWebKit/537.36 (KHTML, like Gecko) Chrome/141.0.7390.122 Mobile Safari/537.36 (compatible; Googlebot/2.1; +http://www.google.com/bot.html)" 
202.46.63.58 - - [13/Nov/2025:14:01:04 -0800] "GET /coaching/ HTTP/1.1" 200 8180 "-" "Mozilla/5.0 (Windows NT 10.0; Win64; x64) AppleWebKit/537.36 (KHTML, like Gecko) Chrome/133.0.6943.141 Safari/537.36" 
192.178.4.105 - - [13/Nov/2025:14:01:05 -0800] "GET /?t=01200118868707 HTTP/1.1" 200 3659 "-" "Mozilla/5.0 (Linux; Android 6.0.1; Nexus 5X Build/MMB29P) AppleWebKit/537.36 (KHTML, like Gecko) Chrome/141.0.7390.122 Mobile Safari/537.36 (compatible; Googlebot/2.1; +http://www.google.com/bot.html)" 
148.113.130.14 - - [13/Nov/2025:14:01:14 -0800] "GET /page/9/?path=/home/dh_pvsc7i/stevenfranssen.com/art HTTP/2.0" 200 3122 "-" "Mozilla/5.0 (compatible; AhrefsBot/7.0; +http://ahrefs.com/robot/)" 
192.178.4.104 - - [13/Nov/2025:14:01:21 -0800] "GET /?t=54864139449102 HTTP/1.1" 200 3659 "-" "Mozilla/5.0 (Linux; Android 6.0.1; Nexus 5X Build/MMB29P) AppleWebKit/537.36 (KHTML, like Gecko) Chrome/141.0.7390.122 Mobile Safari/537.36 (compatible; Googlebot/2.1; +http://www.google.com/bot.html)" 
192.178.4.103 - - [13/Nov/2025:14:01:22 -0800] "GET /?t=57059110948202 HTTP/1.1" 200 3659 "-" "Mozilla/5.0 (Linux; Android 6.0.1; Nexus 5X Build/MMB29P) AppleWebKit/537.36 (KHTML, like Gecko) Chrome/141.0.7390.122 Mobile Safari/537.36 (compatible; Googlebot/2.1; +http://www.google.com/bot.html)" 
192.178.4.104 - - [13/Nov/2025:14:01:23 -0800] "GET /?t=7284089655003 HTTP/1.1" 200 310 "-" "Mozilla/5.0 (Linux; Android 6.0.1; Nexus 5X Build/MMB29P) AppleWebKit/537.36 (KHTML, like Gecko) Chrome/141.0.7390.122 Mobile Safari/537.36 (compatible; Googlebot/2.1; +http://www.google.com/bot.html)" 
192.178.4.104 - - [13/Nov/2025:14:01:24 -0800] "GET /?t=0887943556703 HTTP/1.1" 200 310 "-" "Mozilla/5.0 (Linux; Android 6.0.1; Nexus 5X Build/MMB29P) AppleWebKit/537.36 (KHTML, like Gecko) Chrome/141.0.7390.122 Mobile Safari/537.36 (compatible; Googlebot/2.1; +http://www.google.com/bot.html)" 
192.178.4.103 - - [13/Nov/2025:14:01:39 -0800] "GET /?t=91988130416004 HTTP/1.1" 200 3659 "-" "Mozilla/5.0 (Linux; Android 6.0.1; Nexus 5X Build/MMB29P) AppleWebKit/537.36 (KHTML, like Gecko) Chrome/141.0.7390.122 Mobile Safari/537.36 (compatible; Googlebot/2.1; +http://www.google.com/bot.html)" 
114.119.151.82 - - [13/Nov/2025:14:02:07 -0800] "GET /search.php?products/198dl10750 HTTP/1.1" 200 24705 "https://www.stevenfranssen.com/search.php?sitemap394.xml" "Mozilla/5.0 (Linux; Android 7.0;) AppleWebKit/537.36 (KHTML, like Gecko) Mobile Safari/537.36 (compatible; PetalBot;+https://webmaster.petalsearch.com/site/petalbot)" 
192.178.4.103 - - [13/Nov/2025:14:02:09 -0800] "GET /?t=91828118622002 HTTP/1.1" 200 3659 "-" "Mozilla/5.0 (Linux; Android 6.0.1; Nexus 5X Build/MMB29P) AppleWebKit/537.36 (KHTML, like Gecko) Chrome/141.0.7390.122 Mobile Safari/537.36 (compatible; Googlebot/2.1; +http://www.google.com/bot.html)" 
192.178.4.103 - - [13/Nov/2025:14:02:24 -0800] "GET /?t=0799636115201 HTTP/1.1" 200 3659 "-" "Mozilla/5.0 (Linux; Android 6.0.1; Nexus 5X Build/MMB29P) AppleWebKit/537.36 (KHTML, like Gecko) Chrome/141.0.7390.122 Mobile Safari/537.36 (compatible; Googlebot/2.1; +http://www.google.com/bot.html)" 
192.178.4.103 - - [13/Nov/2025:14:02:39 -0800] "GET /?t=0232235366901 HTTP/1.1" 200 3659 "-" "Mozilla/5.0 (Linux; Android 6.0.1; Nexus 5X Build/MMB29P) AppleWebKit/537.36 (KHTML, like Gecko) Chrome/141.0.7390.122 Mobile Safari/537.36 (compatible; Googlebot/2.1; +http://www.google.com/bot.html)" 
192.178.4.103 - - [13/Nov/2025:14:02:39 -0800] "GET /?t=0760759325200 HTTP/1.1" 200 310 "-" "Mozilla/5.0 (Linux; Android 6.0.1; Nexus 5X Build/MMB29P) AppleWebKit/537.36 (KHTML, like Gecko) Chrome/141.0.7390.122 Mobile Safari/537.36 (compatible; Googlebot/2.1; +http://www.google.com/bot.html)" 
51.222.95.74 - - [13/Nov/2025:14:02:43 -0800] "GET /?path=/home/dh_pvsc7i/stevenfranssen.com/9b492 HTTP/2.0" 200 2985 "-" "Mozilla/5.0 (compatible; AhrefsBot/7.0; +http://ahrefs.com/robot/)" 
192.178.4.103 - - [13/Nov/2025:14:02:55 -0800] "GET /?t=7599924948000 HTTP/1.1" 200 3659 "-" "Mozilla/5.0 (Linux; Android 6.0.1; Nexus 5X Build/MMB29P) AppleWebKit/537.36 (KHTML, like Gecko) Chrome/141.0.7390.122 Mobile Safari/537.36 (compatible; Googlebot/2.1; +http://www.google.com/bot.html)" 
192.178.4.103 - - [13/Nov/2025:14:02:55 -0800] "GET /?t=7531176199302 HTTP/1.1" 200 310 "-" "Mozilla/5.0 (Linux; Android 6.0.1; Nexus 5X Build/MMB29P) AppleWebKit/537.36 (KHTML, like Gecko) Chrome/141.0.7390.122 Mobile Safari/537.36 (compatible; Googlebot/2.1; +http://www.google.com/bot.html)" 
192.178.4.105 - - [13/Nov/2025:14:03:10 -0800] "GET /?t=81185261997400 HTTP/1.1" 200 3659 "-" "Mozilla/5.0 (Linux; Android 6.0.1; Nexus 5X Build/MMB29P) AppleWebKit/537.36 (KHTML, like Gecko) Chrome/141.0.7390.122 Mobile Safari/537.36 (compatible; Googlebot/2.1; +http://www.google.com/bot.html)" 
34.148.54.42 - - [13/Nov/2025:14:03:16 -0800] "GET /donate/ HTTP/1.0" 200 8328 "-" "ZoominfoBot (zoominfobot at zoominfo dot com)" 
192.178.4.104 - - [13/Nov/2025:14:03:26 -0800] "GET /?t=5805989293606 HTTP/1.1" 200 3659 "-" "Mozilla/5.0 (Linux; Android 6.0.1; Nexus 5X Build/MMB29P) AppleWebKit/537.36 (KHTML, like Gecko) Chrome/141.0.7390.122 Mobile Safari/537.36 (compatible; Googlebot/2.1; +http://www.google.com/bot.html)" 
114.119.151.82 - - [13/Nov/2025:14:03:33 -0800] "GET /search.php?products/198cd41862 HTTP/1.1" 200 24633 "https://www.stevenfranssen.com/search.php?sitemap394.xml" "Mozilla/5.0 (Linux; Android 7.0;) AppleWebKit/537.36 (KHTML, like Gecko) Mobile Safari/537.36 (compatible; PetalBot;+https://webmaster.petalsearch.com/site/petalbot)" 
192.178.4.103 - - [13/Nov/2025:14:03:41 -0800] "GET /?t=29315191905700 HTTP/1.1" 200 3659 "-" "Mozilla/5.0 (Linux; Android 6.0.1; Nexus 5X Build/MMB29P) AppleWebKit/537.36 (KHTML, like Gecko) Chrome/141.0.7390.122 Mobile Safari/537.36 (compatible; Googlebot/2.1; +http://www.google.com/bot.html)" 
54.39.203.142 - - [13/Nov/2025:14:03:52 -0800] "GET /page/9/?path=/home/dh_pvsc7i/stevenfranssen.com/9b492 HTTP/2.0" 200 2985 "-" "Mozilla/5.0 (compatible; AhrefsBot/7.0; +http://ahrefs.com/robot/)" 
192.178.4.103 - - [13/Nov/2025:14:04:11 -0800] "GET /?t=1187967716404 HTTP/1.1" 200 3659 "-" "Mozilla/5.0 (Linux; Android 6.0.1; Nexus 5X Build/MMB29P) AppleWebKit/537.36 (KHTML, like Gecko) Chrome/141.0.7390.122 Mobile Safari/537.36 (compatible; Googlebot/2.1; +http://www.google.com/bot.html)" 
216.73.216.137 - - [13/Nov/2025:14:04:34 -0800] "GET / HTTP/2.0" 200 4809 "-" "Mozilla/5.0 AppleWebKit/537.36 (KHTML, like Gecko; compatible; ClaudeBot/1.0; +claudebot@anthropic.com)" 
192.178.4.104 - - [13/Nov/2025:14:04:41 -0800] "GET /?t=2752852525201 HTTP/1.1" 200 3659 "-" "Mozilla/5.0 (Linux; Android 6.0.1; Nexus 5X Build/MMB29P) AppleWebKit/537.36 (KHTML, like Gecko) Chrome/141.0.7390.122 Mobile Safari/537.36 (compatible; Googlebot/2.1; +http://www.google.com/bot.html)" 
192.178.4.103 - - [13/Nov/2025:14:04:42 -0800] "GET /?t=88312199620000 HTTP/1.1" 200 3659 "-" "Mozilla/5.0 (Linux; Android 6.0.1; Nexus 5X Build/MMB29P) AppleWebKit/537.36 (KHTML, like Gecko) Chrome/141.0.7390.122 Mobile Safari/537.36 (compatible; Googlebot/2.1; +http://www.google.com/bot.html)" 
192.178.4.104 - - [13/Nov/2025:14:04:42 -0800] "GET /?t=40759224920002 HTTP/1.1" 200 310 "-" "Mozilla/5.0 (Linux; Android 6.0.1; Nexus 5X Build/MMB29P) AppleWebKit/537.36 (KHTML, like Gecko) Chrome/141.0.7390.122 Mobile Safari/537.36 (compatible; Googlebot/2.1; +http://www.google.com/bot.html)" 
192.178.4.103 - - [13/Nov/2025:14:04:43 -0800] "GET /art/?id=BOKEP%20DIPAKSAlicenses HTTP/1.1" 404 293 "-" "Mozilla/5.0 (Linux; Android 6.0.1; Nexus 5X Build/MMB29P) AppleWebKit/537.36 (KHTML, like Gecko) Chrome/141.0.7390.122 Mobile Safari/537.36 (compatible; Googlebot/2.1; +http://www.google.com/bot.html)" 
192.178.4.103 - - [13/Nov/2025:14:04:59 -0800] "GET /?t=0992468308800 HTTP/1.1" 200 3659 "-" "Mozilla/5.0 (Linux; Android 6.0.1; Nexus 5X Build/MMB29P) AppleWebKit/537.36 (KHTML, like Gecko) Chrome/141.0.7390.122 Mobile Safari/537.36 (compatible; Googlebot/2.1; +http://www.google.com/bot.html)" 
114.119.145.137 - - [13/Nov/2025:14:05:06 -0800] "GET /search.php?products/197vu9013 HTTP/1.1" 200 25883 "https://www.stevenfranssen.com/search.php?sitemap394.xml" "Mozilla/5.0 (Linux; Android 7.0;) AppleWebKit/537.36 (KHTML, like Gecko) Mobile Safari/537.36 (compatible; PetalBot;+https://webmaster.petalsearch.com/site/petalbot)" 
192.178.4.104 - - [13/Nov/2025:14:05:14 -0800] "GET /?t=91617152780201 HTTP/1.1" 200 3659 "-" "Mozilla/5.0 (Linux; Android 6.0.1; Nexus 5X Build/MMB29P) AppleWebKit/537.36 (KHTML, like Gecko) Chrome/141.0.7390.122 Mobile Safari/537.36 (compatible; Googlebot/2.1; +http://www.google.com/bot.html)" 
142.44.228.162 - - [13/Nov/2025:14:05:21 -0800] "GET /?fileloc=/home/dh_pvsc7i/stevenfranssen.com/robots.txt&path=/home/dh_pvsc7i/stevenfranssen.com HTTP/2.0" 200 2726 "-" "Mozilla/5.0 (compatible; AhrefsBot/7.0; +http://ahrefs.com/robot/)" 
192.178.4.104 - - [13/Nov/2025:14:05:29 -0800] "GET /?t=05531174022703 HTTP/1.1" 200 3659 "-" "Mozilla/5.0 (Linux; Android 6.0.1; Nexus 5X Build/MMB29P) AppleWebKit/537.36 (KHTML, like Gecko) Chrome/141.0.7390.122 Mobile Safari/537.36 (compatible; Googlebot/2.1; +http://www.google.com/bot.html)" 
192.178.4.103 - - [13/Nov/2025:14:05:44 -0800] "GET /?t=6188973941000 HTTP/1.1" 200 3659 "-" "Mozilla/5.0 (Linux; Android 6.0.1; Nexus 5X Build/MMB29P) AppleWebKit/537.36 (KHTML, like Gecko) Chrome/141.0.7390.122 Mobile Safari/537.36 (compatible; Googlebot/2.1; +http://www.google.com/bot.html)" 
192.178.4.104 - - [13/Nov/2025:14:06:14 -0800] "GET /?t=77708182540703 HTTP/1.1" 200 3659 "-" "Mozilla/5.0 (Linux; Android 6.0.1; Nexus 5X Build/MMB29P) AppleWebKit/537.36 (KHTML, like Gecko) Chrome/141.0.7390.122 Mobile Safari/537.36 (compatible; Googlebot/2.1; +http://www.google.com/bot.html)" 
192.178.4.105 - - [13/Nov/2025:14:06:15 -0800] "GET /?t=8027464710100 HTTP/1.1" 200 3659 "-" "Mozilla/5.0 (Linux; Android 6.0.1; Nexus 5X Build/MMB29P) AppleWebKit/537.36 (KHTML, like Gecko) Chrome/141.0.7390.122 Mobile Safari/537.36 (compatible; Googlebot/2.1; +http://www.google.com/bot.html)" 
114.119.152.149 - - [13/Nov/2025:14:06:28 -0800] "GET /search.php?products/197re87 HTTP/1.1" 200 24813 "https://www.stevenfranssen.com/search.php?sitemap394.xml" "Mozilla/5.0 (Linux; Android 7.0;) AppleWebKit/537.36 (KHTML, like Gecko) Mobile Safari/537.36 (compatible; PetalBot;+https://webmaster.petalsearch.com/site/petalbot)" 
192.178.4.104 - - [13/Nov/2025:14:06:33 -0800] "GET /?t=41788127775700 HTTP/1.1" 200 3659 "-" "Mozilla/5.0 (Linux; Android 6.0.1; Nexus 5X Build/MMB29P) AppleWebKit/537.36 (KHTML, like Gecko) Chrome/141.0.7390.122 Mobile Safari/537.36 (compatible; Googlebot/2.1; +http://www.google.com/bot.html)" 
192.178.4.103 - - [13/Nov/2025:14:06:48 -0800] "GET /?t=0446010354101 HTTP/1.1" 200 3659 "-" "Mozilla/5.0 (Linux; Android 6.0.1; Nexus 5X Build/MMB29P) AppleWebKit/537.36 (KHTML, like Gecko) Chrome/141.0.7390.122 Mobile Safari/537.36 (compatible; Googlebot/2.1; +http://www.google.com/bot.html)" 
145.239.69.40 - - [13/Nov/2025:14:06:48 -0800] "GET /robots.txt HTTP/1.1" 200 3940 "-" "Mozilla/5.0 (compatible; MJ12bot/v1.4.8; http://mj12bot.com/)" 
192.178.4.103 - - [13/Nov/2025:14:06:48 -0800] "GET /?t=3190618785200 HTTP/1.1" 200 310 "-" "Mozilla/5.0 (Linux; Android 6.0.1; Nexus 5X Build/MMB29P) AppleWebKit/537.36 (KHTML, like Gecko) Chrome/141.0.7390.122 Mobile Safari/537.36 (compatible; Googlebot/2.1; +http://www.google.com/bot.html)" 
145.239.69.40 - - [13/Nov/2025:14:06:50 -0800] "GET /?fileloc=/home/dh_pvsc7i/stevenfranssen.com/.htaccess&path=/home/dh_pvsc7i/stevenfranssen.com HTTP/1.1" 200 2914 "-" "Mozilla/5.0 (compatible; MJ12bot/v1.4.8; http://mj12bot.com/)" 
145.239.69.40 - - [13/Nov/2025:14:06:52 -0800] "GET /?fileloc=/home/dh_pvsc7i/stevenfranssen.com/favicon.gif&path=/home/dh_pvsc7i/stevenfranssen.com HTTP/1.1" 200 2801 "-" "Mozilla/5.0 (compatible; MJ12bot/v1.4.8; http://mj12bot.com/)" 
167.114.139.222 - - [13/Nov/2025:14:06:52 -0800] "GET /page/9/?path=/home/dh_pvsc7i/stevenfranssen.com/3fa6cd HTTP/2.0" 200 2991 "-" "Mozilla/5.0 (compatible; AhrefsBot/7.0; +http://ahrefs.com/robot/)" 
145.239.69.40 - - [13/Nov/2025:14:06:53 -0800] "GET /?fileloc=/home/dh_pvsc7i/stevenfranssen.com/favicon.ico&path=/home/dh_pvsc7i/stevenfranssen.com HTTP/1.1" 200 2800 "-" "Mozilla/5.0 (compatible; MJ12bot/v1.4.8; http://mj12bot.com/)" 
145.239.69.40 - - [13/Nov/2025:14:06:55 -0800] "GET /?fileloc=/home/dh_pvsc7i/stevenfranssen.com/index.php&path=/home/dh_pvsc7i/stevenfranssen.com HTTP/1.1" 200 2877 "-" "Mozilla/5.0 (compatible; MJ12bot/v1.4.8; http://mj12bot.com/)" 
145.239.69.40 - - [13/Nov/2025:14:06:57 -0800] "GET /?fileloc=/home/dh_pvsc7i/stevenfranssen.com/index.php0&path=/home/dh_pvsc7i/stevenfranssen.com HTTP/1.1" 200 2877 "-" "Mozilla/5.0 (compatible; MJ12bot/v1.4.8; http://mj12bot.com/)" 
145.239.69.40 - - [13/Nov/2025:14:07:00 -0800] "GET /?fileloc=/home/dh_pvsc7i/stevenfranssen.com/ioxi-o.php&path=/home/dh_pvsc7i/stevenfranssen.com HTTP/1.1" 200 290150 "-" "Mozilla/5.0 (compatible; MJ12bot/v1.4.8; http://mj12bot.com/)" 
145.239.69.40 - - [13/Nov/2025:14:07:03 -0800] "GET /?fileloc=/home/dh_pvsc7i/stevenfranssen.com/ioxi-o2.php&path=/home/dh_pvsc7i/stevenfranssen.com HTTP/1.1" 200 30110 "-" "Mozilla/5.0 (compatible; MJ12bot/v1.4.8; http://mj12bot.com/)" 
145.239.69.40 - - [13/Nov/2025:14:07:10 -0800] "GET /?fileloc=/home/dh_pvsc7i/stevenfranssen.com/item.php&path=/home/dh_pvsc7i/stevenfranssen.com HTTP/1.1" 200 6946 "-" "Mozilla/5.0 (compatible; MJ12bot/v1.4.8; http://mj12bot.com/)" 
145.239.69.40 - - [13/Nov/2025:14:07:14 -0800] "GET /?fileloc=/home/dh_pvsc7i/stevenfranssen.com/license.txt&path=/home/dh_pvsc7i/stevenfranssen.com HTTP/1.1" 200 13399 "-" "Mozilla/5.0 (compatible; MJ12bot/v1.4.8; http://mj12bot.com/)" 
145.239.69.40 - - [13/Nov/2025:14:07:17 -0800] "GET /?fileloc=/home/dh_pvsc7i/stevenfranssen.com/networks.php&path=/home/dh_pvsc7i/stevenfranssen.com HTTP/1.1" 200 6952 "-" "Mozilla/5.0 (compatible; MJ12bot/v1.4.8; http://mj12bot.com/)" 
192.178.4.104 - - [13/Nov/2025:14:07:18 -0800] "GET /?t=08762122484001 HTTP/1.1" 200 3659 "-" "Mozilla/5.0 (Linux; Android 6.0.1; Nexus 5X Build/MMB29P) AppleWebKit/537.36 (KHTML, like Gecko) Chrome/141.0.7390.122 Mobile Safari/537.36 (compatible; Googlebot/2.1; +http://www.google.com/bot.html)" 
145.239.69.40 - - [13/Nov/2025:14:07:22 -0800] "GET /?fileloc=/home/dh_pvsc7i/stevenfranssen.com/php.ini&path=/home/dh_pvsc7i/stevenfranssen.com HTTP/1.1" 200 5981 "-" "Mozilla/5.0 (compatible; MJ12bot/v1.4.8; http://mj12bot.com/)" 
145.239.69.40 - - [13/Nov/2025:14:07:25 -0800] "GET /?fileloc=/home/dh_pvsc7i/stevenfranssen.com/quickstart.html&path=/home/dh_pvsc7i/stevenfranssen.com HTTP/1.1" 200 6333 "-" "Mozilla/5.0 (compatible; MJ12bot/v1.4.8; http://mj12bot.com/)" 
145.239.69.40 - - [13/Nov/2025:14:07:28 -0800] "GET /?fileloc=/home/dh_pvsc7i/stevenfranssen.com/readme.html&path=/home/dh_pvsc7i/stevenfranssen.com HTTP/1.1" 200 9008 "-" "Mozilla/5.0 (compatible; MJ12bot/v1.4.8; http://mj12bot.com/)" 
145.239.69.40 - - [13/Nov/2025:14:07:31 -0800] "GET /?fileloc=/home/dh_pvsc7i/stevenfranssen.com/robots.txt&path=/home/dh_pvsc7i/stevenfranssen.com HTTP/1.1" 200 6001 "-" "Mozilla/5.0 (compatible; MJ12bot/v1.4.8; http://mj12bot.com/)" 
192.178.4.104 - - [13/Nov/2025:14:07:33 -0800] "GET /?t=7871753001101 HTTP/1.1" 200 3659 "-" "Mozilla/5.0 (Linux; Android 6.0.1; Nexus 5X Build/MMB29P) AppleWebKit/537.36 (KHTML, like Gecko) Chrome/141.0.7390.122 Mobile Safari/537.36 (compatible; Googlebot/2.1; +http://www.google.com/bot.html)" 
145.239.69.40 - - [13/Nov/2025:14:07:33 -0800] "GET /?fileloc=/home/dh_pvsc7i/stevenfranssen.com/search.php&path=/home/dh_pvsc7i/stevenfranssen.com HTTP/1.1" 200 6744 "-" "Mozilla/5.0 (compatible; MJ12bot/v1.4.8; http://mj12bot.com/)" 
145.239.69.40 - - [13/Nov/2025:14:07:37 -0800] "GET /?fileloc=/home/dh_pvsc7i/stevenfranssen.com/sitemap.xml&path=/home/dh_pvsc7i/stevenfranssen.com HTTP/1.1" 200 6171 "-" "Mozilla/5.0 (compatible; MJ12bot/v1.4.8; http://mj12bot.com/)" 
145.239.69.40 - - [13/Nov/2025:14:07:40 -0800] "GET /?fileloc=/home/dh_pvsc7i/stevenfranssen.com/wp-activate.php&path=/home/dh_pvsc7i/stevenfranssen.com HTTP/1.1" 200 8472 "-" "Mozilla/5.0 (compatible; MJ12bot/v1.4.8; http://mj12bot.com/)" 
145.239.69.40 - - [13/Nov/2025:14:07:43 -0800] "GET /?fileloc=/home/dh_pvsc7i/stevenfranssen.com/wp-blog-header.php&path=/home/dh_pvsc7i/stevenfranssen.com HTTP/1.1" 200 7944 "-" "Mozilla/5.0 (compatible; MJ12bot/v1.4.8; http://mj12bot.com/)" 
145.239.69.40 - - [13/Nov/2025:14:07:45 -0800] "GET /?fileloc=/home/dh_pvsc7i/stevenfranssen.com/wp-comments-post.php&path=/home/dh_pvsc7i/stevenfranssen.com HTTP/1.1" 200 7020 "-" "Mozilla/5.0 (compatible; MJ12bot/v1.4.8; http://mj12bot.com/)" 
114.119.145.42 - - [13/Nov/2025:14:07:46 -0800] "GET /search.php?products/197mf3647 HTTP/1.1" 200 25436 "https://www.stevenfranssen.com/search.php?sitemap394.xml" "Mozilla/5.0 (Linux; Android 7.0;) AppleWebKit/537.36 (KHTML, like Gecko) Mobile Safari/537.36 (compatible; PetalBot;+https://webmaster.petalsearch.com/site/petalbot)" 
145.239.69.40 - - [13/Nov/2025:14:07:48 -0800] "GET /?fileloc=/home/dh_pvsc7i/stevenfranssen.com/wp-config-sample.php&path=/home/dh_pvsc7i/stevenfranssen.com HTTP/1.1" 200 7269 "-" "Mozilla/5.0 (compatible; MJ12bot/v1.4.8; http://mj12bot.com/)" 
192.178.4.103 - - [13/Nov/2025:14:07:48 -0800] "GET /?t=627948899800 HTTP/1.1" 200 3659 "-" "Mozilla/5.0 (Linux; Android 6.0.1; Nexus 5X Build/MMB29P) AppleWebKit/537.36 (KHTML, like Gecko) Chrome/141.0.7390.122 Mobile Safari/537.36 (compatible; Googlebot/2.1; +http://www.google.com/bot.html)" 
192.178.4.103 - - [13/Nov/2025:14:07:49 -0800] "GET /?t=7906856419503 HTTP/1.1" 200 310 "-" "Mozilla/5.0 (Linux; Android 6.0.1; Nexus 5X Build/MMB29P) AppleWebKit/537.36 (KHTML, like Gecko) Chrome/141.0.7390.122 Mobile Safari/537.36 (compatible; Googlebot/2.1; +http://www.google.com/bot.html)" 
145.239.69.40 - - [13/Nov/2025:14:07:51 -0800] "GET /?fileloc=/home/dh_pvsc7i/stevenfranssen.com/wp-config.php&path=/home/dh_pvsc7i/stevenfranssen.com HTTP/1.1" 418 3815 "-" "Mozilla/5.0 (compatible; MJ12bot/v1.4.8; http://mj12bot.com/)" 
145.239.69.40 - - [13/Nov/2025:14:07:53 -0800] "GET /?fileloc=/home/dh_pvsc7i/stevenfranssen.com/wp-cron.php&path=/home/dh_pvsc7i/stevenfranssen.com HTTP/1.1" 200 8044 "-" "Mozilla/5.0 (compatible; MJ12bot/v1.4.8; http://mj12bot.com/)" 
145.239.69.40 - - [13/Nov/2025:14:07:56 -0800] "GET /?fileloc=/home/dh_pvsc7i/stevenfranssen.com/wp-links-opml.php&path=/home/dh_pvsc7i/stevenfranssen.com HTTP/1.1" 200 7096 "-" "Mozilla/5.0 (compatible; MJ12bot/v1.4.8; http://mj12bot.com/)" 
145.239.69.40 - - [13/Nov/2025:14:07:59 -0800] "GET /?fileloc=/home/dh_pvsc7i/stevenfranssen.com/wp-load.php&path=/home/dh_pvsc7i/stevenfranssen.com HTTP/1.1" 200 7603 "-" "Mozilla/5.0 (compatible; MJ12bot/v1.4.8; http://mj12bot.com/)" 
145.239.69.40 - - [13/Nov/2025:14:08:01 -0800] "GET /?fileloc=/home/dh_pvsc7i/stevenfranssen.com/wp-log1n.php&path=/home/dh_pvsc7i/stevenfranssen.com HTTP/1.1" 200 6898 "-" "Mozilla/5.0 (compatible; MJ12bot/v1.4.8; http://mj12bot.com/)" 
145.239.69.40 - - [13/Nov/2025:14:08:04 -0800] "GET /?fileloc=/home/dh_pvsc7i/stevenfranssen.com/wp-mail.php&path=/home/dh_pvsc7i/stevenfranssen.com HTTP/1.1" 200 9053 "-" "Mozilla/5.0 (compatible; MJ12bot/v1.4.8; http://mj12bot.com/)" 
145.239.69.40 - - [13/Nov/2025:14:08:06 -0800] "GET /?fileloc=/home/dh_pvsc7i/stevenfranssen.com/wp-settings.php&path=/home/dh_pvsc7i/stevenfranssen.com HTTP/1.1" 200 12311 "-" "Mozilla/5.0 (compatible; MJ12bot/v1.4.8; http://mj12bot.com/)" 
145.239.69.40 - - [13/Nov/2025:14:08:09 -0800] "GET /?fileloc=/home/dh_pvsc7i/stevenfranssen.com/wp-signup.php&path=/home/dh_pvsc7i/stevenfranssen.com HTTP/1.1" 200 14494 "-" "Mozilla/5.0 (compatible; MJ12bot/v1.4.8; http://mj12bot.com/)" 
145.239.69.40 - - [13/Nov/2025:14:08:11 -0800] "GET /?fileloc=/home/dh_pvsc7i/stevenfranssen.com/wp-trackback.php&path=/home/dh_pvsc7i/stevenfranssen.com HTTP/1.1" 200 7836 "-" "Mozilla/5.0 (compatible; MJ12bot/v1.4.8; http://mj12bot.com/)" 
54.39.210.236 - - [13/Nov/2025:14:08:13 -0800] "GET /?path=/home/dh_pvsc7i/stevenfranssen.com/well-known HTTP/2.0" 200 2975 "-" "Mozilla/5.0 (compatible; AhrefsBot/7.0; +http://ahrefs.com/robot/)" 
145.239.69.40 - - [13/Nov/2025:14:08:14 -0800] "GET /?path=/ HTTP/1.1" 200 7471 "-" "Mozilla/5.0 (compatible; MJ12bot/v1.4.8; http://mj12bot.com/)" 
145.239.69.40 - - [13/Nov/2025:14:08:17 -0800] "GET /?path=/home HTTP/1.1" 200 5945 "-" "Mozilla/5.0 (compatible; MJ12bot/v1.4.8; http://mj12bot.com/)" 
192.178.4.103 - - [13/Nov/2025:14:08:19 -0800] "GET /?t=1289597205408 HTTP/1.1" 200 3659 "-" "Mozilla/5.0 (Linux; Android 6.0.1; Nexus 5X Build/MMB29P) AppleWebKit/537.36 (KHTML, like Gecko) Chrome/141.0.7390.122 Mobile Safari/537.36 (compatible; Googlebot/2.1; +http://www.google.com/bot.html)" 
145.239.69.40 - - [13/Nov/2025:14:08:19 -0800] "GET /?path=/home/dh_pvsc7i HTTP/1.1" 200 7004 "-" "Mozilla/5.0 (compatible; MJ12bot/v1.4.8; http://mj12bot.com/)" 
145.239.69.40 - - [13/Nov/2025:14:08:23 -0800] "GET /?path=/home/dh_pvsc7i/stevenfranssen.com HTTP/1.1" 200 8137 "-" "Mozilla/5.0 (compatible; MJ12bot/v1.4.8; http://mj12bot.com/)" 
145.239.69.40 - - [13/Nov/2025:14:08:26 -0800] "GET /?path=/home/dh_pvsc7i/stevenfranssen.com/.dh-diag HTTP/1.1" 200 6363 "-" "Mozilla/5.0 (compatible; MJ12bot/v1.4.8; http://mj12bot.com/)" 
145.239.69.40 - - [13/Nov/2025:14:08:28 -0800] "GET /?path=/home/dh_pvsc7i/stevenfranssen.com/.well-known HTTP/1.1" 200 6252 "-" "Mozilla/5.0 (compatible; MJ12bot/v1.4.8; http://mj12bot.com/)" 
145.239.69.40 - - [13/Nov/2025:14:08:31 -0800] "GET /?path=/home/dh_pvsc7i/stevenfranssen.com/3fa6cd HTTP/1.1" 200 6266 "-" "Mozilla/5.0 (compatible; MJ12bot/v1.4.8; http://mj12bot.com/)" 
145.239.69.40 - - [13/Nov/2025:14:08:33 -0800] "GET /?path=/home/dh_pvsc7i/stevenfranssen.com/9b492 HTTP/1.1" 200 6265 "-" "Mozilla/5.0 (compatible; MJ12bot/v1.4.8; http://mj12bot.com/)" 
145.239.69.40 - - [13/Nov/2025:14:08:36 -0800] "GET /?path=/home/dh_pvsc7i/stevenfranssen.com/art HTTP/1.1" 200 6397 "-" "Mozilla/5.0 (compatible; MJ12bot/v1.4.8; http://mj12bot.com/)" 
145.239.69.40 - - [13/Nov/2025:14:08:39 -0800] "GET /?path=/home/dh_pvsc7i/stevenfranssen.com/bckp HTTP/1.1" 200 6283 "-" "Mozilla/5.0 (compatible; MJ12bot/v1.4.8; http://mj12bot.com/)" 
145.239.69.40 - - [13/Nov/2025:14:08:41 -0800] "GET /?path=/home/dh_pvsc7i/stevenfranssen.com/blog HTTP/1.1" 200 6337 "-" "Mozilla/5.0 (compatible; MJ12bot/v1.4.8; http://mj12bot.com/)" 
145.239.69.40 - - [13/Nov/2025:14:08:44 -0800] "GET /?path=/home/dh_pvsc7i/stevenfranssen.com/well-known HTTP/1.1" 200 6250 "-" "Mozilla/5.0 (compatible; MJ12bot/v1.4.8; http://mj12bot.com/)" 
145.239.69.40 - - [13/Nov/2025:14:08:47 -0800] "GET /?path=/home/dh_pvsc7i/stevenfranssen.com/wp-admin HTTP/1.1" 200 11165 "-" "Mozilla/5.0 (compatible; MJ12bot/v1.4.8; http://mj12bot.com/)" 
192.178.4.103 - - [13/Nov/2025:14:08:49 -0800] "GET /?t=0988250856001 HTTP/1.1" 200 3659 "-" "Mozilla/5.0 (Linux; Android 6.0.1; Nexus 5X Build/MMB29P) AppleWebKit/537.36 (KHTML, like Gecko) Chrome/141.0.7390.122 Mobile Safari/537.36 (compatible; Googlebot/2.1; +http://www.google.com/bot.html)" 
145.239.69.40 - - [13/Nov/2025:14:08:50 -0800] "GET /?path=/home/dh_pvsc7i/stevenfranssen.com/wp-content HTTP/1.1" 200 6805 "-" "Mozilla/5.0 (compatible; MJ12bot/v1.4.8; http://mj12bot.com/)" 
145.239.69.40 - - [13/Nov/2025:14:08:52 -0800] "GET /?path=/home/dh_pvsc7i/stevenfranssen.com/wp-includes HTTP/1.1" 200 18696 "-" "Mozilla/5.0 (compatible; MJ12bot/v1.4.8; http://mj12bot.com/)" 
192.178.4.105 - - [13/Nov/2025:14:09:04 -0800] "GET /?t=78627201128600 HTTP/1.1" 200 3659 "-" "Mozilla/5.0 (Linux; Android 6.0.1; Nexus 5X Build/MMB29P) AppleWebKit/537.36 (KHTML, like Gecko) Chrome/141.0.7390.122 Mobile Safari/537.36 (compatible; Googlebot/2.1; +http://www.google.com/bot.html)" 
114.119.145.137 - - [13/Nov/2025:14:09:12 -0800] "GET /search.php?products/197fv37177 HTTP/1.1" 200 25135 "https://www.stevenfranssen.com/search.php?sitemap394.xml" "Mozilla/5.0 (Linux; Android 7.0;) AppleWebKit/537.36 (KHTML, like Gecko) Mobile Safari/537.36 (compatible; PetalBot;+https://webmaster.petalsearch.com/site/petalbot)" 
192.178.4.103 - - [13/Nov/2025:14:09:19 -0800] "GET /?t=175921101601 HTTP/1.1" 200 3659 "-" "Mozilla/5.0 (Linux; Android 6.0.1; Nexus 5X Build/MMB29P) AppleWebKit/537.36 (KHTML, like Gecko) Chrome/141.0.7390.122 Mobile Safari/537.36 (compatible; Googlebot/2.1; +http://www.google.com/bot.html)" 
192.178.4.104 - - [13/Nov/2025:14:09:20 -0800] "GET /?t=0231024913201 HTTP/1.1" 200 3659 "-" "Mozilla/5.0 (Linux; Android 6.0.1; Nexus 5X Build/MMB29P) AppleWebKit/537.36 (KHTML, like Gecko) Chrome/141.0.7390.122 Mobile Safari/537.36 (compatible; Googlebot/2.1; +http://www.google.com/bot.html)" 
192.178.4.103 - - [13/Nov/2025:14:09:35 -0800] "GET /?t=4310028337400 HTTP/1.1" 200 3659 "-" "Mozilla/5.0 (Linux; Android 6.0.1; Nexus 5X Build/MMB29P) AppleWebKit/537.36 (KHTML, like Gecko) Chrome/141.0.7390.122 Mobile Safari/537.36 (compatible; Googlebot/2.1; +http://www.google.com/bot.html)" 
148.113.130.197 - - [13/Nov/2025:14:09:38 -0800] "GET /page/9/?path=/home/dh_pvsc7i/stevenfranssen.com/.well-known HTTP/2.0" 200 2977 "-" "Mozilla/5.0 (compatible; AhrefsBot/7.0; +http://ahrefs.com/robot/)" 
192.178.4.103 - - [13/Nov/2025:14:09:50 -0800] "GET /?t=2105932941603 HTTP/1.1" 200 3659 "-" "Mozilla/5.0 (Linux; Android 6.0.1; Nexus 5X Build/MMB29P) AppleWebKit/537.36 (KHTML, like Gecko) Chrome/141.0.7390.122 Mobile Safari/537.36 (compatible; Googlebot/2.1; +http://www.google.com/bot.html)" 
116.179.32.200 - - [13/Nov/2025:14:09:54 -0800] "GET /the-wife-guy-problem/ HTTP/1.1" 200 3480 "-" "Mozilla/5.0 (compatible; Baiduspider/2.0; +http://www.baidu.com/search/spider.html)" 
192.178.4.104 - - [13/Nov/2025:14:10:18 -0800] "GET /?t=7170748334902 HTTP/1.1" 200 3659 "-" "Mozilla/5.0 (Linux; Android 6.0.1; Nexus 5X Build/MMB29P) AppleWebKit/537.36 (KHTML, like Gecko) Chrome/141.0.7390.122 Mobile Safari/537.36 (compatible; Googlebot/2.1; +http://www.google.com/bot.html)" 
192.178.4.103 - - [13/Nov/2025:14:10:28 -0800] "GET /?t=15889135784503 HTTP/1.1" 200 3659 "-" "Mozilla/5.0 (Linux; Android 6.0.1; Nexus 5X Build/MMB29P) AppleWebKit/537.36 (KHTML, like Gecko) Chrome/141.0.7390.122 Mobile Safari/537.36 (compatible; Googlebot/2.1; +http://www.google.com/bot.html)" 
114.119.159.208 - - [13/Nov/2025:14:10:37 -0800] "GET /search.php?products/197el24501 HTTP/1.1" 200 23868 "https://www.stevenfranssen.com/search.php?sitemap394.xml" "Mozilla/5.0 (Linux; Android 7.0;) AppleWebKit/537.36 (KHTML, like Gecko) Mobile Safari/537.36 (compatible; PetalBot;+https://webmaster.petalsearch.com/site/petalbot)" 
192.178.4.103 - - [13/Nov/2025:14:10:53 -0800] "GET /?t=1154840449502 HTTP/1.1" 200 3659 "-" "Mozilla/5.0 (Linux; Android 6.0.1; Nexus 5X Build/MMB29P) AppleWebKit/537.36 (KHTML, like Gecko) Chrome/141.0.7390.122 Mobile Safari/537.36 (compatible; Googlebot/2.1; +http://www.google.com/bot.html)" 
192.178.4.103 - - [13/Nov/2025:14:10:54 -0800] "GET /?t=2757130206901 HTTP/1.1" 200 310 "-" "Mozilla/5.0 (Linux; Android 6.0.1; Nexus 5X Build/MMB29P) AppleWebKit/537.36 (KHTML, like Gecko) Chrome/141.0.7390.122 Mobile Safari/537.36 (compatible; Googlebot/2.1; +http://www.google.com/bot.html)" 
192.178.4.104 - - [13/Nov/2025:14:11:08 -0800] "GET /?t=5268338027403 HTTP/1.1" 200 3659 "-" "Mozilla/5.0 (Linux; Android 6.0.1; Nexus 5X Build/MMB29P) AppleWebKit/537.36 (KHTML, like Gecko) Chrome/141.0.7390.122 Mobile Safari/537.36 (compatible; Googlebot/2.1; +http://www.google.com/bot.html)" 
51.222.168.58 - - [13/Nov/2025:14:11:09 -0800] "GET /page/9/?path=/home/dh_pvsc7i/stevenfranssen.com/.dh-diag HTTP/2.0" 200 3088 "-" "Mozilla/5.0 (compatible; AhrefsBot/7.0; +http://ahrefs.com/robot/)" 
220.192.230.242 - - [13/Nov/2025:14:11:23 -0800] "GET /tag/parenting/ HTTP/2.0" 200 4821 "-" "Mozilla/5.0 (Macintosh; Intel Mac OS X 10_15_7) AppleWebKit/537.36 (KHTML, like Gecko) Chrome/140.0.0.0 Safari/537.36" 
220.192.230.242 - - [13/Nov/2025:14:11:27 -0800] "GET /favicon.ico HTTP/2.0" 200 150 "https://www.stevenfranssen.com/tag/parenting/" "Mozilla/5.0 (Macintosh; Intel Mac OS X 10_15_7) AppleWebKit/537.36 (KHTML, like Gecko) Chrome/140.0.0.0 Safari/537.36" 
192.178.4.103 - - [13/Nov/2025:14:11:30 -0800] "GET /?t=62247240838904 HTTP/1.1" 200 3659 "-" "Mozilla/5.0 (Linux; Android 6.0.1; Nexus 5X Build/MMB29P) AppleWebKit/537.36 (KHTML, like Gecko) Chrome/141.0.7390.122 Mobile Safari/537.36 (compatible; Googlebot/2.1; +http://www.google.com/bot.html)" 
216.73.216.137 - - [13/Nov/2025:14:11:46 -0800] "GET /robots.txt HTTP/2.0" 200 318 "-" "Mozilla/5.0 AppleWebKit/537.36 (KHTML, like Gecko; compatible; ClaudeBot/1.0; +claudebot@anthropic.com)" 
216.73.216.137 - - [13/Nov/2025:14:11:46 -0800] "GET / HTTP/2.0" 200 4756 "-" "Mozilla/5.0 AppleWebKit/537.36 (KHTML, like Gecko; compatible; ClaudeBot/1.0; +claudebot@anthropic.com)" 
114.119.159.208 - - [13/Nov/2025:14:11:58 -0800] "GET /search.php?products/196nq7664 HTTP/1.1" 200 24971 "https://www.stevenfranssen.com/search.php?sitemap394.xml" "Mozilla/5.0 (Linux; Android 7.0;) AppleWebKit/537.36 (KHTML, like Gecko) Mobile Safari/537.36 (compatible; PetalBot;+https://webmaster.petalsearch.com/site/petalbot)" 
192.178.4.105 - - [13/Nov/2025:14:12:01 -0800] "GET /?t=07981113047801 HTTP/1.1" 200 3659 "-" "Mozilla/5.0 (Linux; Android 6.0.1; Nexus 5X Build/MMB29P) AppleWebKit/537.36 (KHTML, like Gecko) Chrome/141.0.7390.122 Mobile Safari/537.36 (compatible; Googlebot/2.1; +http://www.google.com/bot.html)" 
34.148.54.42 - - [13/Nov/2025:14:12:16 -0800] "GET /tag/steve-franssen/ HTTP/1.0" 200 8328 "-" "ZoominfoBot (zoominfobot at zoominfo dot com)" 
192.178.4.103 - - [13/Nov/2025:14:12:17 -0800] "GET /?t=919044656801 HTTP/1.1" 200 3659 "-" "Mozilla/5.0 (Linux; Android 6.0.1; Nexus 5X Build/MMB29P) AppleWebKit/537.36 (KHTML, like Gecko) Chrome/141.0.7390.122 Mobile Safari/537.36 (compatible; Googlebot/2.1; +http://www.google.com/bot.html)" 
51.161.65.112 - - [13/Nov/2025:14:12:29 -0800] "GET /?fileloc=/home/dh_pvsc7i/stevenfranssen.com/wp-config.php&path=/home/dh_pvsc7i/stevenfranssen.com HTTP/2.0" 418 624 "-" "Mozilla/5.0 (compatible; AhrefsBot/7.0; +http://ahrefs.com/robot/)" 
192.178.4.103 - - [13/Nov/2025:14:12:32 -0800] "GET /?t=9082876579401 HTTP/1.1" 200 3659 "-" "Mozilla/5.0 (Linux; Android 6.0.1; Nexus 5X Build/MMB29P) AppleWebKit/537.36 (KHTML, like Gecko) Chrome/141.0.7390.122 Mobile Safari/537.36 (compatible; Googlebot/2.1; +http://www.google.com/bot.html)" 
192.178.4.103 - - [13/Nov/2025:14:12:33 -0800] "GET /?t=1347563276900 HTTP/1.1" 200 310 "-" "Mozilla/5.0 (Linux; Android 6.0.1; Nexus 5X Build/MMB29P) AppleWebKit/537.36 (KHTML, like Gecko) Chrome/141.0.7390.122 Mobile Safari/537.36 (compatible; Googlebot/2.1; +http://www.google.com/bot.html)" 
