192.178.4.103 - - [13/Nov/2025:04:08:30 -0800] "GET /?t=4876851889000 HTTP/1.1" 200 3659 "-" "Mozilla/5.0 (Linux; Android 6.0.1; Nexus 5X Build/MMB29P) AppleWebKit/537.36 (KHTML, like Gecko) Chrome/141.0.7390.122 Mobile Safari/537.36 (compatible; Googlebot/2.1; +http://www.google.com/bot.html)" 
192.178.4.104 - - [13/Nov/2025:04:08:45 -0800] "GET /?t=53768134434800 HTTP/1.1" 200 3659 "-" "Mozilla/5.0 (Linux; Android 6.0.1; Nexus 5X Build/MMB29P) AppleWebKit/537.36 (KHTML, like Gecko) Chrome/141.0.7390.122 Mobile Safari/537.36 (compatible; Googlebot/2.1; +http://www.google.com/bot.html)" 
192.178.4.105 - - [13/Nov/2025:04:09:26 -0800] "GET /art/?id=FILM%20SELINGKUH%20SEMI HTTP/1.1" 200 37009 "-" "Mozilla/5.0 (Linux; Android 6.0.1; Nexus 5X Build/MMB29P) AppleWebKit/537.36 (KHTML, like Gecko) Chrome/141.0.7390.122 Mobile Safari/537.36 (compatible; Googlebot/2.1; +http://www.google.com/bot.html)" 
114.119.133.85 - - [13/Nov/2025:04:09:39 -0800] "GET /search.php?products/276yb22092 HTTP/1.1" 200 24700 "https://www.stevenfranssen.com/search.php?sitemap394.xml" "Mozilla/5.0 (Linux; Android 7.0;) AppleWebKit/537.36 (KHTML, like Gecko) Mobile Safari/537.36 (compatible; PetalBot;+https://webmaster.petalsearch.com/site/petalbot)" 
192.178.4.104 - - [13/Nov/2025:04:09:46 -0800] "GET /art/?id=JAV%20PORNDUDE HTTP/1.1" 200 37014 "-" "Mozilla/5.0 (Linux; Android 6.0.1; Nexus 5X Build/MMB29P) AppleWebKit/537.36 (KHTML, like Gecko) Chrome/141.0.7390.122 Mobile Safari/537.36 (compatible; Googlebot/2.1; +http://www.google.com/bot.html)" 
192.178.4.104 - - [13/Nov/2025:04:10:30 -0800] "GET /page/3/?t=97705115220805 HTTP/1.1" 200 3719 "-" "Mozilla/5.0 (Linux; Android 6.0.1; Nexus 5X Build/MMB29P) AppleWebKit/537.36 (KHTML, like Gecko) Chrome/141.0.7390.122 Mobile Safari/537.36 (compatible; Googlebot/2.1; +http://www.google.com/bot.html)" 
114.119.147.181 - - [13/Nov/2025:04:11:04 -0800] "GET /search.php?products/276xv45920 HTTP/1.1" 200 25829 "https://www.stevenfranssen.com/search.php?sitemap394.xml" "Mozilla/5.0 (Linux; Android 7.0;) AppleWebKit/537.36 (KHTML, like Gecko) Mobile Safari/537.36 (compatible; PetalBot;+https://webmaster.petalsearch.com/site/petalbot)" 
192.178.4.103 - - [13/Nov/2025:04:11:17 -0800] "GET /?_gl=1*3hmk2mo*_ga*ppLxWGMshuXhQmCqdIGbyOsKjXMQ*_ga_UURQTKNVX*ixl4XKJTb2hS30CUVuuPaCLhPwEhHSxKHGPMTatbr2rsN6bdE98LIpj.*_gcl_au=1.1.194011963.173265769*_gcl_aw=RNU.171198297.hWV6TXZZutVB05SraLnReS35fqChotPEQJmSpKgVbnWfoHzFsQq6VDVmqprSrf8UEvguU8k2Iy8KUI52XKo74bzjhE..&_gz=2.193256418.196699082.171056420-861316420.163623975&_bdsid=kh3t9t.n~TQBBK.171902985.179310948&_bd_prev_page=https://www.stevenfranssen.com/link.xhtml?under091001092.html HTTP/1.1" 200 3659 "-" "Mozilla/5.0 (Linux; Android 6.0.1; Nexus 5X Build/MMB29P) AppleWebKit/537.36 (KHTML, like Gecko) Chrome/141.0.7390.122 Mobile Safari/537.36 (compatible; Googlebot/2.1; +http://www.google.com/bot.html)" 
114.119.133.85 - - [13/Nov/2025:04:12:28 -0800] "GET /search.php?products/276wp11858 HTTP/1.1" 200 25090 "https://www.stevenfranssen.com/search.php?sitemap394.xml" "Mozilla/5.0 (Linux; Android 7.0;) AppleWebKit/537.36 (KHTML, like Gecko) Mobile Safari/537.36 (compatible; PetalBot;+https://webmaster.petalsearch.com/site/petalbot)" 
114.119.159.208 - - [13/Nov/2025:04:13:52 -0800] "GET /search.php?products/276rq3546 HTTP/1.1" 200 24813 "https://www.stevenfranssen.com/search.php?sitemap394.xml" "Mozilla/5.0 (Linux; Android 7.0;) AppleWebKit/537.36 (KHTML, like Gecko) Mobile Safari/537.36 (compatible; PetalBot;+https://webmaster.petalsearch.com/site/petalbot)" 
43.174.136.46 - - [13/Nov/2025:04:13:59 -0800] "GET /when-you-doubt-your-future/ HTTP/2.0" 200 17053 "-" "Mozilla/5.0 (Windows NT 10.0; Win64; x64) AppleWebKit/537.36 (KHTML, like Gecko) Chrome/134.0.0.0 Safari/537.36" 
43.174.136.46 - - [13/Nov/2025:04:14:00 -0800] "GET /wp-includes/blocks/navigation/style.min.css?ver=6.8.3 HTTP/2.0" 200 2479 "https://www.stevenfranssen.com/when-you-doubt-your-future/" "Mozilla/5.0 (Windows NT 10.0; Win64; x64) AppleWebKit/537.36 (KHTML, like Gecko) Chrome/134.0.0.0 Safari/537.36" 
43.174.136.46 - - [13/Nov/2025:04:14:00 -0800] "GET /wp-includes/blocks/social-links/style.min.css?ver=6.8.3 HTTP/2.0" 200 1670 "https://www.stevenfranssen.com/when-you-doubt-your-future/" "Mozilla/5.0 (Windows NT 10.0; Win64; x64) AppleWebKit/537.36 (KHTML, like Gecko) Chrome/134.0.0.0 Safari/537.36" 
43.174.136.46 - - [13/Nov/2025:04:14:00 -0800] "GET /wp-content/themes/bitacora/style.css?ver=1.0.8 HTTP/2.0" 200 1417 "https://www.stevenfranssen.com/when-you-doubt-your-future/" "Mozilla/5.0 (Windows NT 10.0; Win64; x64) AppleWebKit/537.36 (KHTML, like Gecko) Chrome/134.0.0.0 Safari/537.36" 
43.174.136.46 - - [13/Nov/2025:04:14:00 -0800] "GET /wp-includes/js/dist/script-modules/block-library/navigation/view.min.js?ver=61572d447d60c0aa5240 HTTP/2.0" 200 1251 "https://www.stevenfranssen.com/when-you-doubt-your-future/" "Mozilla/5.0 (Windows NT 10.0; Win64; x64) AppleWebKit/537.36 (KHTML, like Gecko) Chrome/134.0.0.0 Safari/537.36" 
43.174.136.46 - - [13/Nov/2025:04:14:00 -0800] "GET /wp-includes/js/dist/script-modules/interactivity/index.min.js?ver=55aebb6e0a16726baffb HTTP/2.0" 200 14249 "-" "Mozilla/5.0 (Windows NT 10.0; Win64; x64) AppleWebKit/537.36 (KHTML, like Gecko) Chrome/134.0.0.0 Safari/537.36" 
43.174.136.46 - - [13/Nov/2025:04:14:01 -0800] "GET /wp-content/themes/bitacora/assets/fonts/alegreya_regular.ttf HTTP/2.0" 200 120460 "https://www.stevenfranssen.com/when-you-doubt-your-future/" "Mozilla/5.0 (Windows NT 10.0; Win64; x64) AppleWebKit/537.36 (KHTML, like Gecko) Chrome/134.0.0.0 Safari/537.36" 
43.174.136.46 - - [13/Nov/2025:04:14:01 -0800] "GET /wp-includes/js/wp-emoji-release.min.js?ver=6.8.3 HTTP/2.0" 200 5336 "https://www.stevenfranssen.com/when-you-doubt-your-future/" "Mozilla/5.0 (Windows NT 10.0; Win64; x64) AppleWebKit/537.36 (KHTML, like Gecko) Chrome/134.0.0.0 Safari/537.36" 
43.174.136.46 - - [13/Nov/2025:04:14:01 -0800] "GET /wp-content/themes/bitacora/assets/fonts/alegreya-sans_700.ttf HTTP/2.0" 200 120729 "https://www.stevenfranssen.com/when-you-doubt-your-future/" "Mozilla/5.0 (Windows NT 10.0; Win64; x64) AppleWebKit/537.36 (KHTML, like Gecko) Chrome/134.0.0.0 Safari/537.36" 
43.174.136.46 - - [13/Nov/2025:04:14:01 -0800] "GET /wp-content/themes/bitacora/assets/fonts/alegreya_700.ttf HTTP/2.0" 200 126241 "https://www.stevenfranssen.com/when-you-doubt-your-future/" "Mozilla/5.0 (Windows NT 10.0; Win64; x64) AppleWebKit/537.36 (KHTML, like Gecko) Chrome/134.0.0.0 Safari/537.36" 
43.174.136.46 - - [13/Nov/2025:04:14:01 -0800] "GET /wp-content/themes/bitacora/assets/fonts/alegreya_italic.ttf HTTP/2.0" 200 127408 "https://www.stevenfranssen.com/when-you-doubt-your-future/" "Mozilla/5.0 (Windows NT 10.0; Win64; x64) AppleWebKit/537.36 (KHTML, like Gecko) Chrome/134.0.0.0 Safari/537.36" 
43.174.136.46 - - [13/Nov/2025:04:14:01 -0800] "GET /wp-content/themes/bitacora/assets/fonts/alegreya-sans_regular.ttf HTTP/2.0" 200 119610 "https://www.stevenfranssen.com/when-you-doubt-your-future/" "Mozilla/5.0 (Windows NT 10.0; Win64; x64) AppleWebKit/537.36 (KHTML, like Gecko) Chrome/134.0.0.0 Safari/537.36" 
43.174.136.46 - - [13/Nov/2025:04:14:01 -0800] "GET /wp-content/themes/bitacora/assets/fonts/alegreya_500.ttf HTTP/2.0" 200 126000 "https://www.stevenfranssen.com/when-you-doubt-your-future/" "Mozilla/5.0 (Windows NT 10.0; Win64; x64) AppleWebKit/537.36 (KHTML, like Gecko) Chrome/134.0.0.0 Safari/537.36" 
43.174.136.46 - - [13/Nov/2025:04:14:01 -0800] "GET /wp-content/themes/bitacora/assets/fonts/alegreya_600.ttf HTTP/2.0" 200 126236 "https://www.stevenfranssen.com/when-you-doubt-your-future/" "Mozilla/5.0 (Windows NT 10.0; Win64; x64) AppleWebKit/537.36 (KHTML, like Gecko) Chrome/134.0.0.0 Safari/537.36" 
43.174.136.46 - - [13/Nov/2025:04:14:02 -0800] "GET /wp-content/uploads/2021/12/cropped-fire-franssen-32x32.jpg HTTP/2.0" 200 12538 "https://www.stevenfranssen.com/when-you-doubt-your-future/" "Mozilla/5.0 (Windows NT 10.0; Win64; x64) AppleWebKit/537.36 (KHTML, like Gecko) Chrome/134.0.0.0 Safari/537.36" 
15.235.27.33 - - [13/Nov/2025:04:14:09 -0800] "GET /tag/soul/feed/ HTTP/2.0" 200 1110 "-" "Mozilla/5.0 (compatible; AhrefsBot/7.0; +http://ahrefs.com/robot/)" 
192.178.4.104 - - [13/Nov/2025:04:14:18 -0800] "GET /?t=8490592672004 HTTP/1.1" 200 3659 "-" "Mozilla/5.0 (Linux; Android 6.0.1; Nexus 5X Build/MMB29P) AppleWebKit/537.36 (KHTML, like Gecko) Chrome/141.0.7390.122 Mobile Safari/537.36 (compatible; Googlebot/2.1; +http://www.google.com/bot.html)" 
216.73.216.137 - - [13/Nov/2025:04:14:45 -0800] "GET / HTTP/2.0" 200 14706 "-" "Mozilla/5.0 AppleWebKit/537.36 (KHTML, like Gecko; compatible; ClaudeBot/1.0; +claudebot@anthropic.com)" 
114.119.159.208 - - [13/Nov/2025:04:15:14 -0800] "GET /search.php?products/276ql41154 HTTP/1.1" 200 24864 "https://www.stevenfranssen.com/search.php?sitemap394.xml" "Mozilla/5.0 (Linux; Android 7.0;) AppleWebKit/537.36 (KHTML, like Gecko) Mobile Safari/537.36 (compatible; PetalBot;+https://webmaster.petalsearch.com/site/petalbot)" 
45.78.205.194 - - [13/Nov/2025:04:15:14 -0800] "GET /when-a-young-man-remains-unaffirmed/ HTTP/1.1" 200 20131 "-" "Mozilla/5.0 (Macintosh; Intel Mac OS X 10_15_7) AppleWebKit/537.36 (KHTML, like Gecko) Chrome/131.0.0.0 Safari/537.36" 
192.178.4.105 - - [13/Nov/2025:04:15:18 -0800] "GET /?t=28749149511804 HTTP/1.1" 200 3659 "-" "Mozilla/5.0 (Linux; Android 6.0.1; Nexus 5X Build/MMB29P) AppleWebKit/537.36 (KHTML, like Gecko) Chrome/141.0.7390.122 Mobile Safari/537.36 (compatible; Googlebot/2.1; +http://www.google.com/bot.html)" 
192.178.4.103 - - [13/Nov/2025:04:15:56 -0800] "GET /?t=62788105901202 HTTP/1.1" 200 3659 "-" "Mozilla/5.0 (Linux; Android 6.0.1; Nexus 5X Build/MMB29P) AppleWebKit/537.36 (KHTML, like Gecko) Chrome/141.0.7390.122 Mobile Safari/537.36 (compatible; Googlebot/2.1; +http://www.google.com/bot.html)" 
192.178.4.104 - - [13/Nov/2025:04:16:16 -0800] "GET /?t=6001051757501 HTTP/1.1" 200 3659 "-" "Mozilla/5.0 (Linux; Android 6.0.1; Nexus 5X Build/MMB29P) AppleWebKit/537.36 (KHTML, like Gecko) Chrome/141.0.7390.122 Mobile Safari/537.36 (compatible; Googlebot/2.1; +http://www.google.com/bot.html)" 
114.119.152.149 - - [13/Nov/2025:04:16:39 -0800] "GET /search.php?products/276ir6476 HTTP/1.1" 200 24823 "https://www.stevenfranssen.com/search.php?sitemap394.xml" "Mozilla/5.0 (Linux; Android 7.0;) AppleWebKit/537.36 (KHTML, like Gecko) Mobile Safari/537.36 (compatible; PetalBot;+https://webmaster.petalsearch.com/site/petalbot)" 
192.178.4.103 - - [13/Nov/2025:04:16:55 -0800] "GET /?t=22287279933100 HTTP/1.1" 200 3659 "-" "Mozilla/5.0 (Linux; Android 6.0.1; Nexus 5X Build/MMB29P) AppleWebKit/537.36 (KHTML, like Gecko) Chrome/141.0.7390.122 Mobile Safari/537.36 (compatible; Googlebot/2.1; +http://www.google.com/bot.html)" 
192.178.4.103 - - [13/Nov/2025:04:17:15 -0800] "GET /?t=02858224387107 HTTP/1.1" 200 3659 "-" "Mozilla/5.0 (Linux; Android 6.0.1; Nexus 5X Build/MMB29P) AppleWebKit/537.36 (KHTML, like Gecko) Chrome/141.0.7390.122 Mobile Safari/537.36 (compatible; Googlebot/2.1; +http://www.google.com/bot.html)" 
35.237.139.196 - - [13/Nov/2025:04:17:41 -0800] "GET /xmlrpc.php?rsd HTTP/1.0" 404 56358 "-" "ZoominfoBot (zoominfobot at zoominfo dot com)" 
192.178.4.104 - - [13/Nov/2025:04:17:54 -0800] "GET /?t=84446150366904 HTTP/1.1" 200 3659 "-" "Mozilla/5.0 (Linux; Android 6.0.1; Nexus 5X Build/MMB29P) AppleWebKit/537.36 (KHTML, like Gecko) Chrome/141.0.7390.122 Mobile Safari/537.36 (compatible; Googlebot/2.1; +http://www.google.com/bot.html)" 
192.178.4.104 - - [13/Nov/2025:04:17:54 -0800] "GET /?t=1360416503001 HTTP/1.1" 200 310 "-" "Mozilla/5.0 (Linux; Android 6.0.1; Nexus 5X Build/MMB29P) AppleWebKit/537.36 (KHTML, like Gecko) Chrome/141.0.7390.122 Mobile Safari/537.36 (compatible; Googlebot/2.1; +http://www.google.com/bot.html)" 
114.119.152.149 - - [13/Nov/2025:04:18:02 -0800] "GET /search.php?products/276dv23530 HTTP/1.1" 200 24655 "https://www.stevenfranssen.com/search.php?sitemap394.xml" "Mozilla/5.0 (Linux; Android 7.0;) AppleWebKit/537.36 (KHTML, like Gecko) Mobile Safari/537.36 (compatible; PetalBot;+https://webmaster.petalsearch.com/site/petalbot)" 
192.178.4.105 - - [13/Nov/2025:04:18:14 -0800] "GET /?t=98971213932100 HTTP/1.1" 200 3659 "-" "Mozilla/5.0 (Linux; Android 6.0.1; Nexus 5X Build/MMB29P) AppleWebKit/537.36 (KHTML, like Gecko) Chrome/141.0.7390.122 Mobile Safari/537.36 (compatible; Googlebot/2.1; +http://www.google.com/bot.html)" 
116.179.32.236 - - [13/Nov/2025:04:18:19 -0800] "GET /tag/dream-work/ HTTP/1.1" 200 3480 "-" "Mozilla/5.0 (compatible; Baiduspider/2.0; +http://www.baidu.com/search/spider.html)" 
216.73.216.137 - - [13/Nov/2025:04:18:49 -0800] "GET /search.php HTTP/2.0" 200 21820 "-" "Mozilla/5.0 AppleWebKit/537.36 (KHTML, like Gecko; compatible; ClaudeBot/1.0; +claudebot@anthropic.com)" 
192.178.4.104 - - [13/Nov/2025:04:18:53 -0800] "GET /?t=7187076956305 HTTP/1.1" 200 3659 "-" "Mozilla/5.0 (Linux; Android 6.0.1; Nexus 5X Build/MMB29P) AppleWebKit/537.36 (KHTML, like Gecko) Chrome/141.0.7390.122 Mobile Safari/537.36 (compatible; Googlebot/2.1; +http://www.google.com/bot.html)" 
43.173.177.174 - - [13/Nov/2025:04:18:53 -0800] "GET /tag/validation/ HTTP/1.1" 200 18618 "-" "Mozilla/5.0 (Windows NT 6.1; Win64; x64) AppleWebKit/537.36 (KHTML, like Gecko) Chrome/126.0.6478.114 Safari/537.36" 
192.178.4.105 - - [13/Nov/2025:04:19:13 -0800] "GET /?t=2731961142200 HTTP/1.1" 200 3659 "-" "Mozilla/5.0 (Linux; Android 6.0.1; Nexus 5X Build/MMB29P) AppleWebKit/537.36 (KHTML, like Gecko) Chrome/141.0.7390.122 Mobile Safari/537.36 (compatible; Googlebot/2.1; +http://www.google.com/bot.html)" 
114.119.145.42 - - [13/Nov/2025:04:19:25 -0800] "GET /search.php?products/276cl31932 HTTP/1.1" 200 24596 "https://www.stevenfranssen.com/search.php?sitemap394.xml" "Mozilla/5.0 (Linux; Android 7.0;) AppleWebKit/537.36 (KHTML, like Gecko) Mobile Safari/537.36 (compatible; PetalBot;+https://webmaster.petalsearch.com/site/petalbot)" 
192.178.4.103 - - [13/Nov/2025:04:19:52 -0800] "GET /?t=1022180897102 HTTP/1.1" 200 3659 "-" "Mozilla/5.0 (Linux; Android 6.0.1; Nexus 5X Build/MMB29P) AppleWebKit/537.36 (KHTML, like Gecko) Chrome/141.0.7390.122 Mobile Safari/537.36 (compatible; Googlebot/2.1; +http://www.google.com/bot.html)" 
47.128.111.111 - - [13/Nov/2025:04:20:05 -0800] "GET /problems-with-motivation/ HTTP/2.0" 200 16449 "-" "Mozilla/5.0 (Linux; Android 5.0) AppleWebKit/537.36 (KHTML, like Gecko) Mobile Safari/537.36 (compatible; TikTokSpider; ttspider-feedback@tiktok.com)" 
47.128.111.111 - - [13/Nov/2025:04:20:06 -0800] "GET /wp-includes/blocks/navigation/style.min.css?ver=6.8.3 HTTP/2.0" 200 2479 "https://www.stevenfranssen.com/problems-with-motivation/" "Mozilla/5.0 (Linux; Android 5.0) AppleWebKit/537.36 (KHTML, like Gecko) Mobile Safari/537.36 (compatible; TikTokSpider; ttspider-feedback@tiktok.com)" 
47.128.111.111 - - [13/Nov/2025:04:20:06 -0800] "GET /wp-includes/blocks/social-links/style.min.css?ver=6.8.3 HTTP/2.0" 200 1670 "https://www.stevenfranssen.com/problems-with-motivation/" "Mozilla/5.0 (Linux; Android 5.0) AppleWebKit/537.36 (KHTML, like Gecko) Mobile Safari/537.36 (compatible; TikTokSpider; ttspider-feedback@tiktok.com)" 
47.128.111.111 - - [13/Nov/2025:04:20:06 -0800] "GET /wp-content/themes/bitacora/style.css?ver=1.0.8 HTTP/2.0" 200 1417 "https://www.stevenfranssen.com/problems-with-motivation/" "Mozilla/5.0 (Linux; Android 5.0) AppleWebKit/537.36 (KHTML, like Gecko) Mobile Safari/537.36 (compatible; TikTokSpider; ttspider-feedback@tiktok.com)" 
192.178.4.105 - - [13/Nov/2025:04:20:12 -0800] "GET /?t=394042680402 HTTP/1.1" 200 3659 "-" "Mozilla/5.0 (Linux; Android 6.0.1; Nexus 5X Build/MMB29P) AppleWebKit/537.36 (KHTML, like Gecko) Chrome/141.0.7390.122 Mobile Safari/537.36 (compatible; Googlebot/2.1; +http://www.google.com/bot.html)" 
192.178.4.104 - - [13/Nov/2025:04:20:17 -0800] "GET /?_gl=1*3hmk2mo*_ga*ppLxWGMshuXhQmCqdIGbyOsKjXMQ*_ga_UURQTKNVX*ixl4XKJTb2hS30CUVuuPaCLhPwEhHSxKHGPMTatbr2rsN6bdE98LIpj.*_gcl_au=1.1.194011963.173265769*_gcl_aw=RNU.171198297.hWV6TXZZutVB05SraLnReS35fqChotPEQJmSpKgVbnWfoHzFsQq6VDVmqprSrf8UEvguU8k2Iy8KUI52XKo74bzjhE..&_gz=2.193256418.196699082.171056420-861316420.163623975&_bdsid=kh3t9t.n~TQBBK.171902985.179310948&_bd_prev_page=https://www.stevenfranssen.com/link.xhtml?solely099020604.html HTTP/1.1" 200 3659 "-" "Mozilla/5.0 (Linux; Android 6.0.1; Nexus 5X Build/MMB29P) AppleWebKit/537.36 (KHTML, like Gecko) Chrome/141.0.7390.122 Mobile Safari/537.36 (compatible; Googlebot/2.1; +http://www.google.com/bot.html)" 
192.178.4.103 - - [13/Nov/2025:04:20:32 -0800] "GET /?t=52794142084801 HTTP/1.1" 200 3659 "-" "Mozilla/5.0 (Linux; Android 6.0.1; Nexus 5X Build/MMB29P) AppleWebKit/537.36 (KHTML, like Gecko) Chrome/141.0.7390.122 Mobile Safari/537.36 (compatible; Googlebot/2.1; +http://www.google.com/bot.html)" 
45.3.52.121 - - [13/Nov/2025:04:20:46 -0800] "GET /wp-login.php HTTP/1.1" 200 6003 "-" "Mozilla/5.0 (Windows NT 10.0; Win64; x64) AppleWebKit/537.36 (KHTML, like Gecko) Chrome/115.0.0.0 Safari/537.36 Edg/115.0.1901.203" 
45.3.52.121 - - [13/Nov/2025:04:20:47 -0800] "POST /wp-login.php HTTP/1.1" 302 1890 "https://www.stevenfranssen.com/wp-login.php" "Mozilla/5.0 (Windows NT 10.0; Win64; x64) AppleWebKit/537.36 (KHTML, like Gecko) Chrome/115.0.0.0 Safari/537.36 Edg/115.0.1901.203" 
45.3.52.121 - - [13/Nov/2025:04:20:48 -0800] "GET /wp-admin/ HTTP/1.1" 200 15776 "https://www.stevenfranssen.com/wp-login.php" "Mozilla/5.0 (Windows NT 10.0; Win64; x64) AppleWebKit/537.36 (KHTML, like Gecko) Chrome/115.0.0.0 Safari/537.36 Edg/115.0.1901.203" 
114.119.145.42 - - [13/Nov/2025:04:20:49 -0800] "GET /search.php?products/276au10396 HTTP/1.1" 200 25877 "https://www.stevenfranssen.com/search.php?sitemap394.xml" "Mozilla/5.0 (Linux; Android 7.0;) AppleWebKit/537.36 (KHTML, like Gecko) Mobile Safari/537.36 (compatible; PetalBot;+https://webmaster.petalsearch.com/site/petalbot)" 
45.3.52.121 - - [13/Nov/2025:04:20:48 -0800] "GET /wp-admin/plugin-install.php HTTP/1.1" 200 15414 "https://www.stevenfranssen.com/wp-admin/plugin-install.php" "Mozilla/5.0 (Windows NT 10.0; Win64; x64) AppleWebKit/537.36 (KHTML, like Gecko) Chrome/115.0.0.0 Safari/537.36 Edg/115.0.1901.203" 
192.178.4.103 - - [13/Nov/2025:04:20:52 -0800] "GET /?t=1839398685903 HTTP/1.1" 200 3659 "-" "Mozilla/5.0 (Linux; Android 6.0.1; Nexus 5X Build/MMB29P) AppleWebKit/537.36 (KHTML, like Gecko) Chrome/141.0.7390.122 Mobile Safari/537.36 (compatible; Googlebot/2.1; +http://www.google.com/bot.html)" 
15.235.96.105 - - [13/Nov/2025:04:21:09 -0800] "GET /tag/getting-things-done/feed/ HTTP/2.0" 200 1116 "-" "Mozilla/5.0 (compatible; AhrefsBot/7.0; +http://ahrefs.com/robot/)" 
192.178.4.104 - - [13/Nov/2025:04:21:15 -0800] "GET /?t=0284244085003 HTTP/1.1" 200 3659 "-" "Mozilla/5.0 (Linux; Android 6.0.1; Nexus 5X Build/MMB29P) AppleWebKit/537.36 (KHTML, like Gecko) Chrome/141.0.7390.122 Mobile Safari/537.36 (compatible; Googlebot/2.1; +http://www.google.com/bot.html)" 
192.178.4.103 - - [13/Nov/2025:04:21:53 -0800] "GET /?t=60870244854906 HTTP/1.1" 200 3659 "-" "Mozilla/5.0 (Linux; Android 6.0.1; Nexus 5X Build/MMB29P) AppleWebKit/537.36 (KHTML, like Gecko) Chrome/141.0.7390.122 Mobile Safari/537.36 (compatible; Googlebot/2.1; +http://www.google.com/bot.html)" 
114.119.147.181 - - [13/Nov/2025:04:22:12 -0800] "GET /search.php?products/275tg36941 HTTP/1.1" 200 24529 "https://www.stevenfranssen.com/search.php?sitemap394.xml" "Mozilla/5.0 (Linux; Android 7.0;) AppleWebKit/537.36 (KHTML, like Gecko) Mobile Safari/537.36 (compatible; PetalBot;+https://webmaster.petalsearch.com/site/petalbot)" 
192.178.4.105 - - [13/Nov/2025:04:22:13 -0800] "GET /?t=7906926451000 HTTP/1.1" 200 3659 "-" "Mozilla/5.0 (Linux; Android 6.0.1; Nexus 5X Build/MMB29P) AppleWebKit/537.36 (KHTML, like Gecko) Chrome/141.0.7390.122 Mobile Safari/537.36 (compatible; Googlebot/2.1; +http://www.google.com/bot.html)" 
192.178.4.103 - - [13/Nov/2025:04:22:14 -0800] "GET /?t=88905236868004 HTTP/1.1" 200 3659 "-" "Mozilla/5.0 (Linux; Android 6.0.1; Nexus 5X Build/MMB29P) AppleWebKit/537.36 (KHTML, like Gecko) Chrome/141.0.7390.122 Mobile Safari/537.36 (compatible; Googlebot/2.1; +http://www.google.com/bot.html)" 
43.173.181.169 - - [13/Nov/2025:04:22:35 -0800] "GET /the-seeds-of-discontent/ HTTP/1.1" 200 20565 "-" "Mozilla/5.0 (Windows NT 6.1; Win64; x64) AppleWebKit/537.36 (KHTML, like Gecko) Chrome/126.0.6478.114 Safari/537.36" 
216.73.216.137 - - [13/Nov/2025:04:22:49 -0800] "GET / HTTP/2.0" 200 14706 "-" "Mozilla/5.0 AppleWebKit/537.36 (KHTML, like Gecko; compatible; ClaudeBot/1.0; +claudebot@anthropic.com)" 
192.178.4.104 - - [13/Nov/2025:04:22:52 -0800] "GET /?t=0115374889301 HTTP/1.1" 200 3659 "-" "Mozilla/5.0 (Linux; Android 6.0.1; Nexus 5X Build/MMB29P) AppleWebKit/537.36 (KHTML, like Gecko) Chrome/141.0.7390.122 Mobile Safari/537.36 (compatible; Googlebot/2.1; +http://www.google.com/bot.html)" 
192.178.4.104 - - [13/Nov/2025:04:22:53 -0800] "GET /art/?id=KELUARAN%20CHINA HTTP/1.1" 200 33654 "-" "Mozilla/5.0 (Linux; Android 6.0.1; Nexus 5X Build/MMB29P) AppleWebKit/537.36 (KHTML, like Gecko) Chrome/141.0.7390.122 Mobile Safari/537.36 (compatible; Googlebot/2.1; +http://www.google.com/bot.html)" 
192.178.4.104 - - [13/Nov/2025:04:23:16 -0800] "GET /?_gl=1*3hmk2mo*_ga*ppLxWGMshuXhQmCqdIGbyOsKjXMQ*_ga_UURQTKNVX*ixl4XKJTb2hS30CUVuuPaCLhPwEhHSxKHGPMTatbr2rsN6bdE98LIpj.*_gcl_au=1.1.194011963.173265769*_gcl_aw=RNU.171198297.hWV6TXZZutVB05SraLnReS35fqChotPEQJmSpKgVbnWfoHzFsQq6VDVmqprSrf8UEvguU8k2Iy8KUI52XKo74bzjhE..&_gz=2.193256418.196699082.171056420-861316420.163623975&_bdsid=kh3t9t.n~TQBBK.171902985.179310948&_bd_prev_page=https://www.stevenfranssen.com/link.xhtml?physical053001640.html HTTP/1.1" 200 3659 "-" "Mozilla/5.0 (Linux; Android 6.0.1; Nexus 5X Build/MMB29P) AppleWebKit/537.36 (KHTML, like Gecko) Chrome/141.0.7390.122 Mobile Safari/537.36 (compatible; Googlebot/2.1; +http://www.google.com/bot.html)" 
192.178.4.103 - - [13/Nov/2025:04:23:24 -0800] "GET /?t=77020149026500 HTTP/1.1" 200 3659 "-" "Mozilla/5.0 (Linux; Android 6.0.1; Nexus 5X Build/MMB29P) AppleWebKit/537.36 (KHTML, like Gecko) Chrome/141.0.7390.122 Mobile Safari/537.36 (compatible; Googlebot/2.1; +http://www.google.com/bot.html)" 
192.178.4.104 - - [13/Nov/2025:04:23:26 -0800] "GET /?t=1544540776202 HTTP/1.1" 200 3659 "-" "Mozilla/5.0 (Linux; Android 6.0.1; Nexus 5X Build/MMB29P) AppleWebKit/537.36 (KHTML, like Gecko) Chrome/141.0.7390.122 Mobile Safari/537.36 (compatible; Googlebot/2.1; +http://www.google.com/bot.html)" 
192.178.4.103 - - [13/Nov/2025:04:23:43 -0800] "GET /?t=09520168408002 HTTP/1.1" 200 3659 "-" "Mozilla/5.0 (Linux; Android 6.0.1; Nexus 5X Build/MMB29P) AppleWebKit/537.36 (KHTML, like Gecko) Chrome/141.0.7390.122 Mobile Safari/537.36 (compatible; Googlebot/2.1; +http://www.google.com/bot.html)" 
114.119.152.149 - - [13/Nov/2025:04:23:43 -0800] "GET /search.php?products/275sd47559 HTTP/1.1" 200 25627 "https://www.stevenfranssen.com/search.php?sitemap394.xml" "Mozilla/5.0 (Linux; Android 7.0;) AppleWebKit/537.36 (KHTML, like Gecko) Mobile Safari/537.36 (compatible; PetalBot;+https://webmaster.petalsearch.com/site/petalbot)" 
192.178.4.103 - - [13/Nov/2025:04:23:47 -0800] "GET /?_gl=1*3hmk2mo*_ga*ppLxWGMshuXhQmCqdIGbyOsKjXMQ*_ga_UURQTKNVX*ixl4XKJTb2hS30CUVuuPaCLhPwEhHSxKHGPMTatbr2rsN6bdE98LIpj.*_gcl_au=1.1.194011963.173265769*_gcl_aw=RNU.171198297.hWV6TXZZutVB05SraLnReS35fqChotPEQJmSpKgVbnWfoHzFsQq6VDVmqprSrf8UEvguU8k2Iy8KUI52XKo74bzjhE..&_gz=2.193256418.196699082.171056420-861316420.163623975&_bdsid=kh3t9t.n~TQBBK.171902985.179310948&_bd_prev_page=https://www.stevenfranssen.com/link.xhtml?integrated053001686.html HTTP/1.1" 200 3659 "-" "Mozilla/5.0 (Linux; Android 6.0.1; Nexus 5X Build/MMB29P) AppleWebKit/537.36 (KHTML, like Gecko) Chrome/141.0.7390.122 Mobile Safari/537.36 (compatible; Googlebot/2.1; +http://www.google.com/bot.html)" 
192.178.4.105 - - [13/Nov/2025:04:24:01 -0800] "GET /?_gl=1*3hmk2mo*_ga*ppLxWGMshuXhQmCqdIGbyOsKjXMQ*_ga_UURQTKNVX*ixl4XKJTb2hS30CUVuuPaCLhPwEhHSxKHGPMTatbr2rsN6bdE98LIpj.*_gcl_au=1.1.194011963.173265769*_gcl_aw=RNU.171198297.hWV6TXZZutVB05SraLnReS35fqChotPEQJmSpKgVbnWfoHzFsQq6VDVmqprSrf8UEvguU8k2Iy8KUI52XKo74bzjhE..&_gz=2.193256418.196699082.171056420-861316420.163623975&_bdsid=kh3t9t.n~TQBBK.171902985.179310948&_bd_prev_page=https://www.stevenfranssen.com/link.xhtml?sort053000690.html HTTP/1.1" 200 3659 "-" "Mozilla/5.0 (Linux; Android 6.0.1; Nexus 5X Build/MMB29P) AppleWebKit/537.36 (KHTML, like Gecko) Chrome/141.0.7390.122 Mobile Safari/537.36 (compatible; Googlebot/2.1; +http://www.google.com/bot.html)" 
192.178.4.103 - - [13/Nov/2025:04:24:13 -0800] "GET /?t=0358188660802 HTTP/1.1" 200 3659 "-" "Mozilla/5.0 (Linux; Android 6.0.1; Nexus 5X Build/MMB29P) AppleWebKit/537.36 (KHTML, like Gecko) Chrome/141.0.7390.122 Mobile Safari/537.36 (compatible; Googlebot/2.1; +http://www.google.com/bot.html)" 
192.178.4.103 - - [13/Nov/2025:04:24:43 -0800] "GET /?t=4987912576000 HTTP/1.1" 200 3659 "-" "Mozilla/5.0 (Linux; Android 6.0.1; Nexus 5X Build/MMB29P) AppleWebKit/537.36 (KHTML, like Gecko) Chrome/141.0.7390.122 Mobile Safari/537.36 (compatible; Googlebot/2.1; +http://www.google.com/bot.html)" 
114.119.133.85 - - [13/Nov/2025:04:25:02 -0800] "GET /search.php?products/275gi43337 HTTP/1.1" 200 24823 "https://www.stevenfranssen.com/search.php?sitemap394.xml" "Mozilla/5.0 (Linux; Android 7.0;) AppleWebKit/537.36 (KHTML, like Gecko) Mobile Safari/537.36 (compatible; PetalBot;+https://webmaster.petalsearch.com/site/petalbot)" 
192.178.4.104 - - [13/Nov/2025:04:25:13 -0800] "GET /?t=9627882076701 HTTP/1.1" 200 3659 "-" "Mozilla/5.0 (Linux; Android 6.0.1; Nexus 5X Build/MMB29P) AppleWebKit/537.36 (KHTML, like Gecko) Chrome/141.0.7390.122 Mobile Safari/537.36 (compatible; Googlebot/2.1; +http://www.google.com/bot.html)" 
192.178.4.104 - - [13/Nov/2025:04:25:43 -0800] "GET /?t=5200477349600 HTTP/1.1" 200 3659 "-" "Mozilla/5.0 (Linux; Android 6.0.1; Nexus 5X Build/MMB29P) AppleWebKit/537.36 (KHTML, like Gecko) Chrome/141.0.7390.122 Mobile Safari/537.36 (compatible; Googlebot/2.1; +http://www.google.com/bot.html)" 
35.237.139.196 - - [13/Nov/2025:04:26:17 -0800] "GET /tag/steven-franssen/ HTTP/1.0" 200 18544 "-" "ZoominfoBot (zoominfobot at zoominfo dot com)" 
192.178.4.105 - - [13/Nov/2025:04:26:17 -0800] "GET /?t=90305178883801 HTTP/1.1" 200 3659 "-" "Mozilla/5.0 (Linux; Android 6.0.1; Nexus 5X Build/MMB29P) AppleWebKit/537.36 (KHTML, like Gecko) Chrome/141.0.7390.122 Mobile Safari/537.36 (compatible; Googlebot/2.1; +http://www.google.com/bot.html)" 
114.119.151.82 - - [13/Nov/2025:04:26:24 -0800] "GET /search.php?products/275ds2369 HTTP/1.1" 200 24533 "https://www.stevenfranssen.com/search.php?sitemap394.xml" "Mozilla/5.0 (Linux; Android 7.0;) AppleWebKit/537.36 (KHTML, like Gecko) Mobile Safari/537.36 (compatible; PetalBot;+https://webmaster.petalsearch.com/site/petalbot)" 
216.81.248.1 - - [13/Nov/2025:04:26:35 -0800] "GET /.git/config HTTP/1.1" 301 3824 "-" "Mozilla/5.0 (Macintosh; Intel Mac OS X 10_13_6) AppleWebKit/537.36 (KHTML, like Gecko) Chrome/77.0.3865.19 Safari/537.36" 
192.178.4.104 - - [13/Nov/2025:04:26:57 -0800] "GET /?t=8705641551702 HTTP/1.1" 200 3659 "-" "Mozilla/5.0 (Linux; Android 6.0.1; Nexus 5X Build/MMB29P) AppleWebKit/537.36 (KHTML, like Gecko) Chrome/141.0.7390.122 Mobile Safari/537.36 (compatible; Googlebot/2.1; +http://www.google.com/bot.html)" 
192.178.4.103 - - [13/Nov/2025:04:27:17 -0800] "GET /?t=32898134007600 HTTP/1.1" 200 3659 "-" "Mozilla/5.0 (Linux; Android 6.0.1; Nexus 5X Build/MMB29P) AppleWebKit/537.36 (KHTML, like Gecko) Chrome/141.0.7390.122 Mobile Safari/537.36 (compatible; Googlebot/2.1; +http://www.google.com/bot.html)" 
192.178.4.103 - - [13/Nov/2025:04:27:18 -0800] "GET /?_gl=1*3hmk2mo*_ga*ppLxWGMshuXhQmCqdIGbyOsKjXMQ*_ga_UURQTKNVX*ixl4XKJTb2hS30CUVuuPaCLhPwEhHSxKHGPMTatbr2rsN6bdE98LIpj.*_gcl_au=1.1.194011963.173265769*_gcl_aw=RNU.171198297.hWV6TXZZutVB05SraLnReS35fqChotPEQJmSpKgVbnWfoHzFsQq6VDVmqprSrf8UEvguU8k2Iy8KUI52XKo74bzjhE..&_gz=2.193256418.196699082.171056420-861316420.163623975&_bdsid=kh3t9t.n~TQBBK.171902985.179310948&_bd_prev_page=https://www.stevenfranssen.com/link.xhtml?office053000724.html HTTP/1.1" 200 310 "-" "Mozilla/5.0 (Linux; Android 6.0.1; Nexus 5X Build/MMB29P) AppleWebKit/537.36 (KHTML, like Gecko) Chrome/141.0.7390.122 Mobile Safari/537.36 (compatible; Googlebot/2.1; +http://www.google.com/bot.html)" 
114.119.131.151 - - [13/Nov/2025:04:27:51 -0800] "GET /search.php?products/275bj49887 HTTP/1.1" 200 25539 "https://www.stevenfranssen.com/search.php?sitemap394.xml" "Mozilla/5.0 (Linux; Android 7.0;) AppleWebKit/537.36 (KHTML, like Gecko) Mobile Safari/537.36 (compatible; PetalBot;+https://webmaster.petalsearch.com/site/petalbot)" 
192.178.4.103 - - [13/Nov/2025:04:27:56 -0800] "GET /?t=87818118736403 HTTP/1.1" 200 3659 "-" "Mozilla/5.0 (Linux; Android 6.0.1; Nexus 5X Build/MMB29P) AppleWebKit/537.36 (KHTML, like Gecko) Chrome/141.0.7390.122 Mobile Safari/537.36 (compatible; Googlebot/2.1; +http://www.google.com/bot.html)" 
192.178.4.104 - - [13/Nov/2025:04:27:57 -0800] "GET /?t=0222959116508 HTTP/1.1" 200 3659 "-" "Mozilla/5.0 (Linux; Android 6.0.1; Nexus 5X Build/MMB29P) AppleWebKit/537.36 (KHTML, like Gecko) Chrome/141.0.7390.122 Mobile Safari/537.36 (compatible; Googlebot/2.1; +http://www.google.com/bot.html)" 
192.178.4.105 - - [13/Nov/2025:04:28:17 -0800] "GET /?t=5109389486004 HTTP/1.1" 200 3659 "-" "Mozilla/5.0 (Linux; Android 6.0.1; Nexus 5X Build/MMB29P) AppleWebKit/537.36 (KHTML, like Gecko) Chrome/141.0.7390.122 Mobile Safari/537.36 (compatible; Googlebot/2.1; +http://www.google.com/bot.html)" 
192.178.4.103 - - [13/Nov/2025:04:28:17 -0800] "GET /?t=90394495900 HTTP/1.1" 200 3659 "-" "Mozilla/5.0 (Linux; Android 6.0.1; Nexus 5X Build/MMB29P) AppleWebKit/537.36 (KHTML, like Gecko) Chrome/141.0.7390.122 Mobile Safari/537.36 (compatible; Googlebot/2.1; +http://www.google.com/bot.html)" 
51.161.37.16 - - [13/Nov/2025:04:28:25 -0800] "GET /tag/decision-making/feed/ HTTP/2.0" 200 1110 "-" "Mozilla/5.0 (compatible; AhrefsBot/7.0; +http://ahrefs.com/robot/)" 
35.237.139.196 - - [13/Nov/2025:04:28:28 -0800] "GET /updates/ HTTP/1.0" 200 25738 "-" "ZoominfoBot (zoominfobot at zoominfo dot com)" 
192.178.4.104 - - [13/Nov/2025:04:28:56 -0800] "GET /?t=1296657227800 HTTP/1.1" 200 3659 "-" "Mozilla/5.0 (Linux; Android 6.0.1; Nexus 5X Build/MMB29P) AppleWebKit/537.36 (KHTML, like Gecko) Chrome/141.0.7390.122 Mobile Safari/537.36 (compatible; Googlebot/2.1; +http://www.google.com/bot.html)" 
114.119.145.137 - - [13/Nov/2025:04:29:11 -0800] "GET /search.php?products/274yi5474 HTTP/1.1" 200 25945 "https://www.stevenfranssen.com/search.php?sitemap394.xml" "Mozilla/5.0 (Linux; Android 7.0;) AppleWebKit/537.36 (KHTML, like Gecko) Mobile Safari/537.36 (compatible; PetalBot;+https://webmaster.petalsearch.com/site/petalbot)" 
192.178.4.104 - - [13/Nov/2025:04:29:16 -0800] "GET /?t=05939129251700 HTTP/1.1" 200 3659 "-" "Mozilla/5.0 (Linux; Android 6.0.1; Nexus 5X Build/MMB29P) AppleWebKit/537.36 (KHTML, like Gecko) Chrome/141.0.7390.122 Mobile Safari/537.36 (compatible; Googlebot/2.1; +http://www.google.com/bot.html)" 
192.178.4.104 - - [13/Nov/2025:04:29:55 -0800] "GET /?t=0404084799002 HTTP/1.1" 200 3659 "-" "Mozilla/5.0 (Linux; Android 6.0.1; Nexus 5X Build/MMB29P) AppleWebKit/537.36 (KHTML, like Gecko) Chrome/141.0.7390.122 Mobile Safari/537.36 (compatible; Googlebot/2.1; +http://www.google.com/bot.html)" 
192.178.4.105 - - [13/Nov/2025:04:30:14 -0800] "GET /?t=7289937078800 HTTP/1.1" 200 3659 "-" "Mozilla/5.0 (Linux; Android 6.0.1; Nexus 5X Build/MMB29P) AppleWebKit/537.36 (KHTML, like Gecko) Chrome/141.0.7390.122 Mobile Safari/537.36 (compatible; Googlebot/2.1; +http://www.google.com/bot.html)" 
192.178.4.104 - - [13/Nov/2025:04:30:15 -0800] "GET /?t=00757109088200 HTTP/1.1" 200 3659 "-" "Mozilla/5.0 (Linux; Android 6.0.1; Nexus 5X Build/MMB29P) AppleWebKit/537.36 (KHTML, like Gecko) Chrome/141.0.7390.122 Mobile Safari/537.36 (compatible; Googlebot/2.1; +http://www.google.com/bot.html)" 
114.119.145.42 - - [13/Nov/2025:04:30:35 -0800] "GET /search.php?products/274ye39778 HTTP/1.1" 200 25173 "https://www.stevenfranssen.com/search.php?sitemap394.xml" "Mozilla/5.0 (Linux; Android 7.0;) AppleWebKit/537.36 (KHTML, like Gecko) Mobile Safari/537.36 (compatible; PetalBot;+https://webmaster.petalsearch.com/site/petalbot)" 
192.178.4.104 - - [13/Nov/2025:04:30:54 -0800] "GET /?t=080581323801 HTTP/1.1" 200 3659 "-" "Mozilla/5.0 (Linux; Android 6.0.1; Nexus 5X Build/MMB29P) AppleWebKit/537.36 (KHTML, like Gecko) Chrome/141.0.7390.122 Mobile Safari/537.36 (compatible; Googlebot/2.1; +http://www.google.com/bot.html)" 
192.178.4.105 - - [13/Nov/2025:04:31:13 -0800] "GET /?t=49409166213802 HTTP/1.1" 200 3659 "-" "Mozilla/5.0 (Linux; Android 6.0.1; Nexus 5X Build/MMB29P) AppleWebKit/537.36 (KHTML, like Gecko) Chrome/141.0.7390.122 Mobile Safari/537.36 (compatible; Googlebot/2.1; +http://www.google.com/bot.html)" 
192.178.4.103 - - [13/Nov/2025:04:31:14 -0800] "GET /?t=3878964349801 HTTP/1.1" 200 3659 "-" "Mozilla/5.0 (Linux; Android 6.0.1; Nexus 5X Build/MMB29P) AppleWebKit/537.36 (KHTML, like Gecko) Chrome/141.0.7390.122 Mobile Safari/537.36 (compatible; Googlebot/2.1; +http://www.google.com/bot.html)" 
159.26.103.79 - - [13/Nov/2025:04:31:15 -0800] "GET /feed/ HTTP/2.0" 200 1910 "-" "SpaceCowboys Android RSS Reader / 2.16.0(3842)" 
192.178.4.104 - - [13/Nov/2025:04:31:55 -0800] "GET /?t=5290848250503 HTTP/1.1" 200 3659 "-" "Mozilla/5.0 (Linux; Android 6.0.1; Nexus 5X Build/MMB29P) AppleWebKit/537.36 (KHTML, like Gecko) Chrome/141.0.7390.122 Mobile Safari/537.36 (compatible; Googlebot/2.1; +http://www.google.com/bot.html)" 
192.178.4.103 - - [13/Nov/2025:04:31:56 -0800] "GET /?t=2562189002800 HTTP/1.1" 200 3659 "-" "Mozilla/5.0 (Linux; Android 6.0.1; Nexus 5X Build/MMB29P) AppleWebKit/537.36 (KHTML, like Gecko) Chrome/141.0.7390.122 Mobile Safari/537.36 (compatible; Googlebot/2.1; +http://www.google.com/bot.html)" 
114.119.159.208 - - [13/Nov/2025:04:31:59 -0800] "GET /search.php?products/274rl28372 HTTP/1.1" 200 24443 "https://www.stevenfranssen.com/search.php?sitemap394.xml" "Mozilla/5.0 (Linux; Android 7.0;) AppleWebKit/537.36 (KHTML, like Gecko) Mobile Safari/537.36 (compatible; PetalBot;+https://webmaster.petalsearch.com/site/petalbot)" 
192.178.4.104 - - [13/Nov/2025:04:32:15 -0800] "GET /?t=09989186578402 HTTP/1.1" 200 3659 "-" "Mozilla/5.0 (Linux; Android 6.0.1; Nexus 5X Build/MMB29P) AppleWebKit/537.36 (KHTML, like Gecko) Chrome/141.0.7390.122 Mobile Safari/537.36 (compatible; Googlebot/2.1; +http://www.google.com/bot.html)" 
192.178.4.103 - - [13/Nov/2025:04:32:56 -0800] "GET /?t=2107916484000 HTTP/1.1" 200 3659 "-" "Mozilla/5.0 (Linux; Android 6.0.1; Nexus 5X Build/MMB29P) AppleWebKit/537.36 (KHTML, like Gecko) Chrome/141.0.7390.122 Mobile Safari/537.36 (compatible; Googlebot/2.1; +http://www.google.com/bot.html)" 
192.178.4.103 - - [13/Nov/2025:04:32:57 -0800] "GET /?t=563649440900 HTTP/1.1" 200 310 "-" "Mozilla/5.0 (Linux; Android 6.0.1; Nexus 5X Build/MMB29P) AppleWebKit/537.36 (KHTML, like Gecko) Chrome/141.0.7390.122 Mobile Safari/537.36 (compatible; Googlebot/2.1; +http://www.google.com/bot.html)" 
192.178.4.103 - - [13/Nov/2025:04:33:16 -0800] "GET /?t=00368129355209 HTTP/1.1" 200 3659 "-" "Mozilla/5.0 (Linux; Android 6.0.1; Nexus 5X Build/MMB29P) AppleWebKit/537.36 (KHTML, like Gecko) Chrome/141.0.7390.122 Mobile Safari/537.36 (compatible; Googlebot/2.1; +http://www.google.com/bot.html)" 
114.119.151.82 - - [13/Nov/2025:04:33:28 -0800] "GET /search.php?products/274pf14512 HTTP/1.1" 200 24934 "https://www.stevenfranssen.com/search.php?sitemap394.xml" "Mozilla/5.0 (Linux; Android 7.0;) AppleWebKit/537.36 (KHTML, like Gecko) Mobile Safari/537.36 (compatible; PetalBot;+https://webmaster.petalsearch.com/site/petalbot)" 
192.178.4.103 - - [13/Nov/2025:04:33:55 -0800] "GET /?t=1108511530805 HTTP/1.1" 200 3659 "-" "Mozilla/5.0 (Linux; Android 6.0.1; Nexus 5X Build/MMB29P) AppleWebKit/537.36 (KHTML, like Gecko) Chrome/141.0.7390.122 Mobile Safari/537.36 (compatible; Googlebot/2.1; +http://www.google.com/bot.html)" 
192.178.4.103 - - [13/Nov/2025:04:34:15 -0800] "GET /?t=2130427337200 HTTP/1.1" 200 3659 "-" "Mozilla/5.0 (Linux; Android 6.0.1; Nexus 5X Build/MMB29P) AppleWebKit/537.36 (KHTML, like Gecko) Chrome/141.0.7390.122 Mobile Safari/537.36 (compatible; Googlebot/2.1; +http://www.google.com/bot.html)" 
116.179.32.135 - - [13/Nov/2025:04:34:33 -0800] "GET /the-stallone-flavin-divorce/ HTTP/1.1" 200 3480 "-" "Mozilla/5.0 (compatible; Baiduspider/2.0; +http://www.baidu.com/search/spider.html)" 
114.119.147.181 - - [13/Nov/2025:04:34:46 -0800] "GET /search.php?products/273zv29435 HTTP/1.1" 200 24267 "https://www.stevenfranssen.com/search.php?sitemap394.xml" "Mozilla/5.0 (Linux; Android 7.0;) AppleWebKit/537.36 (KHTML, like Gecko) Mobile Safari/537.36 (compatible; PetalBot;+https://webmaster.petalsearch.com/site/petalbot)" 
192.178.4.103 - - [13/Nov/2025:04:34:54 -0800] "GET /?t=92999110577601 HTTP/1.1" 200 3659 "-" "Mozilla/5.0 (Linux; Android 6.0.1; Nexus 5X Build/MMB29P) AppleWebKit/537.36 (KHTML, like Gecko) Chrome/141.0.7390.122 Mobile Safari/537.36 (compatible; Googlebot/2.1; +http://www.google.com/bot.html)" 
192.178.4.103 - - [13/Nov/2025:04:35:14 -0800] "GET /?t=7653033745300 HTTP/1.1" 200 3659 "-" "Mozilla/5.0 (Linux; Android 6.0.1; Nexus 5X Build/MMB29P) AppleWebKit/537.36 (KHTML, like Gecko) Chrome/141.0.7390.122 Mobile Safari/537.36 (compatible; Googlebot/2.1; +http://www.google.com/bot.html)" 
192.178.4.105 - - [13/Nov/2025:04:35:15 -0800] "GET /?t=44218248289904 HTTP/1.1" 200 3659 "-" "Mozilla/5.0 (Linux; Android 6.0.1; Nexus 5X Build/MMB29P) AppleWebKit/537.36 (KHTML, like Gecko) Chrome/141.0.7390.122 Mobile Safari/537.36 (compatible; Googlebot/2.1; +http://www.google.com/bot.html)" 
192.178.4.103 - - [13/Nov/2025:04:35:16 -0800] "GET /?t=8288677800000 HTTP/1.1" 200 310 "-" "Mozilla/5.0 (Linux; Android 6.0.1; Nexus 5X Build/MMB29P) AppleWebKit/537.36 (KHTML, like Gecko) Chrome/141.0.7390.122 Mobile Safari/537.36 (compatible; Googlebot/2.1; +http://www.google.com/bot.html)" 
51.161.37.102 - - [13/Nov/2025:04:35:49 -0800] "GET /tag/healing/feed/ HTTP/2.0" 200 1217 "-" "Mozilla/5.0 (compatible; AhrefsBot/7.0; +http://ahrefs.com/robot/)" 
114.119.145.137 - - [13/Nov/2025:04:36:10 -0800] "GET /search.php?products/273xw39801 HTTP/1.1" 200 24620 "https://www.stevenfranssen.com/search.php?sitemap394.xml" "Mozilla/5.0 (Linux; Android 7.0;) AppleWebKit/537.36 (KHTML, like Gecko) Mobile Safari/537.36 (compatible; PetalBot;+https://webmaster.petalsearch.com/site/petalbot)" 
192.178.4.104 - - [13/Nov/2025:04:36:33 -0800] "GET /?t=9058765530503 HTTP/1.1" 200 3659 "-" "Mozilla/5.0 (Linux; Android 6.0.1; Nexus 5X Build/MMB29P) AppleWebKit/537.36 (KHTML, like Gecko) Chrome/141.0.7390.122 Mobile Safari/537.36 (compatible; Googlebot/2.1; +http://www.google.com/bot.html)" 
192.178.4.103 - - [13/Nov/2025:04:36:34 -0800] "GET /?t=57072164815006 HTTP/1.1" 200 3659 "-" "Mozilla/5.0 (Linux; Android 6.0.1; Nexus 5X Build/MMB29P) AppleWebKit/537.36 (KHTML, like Gecko) Chrome/141.0.7390.122 Mobile Safari/537.36 (compatible; Googlebot/2.1; +http://www.google.com/bot.html)" 
192.178.4.103 - - [13/Nov/2025:04:36:35 -0800] "GET /?t=8182923086004 HTTP/1.1" 200 310 "-" "Mozilla/5.0 (Linux; Android 6.0.1; Nexus 5X Build/MMB29P) AppleWebKit/537.36 (KHTML, like Gecko) Chrome/141.0.7390.122 Mobile Safari/537.36 (compatible; Googlebot/2.1; +http://www.google.com/bot.html)" 
216.73.216.137 - - [13/Nov/2025:04:36:39 -0800] "GET /search.php HTTP/2.0" 200 21877 "-" "Mozilla/5.0 AppleWebKit/537.36 (KHTML, like Gecko; compatible; ClaudeBot/1.0; +claudebot@anthropic.com)" 
192.178.4.103 - - [13/Nov/2025:04:36:49 -0800] "GET /?t=05899103182502 HTTP/1.1" 200 3659 "-" "Mozilla/5.0 (Linux; Android 6.0.1; Nexus 5X Build/MMB29P) AppleWebKit/537.36 (KHTML, like Gecko) Chrome/141.0.7390.122 Mobile Safari/537.36 (compatible; Googlebot/2.1; +http://www.google.com/bot.html)" 
192.178.4.104 - - [13/Nov/2025:04:37:34 -0800] "GET /?t=9797870368500 HTTP/1.1" 200 3659 "-" "Mozilla/5.0 (Linux; Android 6.0.1; Nexus 5X Build/MMB29P) AppleWebKit/537.36 (KHTML, like Gecko) Chrome/141.0.7390.122 Mobile Safari/537.36 (compatible; Googlebot/2.1; +http://www.google.com/bot.html)" 
114.119.145.42 - - [13/Nov/2025:04:37:35 -0800] "GET /search.php?products/273sw33753 HTTP/1.1" 200 25171 "https://www.stevenfranssen.com/search.php?sitemap394.xml" "Mozilla/5.0 (Linux; Android 7.0;) AppleWebKit/537.36 (KHTML, like Gecko) Mobile Safari/537.36 (compatible; PetalBot;+https://webmaster.petalsearch.com/site/petalbot)" 
103.228.201.221 - - [13/Nov/2025:04:37:36 -0800] "GET /scolding-and-disagreement/ HTTP/2.0" 200 15955 "-" "Mozilla/5.0 (iPhone; CPU iPhone OS 11_0 like Mac OS X) AppleWebKit/537.36 (KHTML, like Gecko) Chrome/40.0.6218.1916 Mobile Safari/537.36" 
192.178.4.103 - - [13/Nov/2025:04:37:53 -0800] "GET /?t=7405485666001 HTTP/1.1" 200 3659 "-" "Mozilla/5.0 (Linux; Android 6.0.1; Nexus 5X Build/MMB29P) AppleWebKit/537.36 (KHTML, like Gecko) Chrome/141.0.7390.122 Mobile Safari/537.36 (compatible; Googlebot/2.1; +http://www.google.com/bot.html)" 
5.102.173.71 - - [13/Nov/2025:04:37:57 -0800] "GET /robots.txt HTTP/1.1" 200 3653 "-" "Mozilla/5.0 (compatible; MojeekBot/0.11; +https://www.mojeek.com/bot.html)" 
5.102.173.71 - - [13/Nov/2025:04:37:57 -0800] "GET /the-dog-pound/ HTTP/1.1" 200 16383 "-" "Mozilla/5.0 (compatible; MojeekBot/0.11; +https://www.mojeek.com/bot.html)" 
216.73.216.137 - - [13/Nov/2025:04:38:26 -0800] "GET / HTTP/2.0" 200 14706 "-" "Mozilla/5.0 AppleWebKit/537.36 (KHTML, like Gecko; compatible; ClaudeBot/1.0; +claudebot@anthropic.com)" 
69.163.187.215 - - [13/Nov/2025:04:38:26 -0800] "POST /wp-cron.php?doing_wp_cron=1763037506.7997820377349853515625 HTTP/1.1" 200 3838 "-" "WordPress/6.8.3; https://www.stevenfranssen.com" 
192.178.4.103 - - [13/Nov/2025:04:38:32 -0800] "GET /?t=70781131027601 HTTP/1.1" 200 3659 "-" "Mozilla/5.0 (Linux; Android 6.0.1; Nexus 5X Build/MMB29P) AppleWebKit/537.36 (KHTML, like Gecko) Chrome/141.0.7390.122 Mobile Safari/537.36 (compatible; Googlebot/2.1; +http://www.google.com/bot.html)" 
192.178.4.103 - - [13/Nov/2025:04:38:33 -0800] "GET /?t=589122090910 HTTP/1.1" 200 310 "-" "Mozilla/5.0 (Linux; Android 6.0.1; Nexus 5X Build/MMB29P) AppleWebKit/537.36 (KHTML, like Gecko) Chrome/141.0.7390.122 Mobile Safari/537.36 (compatible; Googlebot/2.1; +http://www.google.com/bot.html)" 
192.178.4.103 - - [13/Nov/2025:04:38:55 -0800] "GET /?t=1075184672000 HTTP/1.1" 200 3659 "-" "Mozilla/5.0 (Linux; Android 6.0.1; Nexus 5X Build/MMB29P) AppleWebKit/537.36 (KHTML, like Gecko) Chrome/141.0.7390.122 Mobile Safari/537.36 (compatible; Googlebot/2.1; +http://www.google.com/bot.html)" 
114.119.131.151 - - [13/Nov/2025:04:39:00 -0800] "GET /search.php?products/273ku46343 HTTP/1.1" 200 24760 "https://www.stevenfranssen.com/search.php?sitemap394.xml" "Mozilla/5.0 (Linux; Android 7.0;) AppleWebKit/537.36 (KHTML, like Gecko) Mobile Safari/537.36 (compatible; PetalBot;+https://webmaster.petalsearch.com/site/petalbot)" 
192.178.4.104 - - [13/Nov/2025:04:39:18 -0800] "GET /?t=60920112081205 HTTP/1.1" 200 3659 "-" "Mozilla/5.0 (Linux; Android 6.0.1; Nexus 5X Build/MMB29P) AppleWebKit/537.36 (KHTML, like Gecko) Chrome/141.0.7390.122 Mobile Safari/537.36 (compatible; Googlebot/2.1; +http://www.google.com/bot.html)" 
114.119.145.137 - - [13/Nov/2025:04:40:21 -0800] "GET /search.php?products/273jo47449 HTTP/1.1" 200 23852 "https://www.stevenfranssen.com/search.php?sitemap394.xml" "Mozilla/5.0 (Linux; Android 7.0;) AppleWebKit/537.36 (KHTML, like Gecko) Mobile Safari/537.36 (compatible; PetalBot;+https://webmaster.petalsearch.com/site/petalbot)" 
192.178.4.103 - - [13/Nov/2025:04:40:57 -0800] "GET /?t=8198967742705 HTTP/1.1" 200 3659 "-" "Mozilla/5.0 (Linux; Android 6.0.1; Nexus 5X Build/MMB29P) AppleWebKit/537.36 (KHTML, like Gecko) Chrome/141.0.7390.122 Mobile Safari/537.36 (compatible; Googlebot/2.1; +http://www.google.com/bot.html)" 
192.178.4.104 - - [13/Nov/2025:04:41:17 -0800] "GET /?t=07918237851404 HTTP/1.1" 200 3659 "-" "Mozilla/5.0 (Linux; Android 6.0.1; Nexus 5X Build/MMB29P) AppleWebKit/537.36 (KHTML, like Gecko) Chrome/141.0.7390.122 Mobile Safari/537.36 (compatible; Googlebot/2.1; +http://www.google.com/bot.html)" 
192.178.4.104 - - [13/Nov/2025:04:41:18 -0800] "GET /?_gl=1*3hmk2mo*_ga*ppLxWGMshuXhQmCqdIGbyOsKjXMQ*_ga_UURQTKNVX*ixl4XKJTb2hS30CUVuuPaCLhPwEhHSxKHGPMTatbr2rsN6bdE98LIpj.*_gcl_au=1.1.194011963.173265769*_gcl_aw=RNU.171198297.hWV6TXZZutVB05SraLnReS35fqChotPEQJmSpKgVbnWfoHzFsQq6VDVmqprSrf8UEvguU8k2Iy8KUI52XKo74bzjhE..&_gz=2.193256418.196699082.171056420-861316420.163623975&_bdsid=kh3t9t.n~TQBBK.171902985.179310948&_bd_prev_page=https://www.stevenfranssen.com/link.xhtml?eyebrow091001120.html HTTP/1.1" 200 310 "-" "Mozilla/5.0 (Linux; Android 6.0.1; Nexus 5X Build/MMB29P) AppleWebKit/537.36 (KHTML, like Gecko) Chrome/141.0.7390.122 Mobile Safari/537.36 (compatible; Googlebot/2.1; +http://www.google.com/bot.html)" 
207.46.13.141 - - [13/Nov/2025:04:41:29 -0800] "GET /pw/ HTTP/2.0" 200 170 "-" "Mozilla/5.0 AppleWebKit/537.36 (KHTML, like Gecko; compatible; bingbot/2.0; +http://www.bing.com/bingbot.htm) Chrome/116.0.1938.76 Safari/537.36" 
192.178.4.103 - - [13/Nov/2025:04:41:56 -0800] "GET /?t=97211275210100 HTTP/1.1" 200 3659 "-" "Mozilla/5.0 (Linux; Android 6.0.1; Nexus 5X Build/MMB29P) AppleWebKit/537.36 (KHTML, like Gecko) Chrome/141.0.7390.122 Mobile Safari/537.36 (compatible; Googlebot/2.1; +http://www.google.com/bot.html)" 
35.237.139.196 - - [13/Nov/2025:04:41:59 -0800] "GET /tag/trauma/ HTTP/1.0" 200 18455 "-" "ZoominfoBot (zoominfobot at zoominfo dot com)" 
114.119.133.85 - - [13/Nov/2025:04:42:16 -0800] "GET /search.php?products/273dx44863 HTTP/1.1" 200 24666 "https://www.stevenfranssen.com/search.php?sitemap394.xml" "Mozilla/5.0 (Linux; Android 7.0;) AppleWebKit/537.36 (KHTML, like Gecko) Mobile Safari/537.36 (compatible; PetalBot;+https://webmaster.petalsearch.com/site/petalbot)" 
192.178.4.104 - - [13/Nov/2025:04:42:16 -0800] "GET /?t=54891149936700 HTTP/1.1" 200 3659 "-" "Mozilla/5.0 (Linux; Android 6.0.1; Nexus 5X Build/MMB29P) AppleWebKit/537.36 (KHTML, like Gecko) Chrome/141.0.7390.122 Mobile Safari/537.36 (compatible; Googlebot/2.1; +http://www.google.com/bot.html)" 
15.235.96.73 - - [13/Nov/2025:04:42:52 -0800] "GET /tag/artificial-intelligence/feed/ HTTP/2.0" 200 1100 "-" "Mozilla/5.0 (compatible; AhrefsBot/7.0; +http://ahrefs.com/robot/)" 
192.178.4.103 - - [13/Nov/2025:04:42:59 -0800] "GET /?t=6221298655005 HTTP/1.1" 200 3659 "-" "Mozilla/5.0 (Linux; Android 6.0.1; Nexus 5X Build/MMB29P) AppleWebKit/537.36 (KHTML, like Gecko) Chrome/141.0.7390.122 Mobile Safari/537.36 (compatible; Googlebot/2.1; +http://www.google.com/bot.html)" 
114.119.145.137 - - [13/Nov/2025:04:43:09 -0800] "GET /search.php?products/272wu11470 HTTP/1.1" 200 25198 "https://www.stevenfranssen.com/search.php?sitemap394.xml" "Mozilla/5.0 (Linux; Android 7.0;) AppleWebKit/537.36 (KHTML, like Gecko) Mobile Safari/537.36 (compatible; PetalBot;+https://webmaster.petalsearch.com/site/petalbot)" 
192.178.4.103 - - [13/Nov/2025:04:43:19 -0800] "GET /?t=8151874392201 HTTP/1.1" 200 3659 "-" "Mozilla/5.0 (Linux; Android 6.0.1; Nexus 5X Build/MMB29P) AppleWebKit/537.36 (KHTML, like Gecko) Chrome/141.0.7390.122 Mobile Safari/537.36 (compatible; Googlebot/2.1; +http://www.google.com/bot.html)" 
192.178.4.103 - - [13/Nov/2025:04:43:20 -0800] "GET /?t=09886160783506 HTTP/1.1" 200 310 "-" "Mozilla/5.0 (Linux; Android 6.0.1; Nexus 5X Build/MMB29P) AppleWebKit/537.36 (KHTML, like Gecko) Chrome/141.0.7390.122 Mobile Safari/537.36 (compatible; Googlebot/2.1; +http://www.google.com/bot.html)" 
207.46.13.92 - - [13/Nov/2025:04:43:47 -0800] "GET /?t=29005221642100 HTTP/2.0" 200 136 "-" "Mozilla/5.0 AppleWebKit/537.36 (KHTML, like Gecko; compatible; bingbot/2.0; +http://www.bing.com/bingbot.htm) Chrome/116.0.1938.76 Safari/537.36" 
192.178.4.103 - - [13/Nov/2025:04:43:59 -0800] "GET /?t=0977019432901 HTTP/1.1" 200 3659 "-" "Mozilla/5.0 (Linux; Android 6.0.1; Nexus 5X Build/MMB29P) AppleWebKit/537.36 (KHTML, like Gecko) Chrome/141.0.7390.122 Mobile Safari/537.36 (compatible; Googlebot/2.1; +http://www.google.com/bot.html)" 
192.178.4.103 - - [13/Nov/2025:04:44:18 -0800] "GET /?t=12008222651301 HTTP/1.1" 200 3659 "-" "Mozilla/5.0 (Linux; Android 6.0.1; Nexus 5X Build/MMB29P) AppleWebKit/537.36 (KHTML, like Gecko) Chrome/141.0.7390.122 Mobile Safari/537.36 (compatible; Googlebot/2.1; +http://www.google.com/bot.html)" 
192.178.4.105 - - [13/Nov/2025:04:44:19 -0800] "GET /?t=66843232895902 HTTP/1.1" 200 3659 "-" "Mozilla/5.0 (Linux; Android 6.0.1; Nexus 5X Build/MMB29P) AppleWebKit/537.36 (KHTML, like Gecko) Chrome/141.0.7390.122 Mobile Safari/537.36 (compatible; Googlebot/2.1; +http://www.google.com/bot.html)" 
192.178.4.104 - - [13/Nov/2025:04:44:23 -0800] "GET /?t=2981179388100 HTTP/1.1" 200 3659 "-" "Mozilla/5.0 (Linux; Android 6.0.1; Nexus 5X Build/MMB29P) AppleWebKit/537.36 (KHTML, like Gecko) Chrome/141.0.7390.122 Mobile Safari/537.36 (compatible; Googlebot/2.1; +http://www.google.com/bot.html)" 
114.119.145.42 - - [13/Nov/2025:04:44:36 -0800] "GET /search.php?products/272ws22040 HTTP/1.1" 200 24684 "https://www.stevenfranssen.com/search.php?sitemap394.xml" "Mozilla/5.0 (Linux; Android 7.0;) AppleWebKit/537.36 (KHTML, like Gecko) Mobile Safari/537.36 (compatible; PetalBot;+https://webmaster.petalsearch.com/site/petalbot)" 
192.178.4.103 - - [13/Nov/2025:04:44:47 -0800] "GET /?t=15824166195700 HTTP/1.1" 200 3659 "-" "Mozilla/5.0 (Linux; Android 6.0.1; Nexus 5X Build/MMB29P) AppleWebKit/537.36 (KHTML, like Gecko) Chrome/141.0.7390.122 Mobile Safari/537.36 (compatible; Googlebot/2.1; +http://www.google.com/bot.html)" 
