192.178.4.103 - - [13/Nov/2025:06:06:25 -0800] "GET /81727709331.htm HTTP/1.1" 200 3719 "-" "Mozilla/5.0 (Linux; Android 6.0.1; Nexus 5X Build/MMB29P) AppleWebKit/537.36 (KHTML, like Gecko) Chrome/141.0.7390.122 Mobile Safari/537.36 (compatible; Googlebot/2.1; +http://www.google.com/bot.html)" 
59.51.191.18 - - [13/Nov/2025:06:06:34 -0800] "GET /tag/providence/ HTTP/1.1" 200 18258 "-" "Mozilla/5.0 (Macintosh; Intel Mac OS X 10_15_7) AppleWebKit/537.36 (KHTML, like Gecko) Chrome/140.0.0.0 Safari/537.36" 
114.119.145.137 - - [13/Nov/2025:06:06:47 -0800] "GET /search.php?products/261bv36297 HTTP/1.1" 200 25021 "https://www.stevenfranssen.com/search.php?sitemap394.xml" "Mozilla/5.0 (Linux; Android 7.0;) AppleWebKit/537.36 (KHTML, like Gecko) Mobile Safari/537.36 (compatible; PetalBot;+https://webmaster.petalsearch.com/site/petalbot)" 
15.235.96.158 - - [13/Nov/2025:06:06:48 -0800] "GET /tag/obesity/feed/ HTTP/2.0" 200 1090 "-" "Mozilla/5.0 (compatible; AhrefsBot/7.0; +http://ahrefs.com/robot/)" 
192.178.4.105 - - [13/Nov/2025:06:07:56 -0800] "GET /?t=29317274542409 HTTP/1.1" 200 3659 "-" "Mozilla/5.0 (Linux; Android 6.0.1; Nexus 5X Build/MMB29P) AppleWebKit/537.36 (KHTML, like Gecko) Chrome/141.0.7390.122 Mobile Safari/537.36 (compatible; Googlebot/2.1; +http://www.google.com/bot.html)" 
114.119.145.137 - - [13/Nov/2025:06:08:11 -0800] "GET /search.php?products/260vf40176 HTTP/1.1" 200 25774 "https://www.stevenfranssen.com/search.php?sitemap394.xml" "Mozilla/5.0 (Linux; Android 7.0;) AppleWebKit/537.36 (KHTML, like Gecko) Mobile Safari/537.36 (compatible; PetalBot;+https://webmaster.petalsearch.com/site/petalbot)" 
192.178.4.105 - - [13/Nov/2025:06:08:27 -0800] "GET /?t=0931899874003 HTTP/1.1" 200 3659 "-" "Mozilla/5.0 (Linux; Android 6.0.1; Nexus 5X Build/MMB29P) AppleWebKit/537.36 (KHTML, like Gecko) Chrome/141.0.7390.122 Mobile Safari/537.36 (compatible; Googlebot/2.1; +http://www.google.com/bot.html)" 
192.178.4.105 - - [13/Nov/2025:06:08:28 -0800] "GET /?t=970201467800 HTTP/1.1" 200 310 "-" "Mozilla/5.0 (Linux; Android 6.0.1; Nexus 5X Build/MMB29P) AppleWebKit/537.36 (KHTML, like Gecko) Chrome/141.0.7390.122 Mobile Safari/537.36 (compatible; Googlebot/2.1; +http://www.google.com/bot.html)" 
192.178.4.104 - - [13/Nov/2025:06:09:16 -0800] "GET /art/?id=SIMONTOK%20PERKOSA%20TEMAN HTTP/1.1" 200 37034 "-" "Mozilla/5.0 (Linux; Android 6.0.1; Nexus 5X Build/MMB29P) AppleWebKit/537.36 (KHTML, like Gecko) Chrome/141.0.7390.122 Mobile Safari/537.36 (compatible; Googlebot/2.1; +http://www.google.com/bot.html)" 
192.178.4.103 - - [13/Nov/2025:06:09:24 -0800] "GET /000306327799171.html HTTP/1.1" 200 3719 "-" "Mozilla/5.0 (Linux; Android 6.0.1; Nexus 5X Build/MMB29P) AppleWebKit/537.36 (KHTML, like Gecko) Chrome/141.0.7390.122 Mobile Safari/537.36 (compatible; Googlebot/2.1; +http://www.google.com/bot.html)" 
114.119.147.181 - - [13/Nov/2025:06:09:35 -0800] "GET /search.php?products/260qu10482 HTTP/1.1" 200 26268 "https://www.stevenfranssen.com/search.php?sitemap394.xml" "Mozilla/5.0 (Linux; Android 7.0;) AppleWebKit/537.36 (KHTML, like Gecko) Mobile Safari/537.36 (compatible; PetalBot;+https://webmaster.petalsearch.com/site/petalbot)" 
192.178.4.105 - - [13/Nov/2025:06:10:04 -0800] "GET /art/?id=JAV%20STREAMS HTTP/1.1" 200 37015 "-" "Mozilla/5.0 (Linux; Android 6.0.1; Nexus 5X Build/MMB29P) AppleWebKit/537.36 (KHTML, like Gecko) Chrome/141.0.7390.122 Mobile Safari/537.36 (compatible; Googlebot/2.1; +http://www.google.com/bot.html)" 
52.167.144.166 - - [13/Nov/2025:06:10:12 -0800] "GET /page/2/ HTTP/2.0" 200 170 "-" "Mozilla/5.0 AppleWebKit/537.36 (KHTML, like Gecko; compatible; bingbot/2.0; +http://www.bing.com/bingbot.htm) Chrome/116.0.1938.76 Safari/537.36" 
173.252.70.5 - - [13/Nov/2025:06:10:30 -0800] "GET /robots.txt HTTP/2.0" 301 367 "-" "facebookexternalhit/1.1 (+http://www.facebook.com/externalhit_uatext.php)" 
173.252.70.5 - - [13/Nov/2025:06:10:30 -0800] "GET /robots.txt HTTP/2.0" 206 612 "-" "facebookexternalhit/1.1 (+http://www.facebook.com/externalhit_uatext.php)" 
192.178.4.103 - - [13/Nov/2025:06:10:52 -0800] "GET /art/?id=FILM%20SEMI%20POLOS HTTP/1.1" 200 37015 "-" "Mozilla/5.0 (Linux; Android 6.0.1; Nexus 5X Build/MMB29P) AppleWebKit/537.36 (KHTML, like Gecko) Chrome/141.0.7390.122 Mobile Safari/537.36 (compatible; Googlebot/2.1; +http://www.google.com/bot.html)" 
114.119.152.149 - - [13/Nov/2025:06:10:58 -0800] "GET /search.php?products/260oe20512 HTTP/1.1" 200 24970 "https://www.stevenfranssen.com/search.php?sitemap394.xml" "Mozilla/5.0 (Linux; Android 7.0;) AppleWebKit/537.36 (KHTML, like Gecko) Mobile Safari/537.36 (compatible; PetalBot;+https://webmaster.petalsearch.com/site/petalbot)" 
192.178.4.104 - - [13/Nov/2025:06:11:43 -0800] "GET /art/?id=KENTUNG303%20ONLINE HTTP/1.1" 200 37040 "-" "Mozilla/5.0 (Linux; Android 6.0.1; Nexus 5X Build/MMB29P) AppleWebKit/537.36 (KHTML, like Gecko) Chrome/141.0.7390.122 Mobile Safari/537.36 (compatible; Googlebot/2.1; +http://www.google.com/bot.html)" 
192.178.4.103 - - [13/Nov/2025:06:11:45 -0800] "GET /art/?id=FILM%20SEMI%20IDLIXlicenses/standard HTTP/1.1" 404 3642 "-" "Mozilla/5.0 (Linux; Android 6.0.1; Nexus 5X Build/MMB29P) AppleWebKit/537.36 (KHTML, like Gecko) Chrome/141.0.7390.122 Mobile Safari/537.36 (compatible; Googlebot/2.1; +http://www.google.com/bot.html)" 
220.181.108.111 - - [13/Nov/2025:06:11:55 -0800] "GET /the-main-ways-people-maintain-comfort/ HTTP/1.1" 429 3594 "-" "Mozilla/5.0 (compatible; Baiduspider/2.0; +http://www.baidu.com/search/spider.html)" 
119.249.100.49 - - [13/Nov/2025:06:11:56 -0800] "GET /the-main-ways-people-maintain-comfort/ HTTP/1.1" 200 21568 "-" "Mozilla/5.0 (Windows NT 10.0; WOW64) AppleWebKit/537.36 (KHTML, like Gecko) Chrome/48.0.2564.116 Safari/537.36" 
114.119.152.149 - - [13/Nov/2025:06:12:28 -0800] "GET /search.php?products/260lu16190 HTTP/1.1" 200 24767 "https://www.stevenfranssen.com/search.php?sitemap394.xml" "Mozilla/5.0 (Linux; Android 7.0;) AppleWebKit/537.36 (KHTML, like Gecko) Mobile Safari/537.36 (compatible; PetalBot;+https://webmaster.petalsearch.com/site/petalbot)" 
192.178.4.105 - - [13/Nov/2025:06:12:29 -0800] "GET /art/?id=MEGA%20WHEEL%20INDONESIA HTTP/1.1" 200 37069 "-" "Mozilla/5.0 (Linux; Android 6.0.1; Nexus 5X Build/MMB29P) AppleWebKit/537.36 (KHTML, like Gecko) Chrome/141.0.7390.122 Mobile Safari/537.36 (compatible; Googlebot/2.1; +http://www.google.com/bot.html)" 
192.178.4.105 - - [13/Nov/2025:06:13:05 -0800] "GET /?t=0830642980 HTTP/1.1" 200 3659 "-" "Mozilla/5.0 (Linux; Android 6.0.1; Nexus 5X Build/MMB29P) AppleWebKit/537.36 (KHTML, like Gecko) Chrome/141.0.7390.122 Mobile Safari/537.36 (compatible; Googlebot/2.1; +http://www.google.com/bot.html)" 
192.178.4.105 - - [13/Nov/2025:06:13:06 -0800] "GET /?t=2199624774600 HTTP/1.1" 200 310 "-" "Mozilla/5.0 (Linux; Android 6.0.1; Nexus 5X Build/MMB29P) AppleWebKit/537.36 (KHTML, like Gecko) Chrome/141.0.7390.122 Mobile Safari/537.36 (compatible; Googlebot/2.1; +http://www.google.com/bot.html)" 
192.178.4.103 - - [13/Nov/2025:06:13:07 -0800] "GET /?t=8300913427400 HTTP/1.1" 200 3659 "-" "Mozilla/5.0 (Linux; Android 6.0.1; Nexus 5X Build/MMB29P) AppleWebKit/537.36 (KHTML, like Gecko) Chrome/141.0.7390.122 Mobile Safari/537.36 (compatible; Googlebot/2.1; +http://www.google.com/bot.html)" 
114.119.145.137 - - [13/Nov/2025:06:13:45 -0800] "GET /search.php?products/260hi16302 HTTP/1.1" 200 24455 "https://www.stevenfranssen.com/search.php?sitemap394.xml" "Mozilla/5.0 (Linux; Android 7.0;) AppleWebKit/537.36 (KHTML, like Gecko) Mobile Safari/537.36 (compatible; PetalBot;+https://webmaster.petalsearch.com/site/petalbot)" 
192.178.4.103 - - [13/Nov/2025:06:13:46 -0800] "GET /art/?id=XNXX%20NGENTOT HTTP/1.1" 200 37014 "-" "Mozilla/5.0 (Linux; Android 6.0.1; Nexus 5X Build/MMB29P) AppleWebKit/537.36 (KHTML, like Gecko) Chrome/141.0.7390.122 Mobile Safari/537.36 (compatible; Googlebot/2.1; +http://www.google.com/bot.html)" 
192.178.4.103 - - [13/Nov/2025:06:13:47 -0800] "GET /?t=5249297763701 HTTP/1.1" 200 310 "-" "Mozilla/5.0 (Linux; Android 6.0.1; Nexus 5X Build/MMB29P) AppleWebKit/537.36 (KHTML, like Gecko) Chrome/141.0.7390.122 Mobile Safari/537.36 (compatible; Googlebot/2.1; +http://www.google.com/bot.html)" 
192.178.4.103 - - [13/Nov/2025:06:13:48 -0800] "GET /?t=41281175172901 HTTP/1.1" 200 310 "-" "Mozilla/5.0 (Linux; Android 6.0.1; Nexus 5X Build/MMB29P) AppleWebKit/537.36 (KHTML, like Gecko) Chrome/141.0.7390.122 Mobile Safari/537.36 (compatible; Googlebot/2.1; +http://www.google.com/bot.html)" 
192.178.4.103 - - [13/Nov/2025:06:14:10 -0800] "GET /art/?id=JAV%20BREAST%20MILK HTTP/1.1" 200 37005 "-" "Mozilla/5.0 (Linux; Android 6.0.1; Nexus 5X Build/MMB29P) AppleWebKit/537.36 (KHTML, like Gecko) Chrome/141.0.7390.122 Mobile Safari/537.36 (compatible; Googlebot/2.1; +http://www.google.com/bot.html)" 
54.39.0.50 - - [13/Nov/2025:06:14:33 -0800] "GET /tag/false-self/feed/ HTTP/2.0" 200 1116 "-" "Mozilla/5.0 (compatible; AhrefsBot/7.0; +http://ahrefs.com/robot/)" 
43.173.180.36 - - [13/Nov/2025:06:14:43 -0800] "GET /tag/real-time-relationships-2/ HTTP/1.1" 200 18443 "-" "Mozilla/5.0 (Windows NT 6.1; Win64; x64) AppleWebKit/537.36 (KHTML, like Gecko) Chrome/126.0.6478.114 Safari/537.36" 
192.178.4.103 - - [13/Nov/2025:06:14:51 -0800] "GET /art/?id=SIMONTOK%20GURU%20VIRAL HTTP/1.1" 200 37008 "-" "Mozilla/5.0 (Linux; Android 6.0.1; Nexus 5X Build/MMB29P) AppleWebKit/537.36 (KHTML, like Gecko) Chrome/141.0.7390.122 Mobile Safari/537.36 (compatible; Googlebot/2.1; +http://www.google.com/bot.html)" 
114.119.131.151 - - [13/Nov/2025:06:15:08 -0800] "GET /search.php?products/260bt23524 HTTP/1.1" 200 25064 "https://www.stevenfranssen.com/search.php?sitemap394.xml" "Mozilla/5.0 (Linux; Android 7.0;) AppleWebKit/537.36 (KHTML, like Gecko) Mobile Safari/537.36 (compatible; PetalBot;+https://webmaster.petalsearch.com/site/petalbot)" 
192.178.4.103 - - [13/Nov/2025:06:15:39 -0800] "GET /art/?id=MINAMI%20AIZAWA HTTP/1.1" 200 36979 "-" "Mozilla/5.0 (Linux; Android 6.0.1; Nexus 5X Build/MMB29P) AppleWebKit/537.36 (KHTML, like Gecko) Chrome/141.0.7390.122 Mobile Safari/537.36 (compatible; Googlebot/2.1; +http://www.google.com/bot.html)" 
216.73.216.137 - - [13/Nov/2025:06:16:34 -0800] "GET /robots.txt HTTP/2.0" 200 319 "-" "Mozilla/5.0 AppleWebKit/537.36 (KHTML, like Gecko; compatible; ClaudeBot/1.0; +claudebot@anthropic.com)" 
216.73.216.137 - - [13/Nov/2025:06:16:34 -0800] "GET / HTTP/2.0" 200 14654 "-" "Mozilla/5.0 AppleWebKit/537.36 (KHTML, like Gecko; compatible; ClaudeBot/1.0; +claudebot@anthropic.com)" 
114.119.145.137 - - [13/Nov/2025:06:16:38 -0800] "GET /search.php?products/25zv35945 HTTP/1.1" 200 24927 "https://www.stevenfranssen.com/search.php?sitemap394.xml" "Mozilla/5.0 (Linux; Android 7.0;) AppleWebKit/537.36 (KHTML, like Gecko) Mobile Safari/537.36 (compatible; PetalBot;+https://webmaster.petalsearch.com/site/petalbot)" 
192.178.4.104 - - [13/Nov/2025:06:17:15 -0800] "GET /art/?id=BOKEP%20BARATlicenses/standard HTTP/1.1" 404 3642 "-" "Mozilla/5.0 (Linux; Android 6.0.1; Nexus 5X Build/MMB29P) AppleWebKit/537.36 (KHTML, like Gecko) Chrome/141.0.7390.122 Mobile Safari/537.36 (compatible; Googlebot/2.1; +http://www.google.com/bot.html)" 
52.167.144.23 - - [13/Nov/2025:06:17:27 -0800] "GET /?t=99410110743702 HTTP/2.0" 200 134 "-" "Mozilla/5.0 AppleWebKit/537.36 (KHTML, like Gecko; compatible; bingbot/2.0; +http://www.bing.com/bingbot.htm) Chrome/116.0.1938.76 Safari/537.36" 
192.178.4.103 - - [13/Nov/2025:06:17:49 -0800] "GET /product/grain50?c=g&l=144 HTTP/1.1" 200 3719 "-" "Mozilla/5.0 (Linux; Android 6.0.1; Nexus 5X Build/MMB29P) AppleWebKit/537.36 (KHTML, like Gecko) Chrome/141.0.7390.122 Mobile Safari/537.36 (compatible; Googlebot/2.1; +http://www.google.com/bot.html)" 
192.178.4.103 - - [13/Nov/2025:06:17:50 -0800] "GET /?t=71612197177700 HTTP/1.1" 200 310 "-" "Mozilla/5.0 (Linux; Android 6.0.1; Nexus 5X Build/MMB29P) AppleWebKit/537.36 (KHTML, like Gecko) Chrome/141.0.7390.122 Mobile Safari/537.36 (compatible; Googlebot/2.1; +http://www.google.com/bot.html)" 
114.119.133.85 - - [13/Nov/2025:06:17:55 -0800] "GET /search.php?products/25wr37033 HTTP/1.1" 200 24339 "https://www.stevenfranssen.com/search.php?sitemap394.xml" "Mozilla/5.0 (Linux; Android 7.0;) AppleWebKit/537.36 (KHTML, like Gecko) Mobile Safari/537.36 (compatible; PetalBot;+https://webmaster.petalsearch.com/site/petalbot)" 
192.178.4.104 - - [13/Nov/2025:06:18:03 -0800] "GET /?t=12210254499406 HTTP/1.1" 200 3659 "-" "Mozilla/5.0 (Linux; Android 6.0.1; Nexus 5X Build/MMB29P) AppleWebKit/537.36 (KHTML, like Gecko) Chrome/141.0.7390.122 Mobile Safari/537.36 (compatible; Googlebot/2.1; +http://www.google.com/bot.html)" 
192.178.4.103 - - [13/Nov/2025:06:18:51 -0800] "GET /?t=93137154371901 HTTP/1.1" 200 3659 "-" "Mozilla/5.0 (Linux; Android 6.0.1; Nexus 5X Build/MMB29P) AppleWebKit/537.36 (KHTML, like Gecko) Chrome/141.0.7390.122 Mobile Safari/537.36 (compatible; Googlebot/2.1; +http://www.google.com/bot.html)" 
114.119.131.151 - - [13/Nov/2025:06:19:19 -0800] "GET /search.php?products/259rw28889 HTTP/1.1" 200 24844 "https://www.stevenfranssen.com/search.php?sitemap394.xml" "Mozilla/5.0 (Linux; Android 7.0;) AppleWebKit/537.36 (KHTML, like Gecko) Mobile Safari/537.36 (compatible; PetalBot;+https://webmaster.petalsearch.com/site/petalbot)" 
192.178.4.103 - - [13/Nov/2025:06:19:39 -0800] "GET /?t=61972218312903 HTTP/1.1" 200 3659 "-" "Mozilla/5.0 (Linux; Android 6.0.1; Nexus 5X Build/MMB29P) AppleWebKit/537.36 (KHTML, like Gecko) Chrome/141.0.7390.122 Mobile Safari/537.36 (compatible; Googlebot/2.1; +http://www.google.com/bot.html)" 
192.178.4.104 - - [13/Nov/2025:06:20:27 -0800] "GET /?t=2910770644003 HTTP/1.1" 200 3659 "-" "Mozilla/5.0 (Linux; Android 6.0.1; Nexus 5X Build/MMB29P) AppleWebKit/537.36 (KHTML, like Gecko) Chrome/141.0.7390.122 Mobile Safari/537.36 (compatible; Googlebot/2.1; +http://www.google.com/bot.html)" 
114.119.152.149 - - [13/Nov/2025:06:20:44 -0800] "GET /search.php?products/259kh49235 HTTP/1.1" 200 24801 "https://www.stevenfranssen.com/search.php?sitemap394.xml" "Mozilla/5.0 (Linux; Android 7.0;) AppleWebKit/537.36 (KHTML, like Gecko) Mobile Safari/537.36 (compatible; PetalBot;+https://webmaster.petalsearch.com/site/petalbot)" 
202.46.63.60 - - [13/Nov/2025:06:21:03 -0800] "GET /coaching/ HTTP/1.1" 429 3594 "-" "Mozilla/5.0 (Windows NT 10.0; Win64; x64) AppleWebKit/537.36 (KHTML, like Gecko) Chrome/133.0.6943.141 Safari/537.36" 
202.46.63.63 - - [13/Nov/2025:06:21:06 -0800] "GET /coaching/ HTTP/1.1" 429 3811 "-" "Mozilla/5.0 (Windows NT 6.2; WOW64) AppleWebKit/537.36 (KHTML, like Gecko) Chrome/86.0.4240.198 Safari/537.36" 
192.178.4.105 - - [13/Nov/2025:06:21:14 -0800] "GET /?t=01421133371000 HTTP/1.1" 200 3659 "-" "Mozilla/5.0 (Linux; Android 6.0.1; Nexus 5X Build/MMB29P) AppleWebKit/537.36 (KHTML, like Gecko) Chrome/141.0.7390.122 Mobile Safari/537.36 (compatible; Googlebot/2.1; +http://www.google.com/bot.html)" 
176.31.139.1 - - [13/Nov/2025:06:21:55 -0800] "GET /robots.txt HTTP/2.0" 200 318 "-" "Mozilla/5.0 (compatible; AhrefsBot/7.0; +http://ahrefs.com/robot/)" 
51.222.95.138 - - [13/Nov/2025:06:22:03 -0800] "GET /tag/forgiveness/feed/ HTTP/2.0" 200 1057 "-" "Mozilla/5.0 (compatible; AhrefsBot/7.0; +http://ahrefs.com/robot/)" 
114.119.131.151 - - [13/Nov/2025:06:22:08 -0800] "GET /search.php?products/259jz43785 HTTP/1.1" 200 25108 "https://www.stevenfranssen.com/search.php?sitemap394.xml" "Mozilla/5.0 (Linux; Android 7.0;) AppleWebKit/537.36 (KHTML, like Gecko) Mobile Safari/537.36 (compatible; PetalBot;+https://webmaster.petalsearch.com/site/petalbot)" 
192.178.4.104 - - [13/Nov/2025:06:22:26 -0800] "GET /?t=00097229166701 HTTP/1.1" 200 3659 "-" "Mozilla/5.0 (Linux; Android 6.0.1; Nexus 5X Build/MMB29P) AppleWebKit/537.36 (KHTML, like Gecko) Chrome/141.0.7390.122 Mobile Safari/537.36 (compatible; Googlebot/2.1; +http://www.google.com/bot.html)" 
192.178.4.104 - - [13/Nov/2025:06:22:50 -0800] "GET /?t=56323146647200 HTTP/1.1" 200 3659 "-" "Mozilla/5.0 (Linux; Android 6.0.1; Nexus 5X Build/MMB29P) AppleWebKit/537.36 (KHTML, like Gecko) Chrome/141.0.7390.122 Mobile Safari/537.36 (compatible; Googlebot/2.1; +http://www.google.com/bot.html)" 
43.173.181.226 - - [13/Nov/2025:06:23:27 -0800] "GET /tag/dejection/ HTTP/1.1" 200 18428 "-" "Mozilla/5.0 (Windows NT 6.1; Win64; x64) AppleWebKit/537.36 (KHTML, like Gecko) Chrome/126.0.6478.114 Safari/537.36" 
114.119.133.85 - - [13/Nov/2025:06:23:30 -0800] "GET /search.php?products/259bc41443 HTTP/1.1" 200 25113 "https://www.stevenfranssen.com/search.php?sitemap394.xml" "Mozilla/5.0 (Linux; Android 7.0;) AppleWebKit/537.36 (KHTML, like Gecko) Mobile Safari/537.36 (compatible; PetalBot;+https://webmaster.petalsearch.com/site/petalbot)" 
43.173.175.222 - - [13/Nov/2025:06:23:36 -0800] "GET /tag/company-culture/ HTTP/1.1" 200 18246 "-" "Mozilla/5.0 (Windows NT 6.1; Win64; x64) AppleWebKit/537.36 (KHTML, like Gecko) Chrome/126.0.6478.114 Safari/537.36" 
192.178.4.105 - - [13/Nov/2025:06:23:37 -0800] "GET /?t=6799466841000 HTTP/1.1" 200 3659 "-" "Mozilla/5.0 (Linux; Android 6.0.1; Nexus 5X Build/MMB29P) AppleWebKit/537.36 (KHTML, like Gecko) Chrome/141.0.7390.122 Mobile Safari/537.36 (compatible; Googlebot/2.1; +http://www.google.com/bot.html)" 
192.178.4.103 - - [13/Nov/2025:06:23:39 -0800] "GET /?t=17803283976700 HTTP/1.1" 200 3659 "-" "Mozilla/5.0 (Linux; Android 6.0.1; Nexus 5X Build/MMB29P) AppleWebKit/537.36 (KHTML, like Gecko) Chrome/141.0.7390.122 Mobile Safari/537.36 (compatible; Googlebot/2.1; +http://www.google.com/bot.html)" 
57.141.6.15 - - [13/Nov/2025:06:24:19 -0800] "GET /SiteMap.aspx HTTP/2.0" 301 369 "-" "meta-externalagent/1.1 (+https://developers.facebook.com/docs/sharing/webmasters/crawler)" 
192.178.4.103 - - [13/Nov/2025:06:24:28 -0800] "GET /?t=44719165624016 HTTP/1.1" 200 3659 "-" "Mozilla/5.0 (Linux; Android 6.0.1; Nexus 5X Build/MMB29P) AppleWebKit/537.36 (KHTML, like Gecko) Chrome/141.0.7390.122 Mobile Safari/537.36 (compatible; Googlebot/2.1; +http://www.google.com/bot.html)" 
114.119.147.181 - - [13/Nov/2025:06:24:54 -0800] "GET /search.php?products/258zh36640 HTTP/1.1" 200 25378 "https://www.stevenfranssen.com/search.php?sitemap394.xml" "Mozilla/5.0 (Linux; Android 7.0;) AppleWebKit/537.36 (KHTML, like Gecko) Mobile Safari/537.36 (compatible; PetalBot;+https://webmaster.petalsearch.com/site/petalbot)" 
192.178.4.105 - - [13/Nov/2025:06:25:25 -0800] "GET /art/?id=ROULETTE%20E%20GAMESlicenses/standard HTTP/1.1" 404 3642 "-" "Mozilla/5.0 (Linux; Android 6.0.1; Nexus 5X Build/MMB29P) AppleWebKit/537.36 (KHTML, like Gecko) Chrome/141.0.7390.122 Mobile Safari/537.36 (compatible; Googlebot/2.1; +http://www.google.com/bot.html)" 
192.178.4.103 - - [13/Nov/2025:06:25:27 -0800] "GET /?t=0611466381300 HTTP/1.1" 200 3659 "-" "Mozilla/5.0 (Linux; Android 6.0.1; Nexus 5X Build/MMB29P) AppleWebKit/537.36 (KHTML, like Gecko) Chrome/141.0.7390.122 Mobile Safari/537.36 (compatible; Googlebot/2.1; +http://www.google.com/bot.html)" 
192.178.4.105 - - [13/Nov/2025:06:25:28 -0800] "GET /?t=6912219707006 HTTP/1.1" 200 310 "-" "Mozilla/5.0 (Linux; Android 6.0.1; Nexus 5X Build/MMB29P) AppleWebKit/537.36 (KHTML, like Gecko) Chrome/141.0.7390.122 Mobile Safari/537.36 (compatible; Googlebot/2.1; +http://www.google.com/bot.html)" 
192.178.4.105 - - [13/Nov/2025:06:26:03 -0800] "GET /?t=81469268846800 HTTP/1.1" 200 3659 "-" "Mozilla/5.0 (Linux; Android 6.0.1; Nexus 5X Build/MMB29P) AppleWebKit/537.36 (KHTML, like Gecko) Chrome/141.0.7390.122 Mobile Safari/537.36 (compatible; Googlebot/2.1; +http://www.google.com/bot.html)" 
114.119.152.149 - - [13/Nov/2025:06:26:21 -0800] "GET /search.php?products/258zg2812 HTTP/1.1" 200 24708 "https://www.stevenfranssen.com/search.php?sitemap394.xml" "Mozilla/5.0 (Linux; Android 7.0;) AppleWebKit/537.36 (KHTML, like Gecko) Mobile Safari/537.36 (compatible; PetalBot;+https://webmaster.petalsearch.com/site/petalbot)" 
45.78.207.253 - - [13/Nov/2025:06:26:35 -0800] "GET /when-a-young-man-remains-unaffirmed/ HTTP/1.1" 200 20131 "-" "Mozilla/5.0 (Macintosh; Intel Mac OS X 10_15_7) AppleWebKit/605.1.15 (KHTML, like Gecko) Version/18.0 Safari/605.1.15" 
192.178.4.103 - - [13/Nov/2025:06:26:54 -0800] "GET /?t=8870992620200 HTTP/1.1" 200 3659 "-" "Mozilla/5.0 (Linux; Android 6.0.1; Nexus 5X Build/MMB29P) AppleWebKit/537.36 (KHTML, like Gecko) Chrome/141.0.7390.122 Mobile Safari/537.36 (compatible; Googlebot/2.1; +http://www.google.com/bot.html)" 
114.119.145.42 - - [13/Nov/2025:06:27:46 -0800] "GET /search.php?products/258rv39030 HTTP/1.1" 200 25617 "https://www.stevenfranssen.com/search.php?sitemap394.xml" "Mozilla/5.0 (Linux; Android 7.0;) AppleWebKit/537.36 (KHTML, like Gecko) Mobile Safari/537.36 (compatible; PetalBot;+https://webmaster.petalsearch.com/site/petalbot)" 
192.178.4.104 - - [13/Nov/2025:06:28:05 -0800] "GET /?t=19184136422007 HTTP/1.1" 200 3659 "-" "Mozilla/5.0 (Linux; Android 6.0.1; Nexus 5X Build/MMB29P) AppleWebKit/537.36 (KHTML, like Gecko) Chrome/141.0.7390.122 Mobile Safari/537.36 (compatible; Googlebot/2.1; +http://www.google.com/bot.html)" 
192.178.4.105 - - [13/Nov/2025:06:28:06 -0800] "GET /?t=72269102729001 HTTP/1.1" 200 3659 "-" "Mozilla/5.0 (Linux; Android 6.0.1; Nexus 5X Build/MMB29P) AppleWebKit/537.36 (KHTML, like Gecko) Chrome/141.0.7390.122 Mobile Safari/537.36 (compatible; Googlebot/2.1; +http://www.google.com/bot.html)" 
192.178.4.105 - - [13/Nov/2025:06:28:07 -0800] "GET /?t=2529975504001 HTTP/1.1" 200 310 "-" "Mozilla/5.0 (Linux; Android 6.0.1; Nexus 5X Build/MMB29P) AppleWebKit/537.36 (KHTML, like Gecko) Chrome/141.0.7390.122 Mobile Safari/537.36 (compatible; Googlebot/2.1; +http://www.google.com/bot.html)" 
192.178.4.104 - - [13/Nov/2025:06:28:08 -0800] "GET /?t=40747114920001 HTTP/1.1" 200 310 "-" "Mozilla/5.0 (Linux; Android 6.0.1; Nexus 5X Build/MMB29P) AppleWebKit/537.36 (KHTML, like Gecko) Chrome/141.0.7390.122 Mobile Safari/537.36 (compatible; Googlebot/2.1; +http://www.google.com/bot.html)" 
192.178.4.104 - - [13/Nov/2025:06:28:29 -0800] "GET /?t=84997130308306 HTTP/1.1" 200 3659 "-" "Mozilla/5.0 (Linux; Android 6.0.1; Nexus 5X Build/MMB29P) AppleWebKit/537.36 (KHTML, like Gecko) Chrome/141.0.7390.122 Mobile Safari/537.36 (compatible; Googlebot/2.1; +http://www.google.com/bot.html)" 
114.119.147.181 - - [13/Nov/2025:06:29:04 -0800] "GET /search.php?products/258fg35138 HTTP/1.1" 200 24651 "https://www.stevenfranssen.com/search.php?sitemap394.xml" "Mozilla/5.0 (Linux; Android 7.0;) AppleWebKit/537.36 (KHTML, like Gecko) Mobile Safari/537.36 (compatible; PetalBot;+https://webmaster.petalsearch.com/site/petalbot)" 
192.178.4.103 - - [13/Nov/2025:06:29:13 -0800] "GET /?t=719427790705 HTTP/1.1" 200 3659 "-" "Mozilla/5.0 (Linux; Android 6.0.1; Nexus 5X Build/MMB29P) AppleWebKit/537.36 (KHTML, like Gecko) Chrome/141.0.7390.122 Mobile Safari/537.36 (compatible; Googlebot/2.1; +http://www.google.com/bot.html)" 
43.173.179.247 - - [13/Nov/2025:06:29:19 -0800] "GET /tag/conscience/ HTTP/1.1" 200 18464 "-" "Mozilla/5.0 (Windows NT 6.1; Win64; x64) AppleWebKit/537.36 (KHTML, like Gecko) Chrome/126.0.6478.114 Safari/537.36" 
142.44.220.241 - - [13/Nov/2025:06:29:33 -0800] "GET /tag/robotics/feed/ HTTP/2.0" 200 1099 "-" "Mozilla/5.0 (compatible; AhrefsBot/7.0; +http://ahrefs.com/robot/)" 
192.178.4.103 - - [13/Nov/2025:06:30:03 -0800] "GET /?t=8714092337204 HTTP/1.1" 200 3659 "-" "Mozilla/5.0 (Linux; Android 6.0.1; Nexus 5X Build/MMB29P) AppleWebKit/537.36 (KHTML, like Gecko) Chrome/141.0.7390.122 Mobile Safari/537.36 (compatible; Googlebot/2.1; +http://www.google.com/bot.html)" 
220.181.108.92 - - [13/Nov/2025:06:30:10 -0800] "GET /tag/settling/ HTTP/1.1" 429 3594 "-" "Mozilla/5.0 (compatible; Baiduspider/2.0; +http://www.baidu.com/search/spider.html)" 
159.26.103.79 - - [13/Nov/2025:06:30:22 -0800] "GET /feed/ HTTP/2.0" 200 1910 "-" "SpaceCowboys Android RSS Reader / 2.16.0(3842)" 
114.119.147.181 - - [13/Nov/2025:06:30:28 -0800] "GET /search.php?products/257pn38577 HTTP/1.1" 200 24603 "https://www.stevenfranssen.com/search.php?sitemap394.xml" "Mozilla/5.0 (Linux; Android 7.0;) AppleWebKit/537.36 (KHTML, like Gecko) Mobile Safari/537.36 (compatible; PetalBot;+https://webmaster.petalsearch.com/site/petalbot)" 
216.73.216.137 - - [13/Nov/2025:06:30:45 -0800] "GET / HTTP/2.0" 200 14708 "-" "Mozilla/5.0 AppleWebKit/537.36 (KHTML, like Gecko; compatible; ClaudeBot/1.0; +claudebot@anthropic.com)" 
192.178.4.103 - - [13/Nov/2025:06:31:06 -0800] "GET /?t=7027254235802 HTTP/1.1" 200 3659 "-" "Mozilla/5.0 (Linux; Android 6.0.1; Nexus 5X Build/MMB29P) AppleWebKit/537.36 (KHTML, like Gecko) Chrome/141.0.7390.122 Mobile Safari/537.36 (compatible; Googlebot/2.1; +http://www.google.com/bot.html)" 
192.178.4.103 - - [13/Nov/2025:06:31:38 -0800] "GET /?t=71702159163401 HTTP/1.1" 200 3659 "-" "Mozilla/5.0 (Linux; Android 6.0.1; Nexus 5X Build/MMB29P) AppleWebKit/537.36 (KHTML, like Gecko) Chrome/141.0.7390.122 Mobile Safari/537.36 (compatible; Googlebot/2.1; +http://www.google.com/bot.html)" 
192.178.4.103 - - [13/Nov/2025:06:31:39 -0800] "GET /product/transaction98?c=g&l=64 HTTP/1.1" 200 370 "-" "Mozilla/5.0 (Linux; Android 6.0.1; Nexus 5X Build/MMB29P) AppleWebKit/537.36 (KHTML, like Gecko) Chrome/141.0.7390.122 Mobile Safari/537.36 (compatible; Googlebot/2.1; +http://www.google.com/bot.html)" 
114.119.131.151 - - [13/Nov/2025:06:31:52 -0800] "GET /search.php?products/257ny34263 HTTP/1.1" 200 25118 "https://www.stevenfranssen.com/search.php?sitemap394.xml" "Mozilla/5.0 (Linux; Android 7.0;) AppleWebKit/537.36 (KHTML, like Gecko) Mobile Safari/537.36 (compatible; PetalBot;+https://webmaster.petalsearch.com/site/petalbot)" 
192.178.4.105 - - [13/Nov/2025:06:32:39 -0800] "GET /?t=71793215530901 HTTP/1.1" 200 3659 "-" "Mozilla/5.0 (Linux; Android 6.0.1; Nexus 5X Build/MMB29P) AppleWebKit/537.36 (KHTML, like Gecko) Chrome/141.0.7390.122 Mobile Safari/537.36 (compatible; Googlebot/2.1; +http://www.google.com/bot.html)" 
114.119.133.85 - - [13/Nov/2025:06:33:16 -0800] "GET /search.php?products/257hz40047 HTTP/1.1" 200 24953 "https://www.stevenfranssen.com/search.php?sitemap394.xml" "Mozilla/5.0 (Linux; Android 7.0;) AppleWebKit/537.36 (KHTML, like Gecko) Mobile Safari/537.36 (compatible; PetalBot;+https://webmaster.petalsearch.com/site/petalbot)" 
192.178.4.103 - - [13/Nov/2025:06:33:40 -0800] "GET /?t=1786898200901 HTTP/1.1" 200 18408 "-" "Mozilla/5.0 (Linux; Android 6.0.1; Nexus 5X Build/MMB29P) AppleWebKit/537.36 (KHTML, like Gecko) Chrome/141.0.7390.122 Mobile Safari/537.36 (compatible; Googlebot/2.1; +http://www.google.com/bot.html)" 
192.178.4.104 - - [13/Nov/2025:06:33:43 -0800] "GET /wp-includes/js/dist/script-modules/interactivity/index.min.js?ver=55aebb6e0a16726baffb HTTP/1.1" 200 18041 "-" "Mozilla/5.0 (Linux; Android 6.0.1; Nexus 5X Build/MMB29P) AppleWebKit/537.36 (KHTML, like Gecko) Chrome/141.0.7390.122 Mobile Safari/537.36 (compatible; Googlebot/2.1; +http://www.google.com/bot.html)" 
192.178.4.105 - - [13/Nov/2025:06:34:11 -0800] "GET /?t=08620250549602 HTTP/1.1" 200 3659 "-" "Mozilla/5.0 (Linux; Android 6.0.1; Nexus 5X Build/MMB29P) AppleWebKit/537.36 (KHTML, like Gecko) Chrome/141.0.7390.122 Mobile Safari/537.36 (compatible; Googlebot/2.1; +http://www.google.com/bot.html)" 
114.119.145.137 - - [13/Nov/2025:06:34:40 -0800] "GET /search.php?products/257bj35681 HTTP/1.1" 200 24707 "https://www.stevenfranssen.com/search.php?sitemap394.xml" "Mozilla/5.0 (Linux; Android 7.0;) AppleWebKit/537.36 (KHTML, like Gecko) Mobile Safari/537.36 (compatible; PetalBot;+https://webmaster.petalsearch.com/site/petalbot)" 
192.178.4.103 - - [13/Nov/2025:06:34:42 -0800] "GET /product/hazard68?c=g&l=124 HTTP/1.1" 200 3719 "-" "Mozilla/5.0 (Linux; Android 6.0.1; Nexus 5X Build/MMB29P) AppleWebKit/537.36 (KHTML, like Gecko) Chrome/141.0.7390.122 Mobile Safari/537.36 (compatible; Googlebot/2.1; +http://www.google.com/bot.html)" 
216.73.216.137 - - [13/Nov/2025:06:34:48 -0800] "GET /search.php HTTP/2.0" 200 21848 "-" "Mozilla/5.0 AppleWebKit/537.36 (KHTML, like Gecko; compatible; ClaudeBot/1.0; +claudebot@anthropic.com)" 
178.128.211.155 - - [13/Nov/2025:06:35:09 -0800] "GET /wp-login.php HTTP/1.1" 200 8910 "-" "-" 
192.178.4.104 - - [13/Nov/2025:06:35:12 -0800] "GET /?t=0609388558802 HTTP/1.1" 200 3659 "-" "Mozilla/5.0 (Linux; Android 6.0.1; Nexus 5X Build/MMB29P) AppleWebKit/537.36 (KHTML, like Gecko) Chrome/141.0.7390.122 Mobile Safari/537.36 (compatible; Googlebot/2.1; +http://www.google.com/bot.html)" 
192.178.4.103 - - [13/Nov/2025:06:35:45 -0800] "GET /?t=09197191245904 HTTP/1.1" 200 3659 "-" "Mozilla/5.0 (Linux; Android 6.0.1; Nexus 5X Build/MMB29P) AppleWebKit/537.36 (KHTML, like Gecko) Chrome/141.0.7390.122 Mobile Safari/537.36 (compatible; Googlebot/2.1; +http://www.google.com/bot.html)" 
114.119.147.181 - - [13/Nov/2025:06:36:03 -0800] "GET /search.php?products/257ab2613 HTTP/1.1" 200 24918 "https://www.stevenfranssen.com/search.php?sitemap394.xml" "Mozilla/5.0 (Linux; Android 7.0;) AppleWebKit/537.36 (KHTML, like Gecko) Mobile Safari/537.36 (compatible; PetalBot;+https://webmaster.petalsearch.com/site/petalbot)" 
220.181.51.120 - - [13/Nov/2025:06:36:04 -0800] "GET /tag/settling/ HTTP/1.1" 429 3595 "-" "Mozilla/5.0 (Windows NT 10.0; WOW64) AppleWebKit/537.36 (KHTML, like Gecko) Chrome/48.0.2564.116 Safari/537.36" 
192.178.4.103 - - [13/Nov/2025:06:36:50 -0800] "GET /?t=31971149722401 HTTP/1.1" 200 3659 "-" "Mozilla/5.0 (Linux; Android 6.0.1; Nexus 5X Build/MMB29P) AppleWebKit/537.36 (KHTML, like Gecko) Chrome/141.0.7390.122 Mobile Safari/537.36 (compatible; Googlebot/2.1; +http://www.google.com/bot.html)" 
220.181.51.85 - - [13/Nov/2025:06:36:52 -0800] "GET /tag/settling/ HTTP/1.1" 429 3594 "-" "Mozilla/5.0 (Windows NT 10.0; WOW64) AppleWebKit/537.36 (KHTML, like Gecko) Chrome/48.0.2564.116 Safari/537.36" 
51.222.168.143 - - [13/Nov/2025:06:37:17 -0800] "GET /tag/explanation/feed/ HTTP/2.0" 200 1110 "-" "Mozilla/5.0 (compatible; AhrefsBot/7.0; +http://ahrefs.com/robot/)" 
192.178.4.103 - - [13/Nov/2025:06:37:21 -0800] "GET /?t=8201822753501 HTTP/1.1" 200 3659 "-" "Mozilla/5.0 (Linux; Android 6.0.1; Nexus 5X Build/MMB29P) AppleWebKit/537.36 (KHTML, like Gecko) Chrome/141.0.7390.122 Mobile Safari/537.36 (compatible; Googlebot/2.1; +http://www.google.com/bot.html)" 
192.178.4.103 - - [13/Nov/2025:06:37:22 -0800] "GET /?t=8109674322900 HTTP/1.1" 200 310 "-" "Mozilla/5.0 (Linux; Android 6.0.1; Nexus 5X Build/MMB29P) AppleWebKit/537.36 (KHTML, like Gecko) Chrome/141.0.7390.122 Mobile Safari/537.36 (compatible; Googlebot/2.1; +http://www.google.com/bot.html)" 
114.119.151.82 - - [13/Nov/2025:06:37:27 -0800] "GET /search.php?products/256yn37762 HTTP/1.1" 200 25424 "https://www.stevenfranssen.com/search.php?sitemap394.xml" "Mozilla/5.0 (Linux; Android 7.0;) AppleWebKit/537.36 (KHTML, like Gecko) Mobile Safari/537.36 (compatible; PetalBot;+https://webmaster.petalsearch.com/site/petalbot)" 
192.178.4.103 - - [13/Nov/2025:06:37:54 -0800] "GET /?t=98242158521410 HTTP/1.1" 200 3659 "-" "Mozilla/5.0 (Linux; Android 6.0.1; Nexus 5X Build/MMB29P) AppleWebKit/537.36 (KHTML, like Gecko) Chrome/141.0.7390.122 Mobile Safari/537.36 (compatible; Googlebot/2.1; +http://www.google.com/bot.html)" 
220.181.51.88 - - [13/Nov/2025:06:38:05 -0800] "GET /tag/settling/ HTTP/1.1" 429 3594 "-" "Mozilla/5.0 (Windows NT 10.0; WOW64) AppleWebKit/537.36 (KHTML, like Gecko) Chrome/48.0.2564.116 Safari/537.36" 
192.178.4.103 - - [13/Nov/2025:06:38:25 -0800] "GET /?t=21272291281302 HTTP/1.1" 200 3659 "-" "Mozilla/5.0 (Linux; Android 6.0.1; Nexus 5X Build/MMB29P) AppleWebKit/537.36 (KHTML, like Gecko) Chrome/141.0.7390.122 Mobile Safari/537.36 (compatible; Googlebot/2.1; +http://www.google.com/bot.html)" 
114.119.152.149 - - [13/Nov/2025:06:38:50 -0800] "GET /search.php?products/256qn21042 HTTP/1.1" 200 24952 "https://www.stevenfranssen.com/search.php?sitemap394.xml" "Mozilla/5.0 (Linux; Android 7.0;) AppleWebKit/537.36 (KHTML, like Gecko) Mobile Safari/537.36 (compatible; PetalBot;+https://webmaster.petalsearch.com/site/petalbot)" 
192.178.4.103 - - [13/Nov/2025:06:39:50 -0800] "GET /art/?id=ASIAN%20SEX%20DIARY HTTP/1.1" 200 37009 "-" "Mozilla/5.0 (Linux; Android 6.0.1; Nexus 5X Build/MMB29P) AppleWebKit/537.36 (KHTML, like Gecko) Chrome/141.0.7390.122 Mobile Safari/537.36 (compatible; Googlebot/2.1; +http://www.google.com/bot.html)" 
114.119.152.149 - - [13/Nov/2025:06:40:13 -0800] "GET /search.php?products/256np38814 HTTP/1.1" 200 25099 "https://www.stevenfranssen.com/search.php?sitemap394.xml" "Mozilla/5.0 (Linux; Android 7.0;) AppleWebKit/537.36 (KHTML, like Gecko) Mobile Safari/537.36 (compatible; PetalBot;+https://webmaster.petalsearch.com/site/petalbot)" 
192.178.4.104 - - [13/Nov/2025:06:40:22 -0800] "GET /?t=203347300104 HTTP/1.1" 200 3659 "-" "Mozilla/5.0 (Linux; Android 6.0.1; Nexus 5X Build/MMB29P) AppleWebKit/537.36 (KHTML, like Gecko) Chrome/141.0.7390.122 Mobile Safari/537.36 (compatible; Googlebot/2.1; +http://www.google.com/bot.html)" 
192.178.4.103 - - [13/Nov/2025:06:40:54 -0800] "GET /art/?id=SPADE%20GAMING%20TEMBAK%20IKAN%20ONLINE HTTP/1.1" 200 37153 "-" "Mozilla/5.0 (Linux; Android 6.0.1; Nexus 5X Build/MMB29P) AppleWebKit/537.36 (KHTML, like Gecko) Chrome/141.0.7390.122 Mobile Safari/537.36 (compatible; Googlebot/2.1; +http://www.google.com/bot.html)" 
192.178.4.104 - - [13/Nov/2025:06:41:25 -0800] "GET /art/?id=HORSE188%20LOGIN HTTP/1.1" 200 36995 "-" "Mozilla/5.0 (Linux; Android 6.0.1; Nexus 5X Build/MMB29P) AppleWebKit/537.36 (KHTML, like Gecko) Chrome/141.0.7390.122 Mobile Safari/537.36 (compatible; Googlebot/2.1; +http://www.google.com/bot.html)" 
114.119.131.151 - - [13/Nov/2025:06:41:37 -0800] "GET /search.php?products/256me8546 HTTP/1.1" 200 24504 "https://www.stevenfranssen.com/search.php?sitemap394.xml" "Mozilla/5.0 (Linux; Android 7.0;) AppleWebKit/537.36 (KHTML, like Gecko) Mobile Safari/537.36 (compatible; PetalBot;+https://webmaster.petalsearch.com/site/petalbot)" 
192.178.4.104 - - [13/Nov/2025:06:42:00 -0800] "GET /art/?id=AZUMI%20MIZUSHINA HTTP/1.1" 200 37010 "-" "Mozilla/5.0 (Linux; Android 6.0.1; Nexus 5X Build/MMB29P) AppleWebKit/537.36 (KHTML, like Gecko) Chrome/141.0.7390.122 Mobile Safari/537.36 (compatible; Googlebot/2.1; +http://www.google.com/bot.html)" 
114.119.131.151 - - [13/Nov/2025:06:43:02 -0800] "GET /search.php?products/256hw44528 HTTP/1.1" 200 25181 "https://www.stevenfranssen.com/search.php?sitemap394.xml" "Mozilla/5.0 (Linux; Android 7.0;) AppleWebKit/537.36 (KHTML, like Gecko) Mobile Safari/537.36 (compatible; PetalBot;+https://webmaster.petalsearch.com/site/petalbot)" 
192.178.4.105 - - [13/Nov/2025:06:43:04 -0800] "GET /art/?id=FILM%20SEMI%20REKOMEN HTTP/1.1" 200 36990 "-" "Mozilla/5.0 (Linux; Android 6.0.1; Nexus 5X Build/MMB29P) AppleWebKit/537.36 (KHTML, like Gecko) Chrome/141.0.7390.122 Mobile Safari/537.36 (compatible; Googlebot/2.1; +http://www.google.com/bot.html)" 
192.178.4.104 - - [13/Nov/2025:06:43:06 -0800] "GET /?t=800409854909 HTTP/1.1" 200 3659 "-" "Mozilla/5.0 (Linux; Android 6.0.1; Nexus 5X Build/MMB29P) AppleWebKit/537.36 (KHTML, like Gecko) Chrome/141.0.7390.122 Mobile Safari/537.36 (compatible; Googlebot/2.1; +http://www.google.com/bot.html)" 
216.73.216.137 - - [13/Nov/2025:06:43:31 -0800] "GET / HTTP/2.0" 200 14708 "-" "Mozilla/5.0 AppleWebKit/537.36 (KHTML, like Gecko; compatible; ClaudeBot/1.0; +claudebot@anthropic.com)" 
69.163.187.215 - - [13/Nov/2025:06:43:32 -0800] "POST /wp-cron.php?doing_wp_cron=1763045011.9479019641876220703125 HTTP/1.1" 200 3838 "-" "WordPress/6.8.3; https://www.stevenfranssen.com" 
192.178.4.103 - - [13/Nov/2025:06:43:37 -0800] "GET /art/?id=JAV%20YUA HTTP/1.1" 200 36969 "-" "Mozilla/5.0 (Linux; Android 6.0.1; Nexus 5X Build/MMB29P) AppleWebKit/537.36 (KHTML, like Gecko) Chrome/141.0.7390.122 Mobile Safari/537.36 (compatible; Googlebot/2.1; +http://www.google.com/bot.html)" 
114.119.145.137 - - [13/Nov/2025:06:44:25 -0800] "GET /search.php?products/255ys49797 HTTP/1.1" 200 25355 "https://www.stevenfranssen.com/search.php?sitemap394.xml" "Mozilla/5.0 (Linux; Android 7.0;) AppleWebKit/537.36 (KHTML, like Gecko) Mobile Safari/537.36 (compatible; PetalBot;+https://webmaster.petalsearch.com/site/petalbot)" 
192.178.4.104 - - [13/Nov/2025:06:44:40 -0800] "GET /art/?id=FILM%20KERAJAAN%20SEMI HTTP/1.1" 200 37002 "-" "Mozilla/5.0 (Linux; Android 6.0.1; Nexus 5X Build/MMB29P) AppleWebKit/537.36 (KHTML, like Gecko) Chrome/141.0.7390.122 Mobile Safari/537.36 (compatible; Googlebot/2.1; +http://www.google.com/bot.html)" 
59.54.177.157 - - [13/Nov/2025:06:44:40 -0800] "GET /contact/ HTTP/1.1" 200 17824 "http://www.stevenfranssen.com" "Mozilla/4.0 (compatible; MSIE 6.0; Windows NT 5.1; SV1; GTB6; .NET CLR 2.0.50727; CIBA;)" 
59.54.177.157 - - [13/Nov/2025:06:44:40 -0800] "GET /about/ HTTP/1.1" 200 18651 "http://www.stevenfranssen.com" "Mozilla/4.0 (compatible; MSIE 6.0; Windows NT 5.1; SV1; GTB6; .NET CLR 2.0.50727; CIBA;)" 
116.179.32.47 - - [13/Nov/2025:06:44:40 -0800] "GET /tag/ye/ HTTP/1.1" 200 18067 "-" "Mozilla/5.0 (compatible; Baiduspider/2.0; +http://www.baidu.com/search/spider.html)" 
59.54.177.157 - - [13/Nov/2025:06:44:40 -0800] "GET /tag/first-feedback/ HTTP/1.1" 200 18435 "http://www.stevenfranssen.com" "Mozilla/4.0 (compatible; MSIE 6.0; Windows NT 5.1; SV1; GTB6; .NET CLR 2.0.50727; CIBA;)" 
59.54.177.157 - - [13/Nov/2025:06:44:41 -0800] "GET /people-who-cut-themselves-down/ HTTP/1.1" 200 16947 "http://www.stevenfranssen.com" "Mozilla/4.0 (compatible; MSIE 6.0; Windows NT 5.1; SV1; GTB6; .NET CLR 2.0.50727; CIBA;)" 
59.54.177.157 - - [13/Nov/2025:06:44:41 -0800] "GET /tag/relationships/ HTTP/1.1" 200 15936 "http://www.stevenfranssen.com" "Mozilla/4.0 (compatible; MSIE 6.0; Windows NT 5.1; SV1; GTB6; .NET CLR 2.0.50727; CIBA;)" 
51.222.168.207 - - [13/Nov/2025:06:44:47 -0800] "GET /tag/asia/feed/ HTTP/2.0" 200 1097 "-" "Mozilla/5.0 (compatible; AhrefsBot/7.0; +http://ahrefs.com/robot/)" 
192.178.4.103 - - [13/Nov/2025:06:45:10 -0800] "GET /art/?id=TEMBAK%20IKAN%20SPADE%20GAMINGhc/en-us/articles/41383541904281-Envato-Market-Terms HTTP/1.1" 404 3642 "-" "Mozilla/5.0 (Linux; Android 6.0.1; Nexus 5X Build/MMB29P) AppleWebKit/537.36 (KHTML, like Gecko) Chrome/141.0.7390.122 Mobile Safari/537.36 (compatible; Googlebot/2.1; +http://www.google.com/bot.html)" 
207.90.194.254 - - [13/Nov/2025:06:45:37 -0800] "GET /feed/ HTTP/2.0" 200 1911 "-" "Mozilla/5.0 (compatible; Miniflux/2.2.14; +https://miniflux.app)" 
192.178.4.103 - - [13/Nov/2025:06:45:41 -0800] "GET /art/?id=FILM%20SEMI%20PERANCIS HTTP/1.1" 200 37016 "-" "Mozilla/5.0 (Linux; Android 6.0.1; Nexus 5X Build/MMB29P) AppleWebKit/537.36 (KHTML, like Gecko) Chrome/141.0.7390.122 Mobile Safari/537.36 (compatible; Googlebot/2.1; +http://www.google.com/bot.html)" 
114.119.151.82 - - [13/Nov/2025:06:45:53 -0800] "GET /search.php?products/255uw44401 HTTP/1.1" 200 25751 "https://www.stevenfranssen.com/search.php?sitemap394.xml" "Mozilla/5.0 (Linux; Android 7.0;) AppleWebKit/537.36 (KHTML, like Gecko) Mobile Safari/537.36 (compatible; PetalBot;+https://webmaster.petalsearch.com/site/petalbot)" 
192.178.4.105 - - [13/Nov/2025:06:46:11 -0800] "GET /art/?id=TRAMADOL338%20LOGIN HTTP/1.1" 200 36992 "-" "Mozilla/5.0 (Linux; Android 6.0.1; Nexus 5X Build/MMB29P) AppleWebKit/537.36 (KHTML, like Gecko) Chrome/141.0.7390.122 Mobile Safari/537.36 (compatible; Googlebot/2.1; +http://www.google.com/bot.html)" 
192.178.4.105 - - [13/Nov/2025:06:46:12 -0800] "GET /?t=1530894250008 HTTP/1.1" 200 310 "-" "Mozilla/5.0 (Linux; Android 6.0.1; Nexus 5X Build/MMB29P) AppleWebKit/537.36 (KHTML, like Gecko) Chrome/141.0.7390.122 Mobile Safari/537.36 (compatible; Googlebot/2.1; +http://www.google.com/bot.html)" 
192.178.4.103 - - [13/Nov/2025:06:46:49 -0800] "GET /art/?id=XHMASTER%20PERSIA HTTP/1.1" 200 37006 "-" "Mozilla/5.0 (Linux; Android 6.0.1; Nexus 5X Build/MMB29P) AppleWebKit/537.36 (KHTML, like Gecko) Chrome/141.0.7390.122 Mobile Safari/537.36 (compatible; Googlebot/2.1; +http://www.google.com/bot.html)" 
114.119.159.208 - - [13/Nov/2025:06:47:13 -0800] "GET /search.php?products/255tr22997 HTTP/1.1" 200 25539 "https://www.stevenfranssen.com/search.php?sitemap394.xml" "Mozilla/5.0 (Linux; Android 7.0;) AppleWebKit/537.36 (KHTML, like Gecko) Mobile Safari/537.36 (compatible; PetalBot;+https://webmaster.petalsearch.com/site/petalbot)" 
192.178.4.105 - - [13/Nov/2025:06:47:50 -0800] "GET /art/?id=KANA%20KUSAKABE HTTP/1.1" 200 37018 "-" "Mozilla/5.0 (Linux; Android 6.0.1; Nexus 5X Build/MMB29P) AppleWebKit/537.36 (KHTML, like Gecko) Chrome/141.0.7390.122 Mobile Safari/537.36 (compatible; Googlebot/2.1; +http://www.google.com/bot.html)" 
202.46.63.65 - - [13/Nov/2025:06:48:22 -0800] "GET / HTTP/1.1" 429 3594 "-" "Mozilla/5.0 (Windows NT 10.0; Win64; x64) AppleWebKit/537.36 (KHTML, like Gecko) Chrome/133.0.6943.141 Safari/537.36" 
202.46.63.57 - - [13/Nov/2025:06:48:27 -0800] "GET / HTTP/1.1" 429 3786 "-" "Mozilla/5.0 (Windows NT 10.0; Win64; x64) AppleWebKit/537.36 (KHTML, like Gecko) Chrome/107.0.0.0 Safari/537.36" 
114.119.133.85 - - [13/Nov/2025:06:48:37 -0800] "GET /search.php?products/255rr31523 HTTP/1.1" 200 24896 "https://www.stevenfranssen.com/search.php?sitemap394.xml" "Mozilla/5.0 (Linux; Android 7.0;) AppleWebKit/537.36 (KHTML, like Gecko) Mobile Safari/537.36 (compatible; PetalBot;+https://webmaster.petalsearch.com/site/petalbot)" 
40.77.167.0 - - [13/Nov/2025:06:49:07 -0800] "GET /when-a-young-man-remains-unaffirmed/ HTTP/2.0" 200 172 "-" "Mozilla/5.0 AppleWebKit/537.36 (KHTML, like Gecko; compatible; bingbot/2.0; +http://www.bing.com/bingbot.htm) Chrome/116.0.1938.76 Safari/537.36" 
192.178.4.103 - - [13/Nov/2025:06:49:23 -0800] "GET /art/?id=FILM%20SEMI%20TEETHlicenses/standard HTTP/1.1" 404 3642 "-" "Mozilla/5.0 (Linux; Android 6.0.1; Nexus 5X Build/MMB29P) AppleWebKit/537.36 (KHTML, like Gecko) Chrome/141.0.7390.122 Mobile Safari/537.36 (compatible; Googlebot/2.1; +http://www.google.com/bot.html)" 
192.178.4.103 - - [13/Nov/2025:06:49:54 -0800] "GET /?t=89464283403404 HTTP/1.1" 200 3659 "-" "Mozilla/5.0 (Linux; Android 6.0.1; Nexus 5X Build/MMB29P) AppleWebKit/537.36 (KHTML, like Gecko) Chrome/141.0.7390.122 Mobile Safari/537.36 (compatible; Googlebot/2.1; +http://www.google.com/bot.html)" 
192.178.4.103 - - [13/Nov/2025:06:49:59 -0800] "GET /?t=2333565152604 HTTP/1.1" 200 3659 "-" "Mozilla/5.0 (Linux; Android 6.0.1; Nexus 5X Build/MMB29P) AppleWebKit/537.36 (KHTML, like Gecko) Chrome/141.0.7390.122 Mobile Safari/537.36 (compatible; Googlebot/2.1; +http://www.google.com/bot.html)" 
114.119.131.151 - - [13/Nov/2025:06:50:00 -0800] "GET /search.php?products/255ia31557 HTTP/1.1" 200 24959 "https://www.stevenfranssen.com/search.php?sitemap394.xml" "Mozilla/5.0 (Linux; Android 7.0;) AppleWebKit/537.36 (KHTML, like Gecko) Mobile Safari/537.36 (compatible; PetalBot;+https://webmaster.petalsearch.com/site/petalbot)" 
192.178.4.104 - - [13/Nov/2025:06:50:34 -0800] "GET /?t=90111155586600 HTTP/1.1" 200 3659 "-" "Mozilla/5.0 (Linux; Android 6.0.1; Nexus 5X Build/MMB29P) AppleWebKit/537.36 (KHTML, like Gecko) Chrome/141.0.7390.122 Mobile Safari/537.36 (compatible; Googlebot/2.1; +http://www.google.com/bot.html)" 
192.178.4.104 - - [13/Nov/2025:06:50:47 -0800] "GET /?t=89883139400200 HTTP/1.1" 200 3659 "-" "Mozilla/5.0 (Linux; Android 6.0.1; Nexus 5X Build/MMB29P) AppleWebKit/537.36 (KHTML, like Gecko) Chrome/141.0.7390.122 Mobile Safari/537.36 (compatible; Googlebot/2.1; +http://www.google.com/bot.html)" 
52.0.63.151 - - [13/Nov/2025:06:50:57 -0800] "GET /wp-content/uploads/2025/06/Kids-And-Compliments.pdf HTTP/1.1" 200 297047 "-" "Mozilla/5.0 AppleWebKit/537.36 (KHTML, like Gecko; compatible; Amazonbot/0.1; +https://developer.amazon.com/support/amazonbot) Chrome/119.0.6045.214 Safari/537.36" 
114.119.147.181 - - [13/Nov/2025:06:51:24 -0800] "GET /search.php?products/254zg23154 HTTP/1.1" 200 25442 "https://www.stevenfranssen.com/search.php?sitemap394.xml" "Mozilla/5.0 (Linux; Android 7.0;) AppleWebKit/537.36 (KHTML, like Gecko) Mobile Safari/537.36 (compatible; PetalBot;+https://webmaster.petalsearch.com/site/petalbot)" 
192.178.4.103 - - [13/Nov/2025:06:51:34 -0800] "GET /?t=2461325099700 HTTP/1.1" 200 3659 "-" "Mozilla/5.0 (Linux; Android 6.0.1; Nexus 5X Build/MMB29P) AppleWebKit/537.36 (KHTML, like Gecko) Chrome/141.0.7390.122 Mobile Safari/537.36 (compatible; Googlebot/2.1; +http://www.google.com/bot.html)" 
192.178.4.103 - - [13/Nov/2025:06:52:25 -0800] "GET /?t=39865244536803 HTTP/1.1" 200 3659 "-" "Mozilla/5.0 (Linux; Android 6.0.1; Nexus 5X Build/MMB29P) AppleWebKit/537.36 (KHTML, like Gecko) Chrome/141.0.7390.122 Mobile Safari/537.36 (compatible; Googlebot/2.1; +http://www.google.com/bot.html)" 
192.178.4.103 - - [13/Nov/2025:06:52:26 -0800] "GET /?t=07607160428800 HTTP/1.1" 200 310 "-" "Mozilla/5.0 (Linux; Android 6.0.1; Nexus 5X Build/MMB29P) AppleWebKit/537.36 (KHTML, like Gecko) Chrome/141.0.7390.122 Mobile Safari/537.36 (compatible; Googlebot/2.1; +http://www.google.com/bot.html)" 
114.119.145.42 - - [13/Nov/2025:06:52:48 -0800] "GET /search.php?products/254zd29798 HTTP/1.1" 200 25593 "https://www.stevenfranssen.com/search.php?sitemap394.xml" "Mozilla/5.0 (Linux; Android 7.0;) AppleWebKit/537.36 (KHTML, like Gecko) Mobile Safari/537.36 (compatible; PetalBot;+https://webmaster.petalsearch.com/site/petalbot)" 
192.178.4.105 - - [13/Nov/2025:06:53:10 -0800] "GET /?t=1286720490102 HTTP/1.1" 200 3659 "-" "Mozilla/5.0 (Linux; Android 6.0.1; Nexus 5X Build/MMB29P) AppleWebKit/537.36 (KHTML, like Gecko) Chrome/141.0.7390.122 Mobile Safari/537.36 (compatible; Googlebot/2.1; +http://www.google.com/bot.html)" 
192.178.4.103 - - [13/Nov/2025:06:53:58 -0800] "GET /?t=39557279155400 HTTP/1.1" 200 3659 "-" "Mozilla/5.0 (Linux; Android 6.0.1; Nexus 5X Build/MMB29P) AppleWebKit/537.36 (KHTML, like Gecko) Chrome/141.0.7390.122 Mobile Safari/537.36 (compatible; Googlebot/2.1; +http://www.google.com/bot.html)" 
114.119.151.82 - - [13/Nov/2025:06:54:12 -0800] "GET /search.php?products/254yo47466 HTTP/1.1" 200 24849 "https://www.stevenfranssen.com/search.php?sitemap394.xml" "Mozilla/5.0 (Linux; Android 7.0;) AppleWebKit/537.36 (KHTML, like Gecko) Mobile Safari/537.36 (compatible; PetalBot;+https://webmaster.petalsearch.com/site/petalbot)" 
192.178.4.105 - - [13/Nov/2025:06:54:47 -0800] "GET /?t=37978189105601 HTTP/1.1" 200 3659 "-" "Mozilla/5.0 (Linux; Android 6.0.1; Nexus 5X Build/MMB29P) AppleWebKit/537.36 (KHTML, like Gecko) Chrome/141.0.7390.122 Mobile Safari/537.36 (compatible; Googlebot/2.1; +http://www.google.com/bot.html)" 
192.178.4.105 - - [13/Nov/2025:06:55:24 -0800] "GET /?t=042795762307 HTTP/1.1" 200 3659 "-" "Mozilla/5.0 (Linux; Android 6.0.1; Nexus 5X Build/MMB29P) AppleWebKit/537.36 (KHTML, like Gecko) Chrome/141.0.7390.122 Mobile Safari/537.36 (compatible; Googlebot/2.1; +http://www.google.com/bot.html)" 
15.235.96.149 - - [13/Nov/2025:06:55:29 -0800] "GET /?sitemap304.xml HTTP/2.0" 200 135 "-" "Mozilla/5.0 (compatible; AhrefsBot/7.0; +http://ahrefs.com/robot/)" 
192.178.4.103 - - [13/Nov/2025:06:55:34 -0800] "GET /?t=25278111958002 HTTP/1.1" 200 3659 "-" "Mozilla/5.0 (Linux; Android 6.0.1; Nexus 5X Build/MMB29P) AppleWebKit/537.36 (KHTML, like Gecko) Chrome/141.0.7390.122 Mobile Safari/537.36 (compatible; Googlebot/2.1; +http://www.google.com/bot.html)" 
114.119.131.151 - - [13/Nov/2025:06:55:36 -0800] "GET /search.php?products/254xq30276 HTTP/1.1" 200 24888 "https://www.stevenfranssen.com/search.php?sitemap394.xml" "Mozilla/5.0 (Linux; Android 7.0;) AppleWebKit/537.36 (KHTML, like Gecko) Mobile Safari/537.36 (compatible; PetalBot;+https://webmaster.petalsearch.com/site/petalbot)" 
192.178.4.103 - - [13/Nov/2025:06:56:36 -0800] "GET /?t=79197274439201 HTTP/1.1" 200 3659 "-" "Mozilla/5.0 (Linux; Android 6.0.1; Nexus 5X Build/MMB29P) AppleWebKit/537.36 (KHTML, like Gecko) Chrome/141.0.7390.122 Mobile Safari/537.36 (compatible; Googlebot/2.1; +http://www.google.com/bot.html)" 
114.119.131.151 - - [13/Nov/2025:06:56:59 -0800] "GET /search.php?products/254cn7388 HTTP/1.1" 200 25307 "https://www.stevenfranssen.com/search.php?sitemap394.xml" "Mozilla/5.0 (Linux; Android 7.0;) AppleWebKit/537.36 (KHTML, like Gecko) Mobile Safari/537.36 (compatible; PetalBot;+https://webmaster.petalsearch.com/site/petalbot)" 
192.178.4.105 - - [13/Nov/2025:06:57:06 -0800] "GET /?t=96972165934502 HTTP/1.1" 200 3659 "-" "Mozilla/5.0 (Linux; Android 6.0.1; Nexus 5X Build/MMB29P) AppleWebKit/537.36 (KHTML, like Gecko) Chrome/141.0.7390.122 Mobile Safari/537.36 (compatible; Googlebot/2.1; +http://www.google.com/bot.html)" 
116.179.32.133 - - [13/Nov/2025:06:57:29 -0800] "GET /category/news/ HTTP/1.1" 200 3480 "-" "Mozilla/5.0 (compatible; Baiduspider/2.0; +http://www.baidu.com/search/spider.html)" 
192.178.4.103 - - [13/Nov/2025:06:57:37 -0800] "GET /?t=20571106063002 HTTP/1.1" 200 3659 "-" "Mozilla/5.0 (Linux; Android 6.0.1; Nexus 5X Build/MMB29P) AppleWebKit/537.36 (KHTML, like Gecko) Chrome/141.0.7390.122 Mobile Safari/537.36 (compatible; Googlebot/2.1; +http://www.google.com/bot.html)" 
192.178.4.103 - - [13/Nov/2025:06:57:38 -0800] "GET /?t=8181043957005 HTTP/1.1" 200 310 "-" "Mozilla/5.0 (Linux; Android 6.0.1; Nexus 5X Build/MMB29P) AppleWebKit/537.36 (KHTML, like Gecko) Chrome/141.0.7390.122 Mobile Safari/537.36 (compatible; Googlebot/2.1; +http://www.google.com/bot.html)" 
192.178.4.103 - - [13/Nov/2025:06:58:09 -0800] "GET /?t=71592218814904 HTTP/1.1" 200 3659 "-" "Mozilla/5.0 (Linux; Android 6.0.1; Nexus 5X Build/MMB29P) AppleWebKit/537.36 (KHTML, like Gecko) Chrome/141.0.7390.122 Mobile Safari/537.36 (compatible; Googlebot/2.1; +http://www.google.com/bot.html)" 
192.178.4.103 - - [13/Nov/2025:06:58:10 -0800] "GET /?t=18174289128601 HTTP/1.1" 200 310 "-" "Mozilla/5.0 (Linux; Android 6.0.1; Nexus 5X Build/MMB29P) AppleWebKit/537.36 (KHTML, like Gecko) Chrome/141.0.7390.122 Mobile Safari/537.36 (compatible; Googlebot/2.1; +http://www.google.com/bot.html)" 
